{"id":12444,"date":"2022-05-13T16:41:20","date_gmt":"2022-05-13T14:41:20","guid":{"rendered":"https:\/\/www.villeneuve-les-beziers.fr\/?page_id=12444"},"modified":"2024-11-25T17:49:29","modified_gmt":"2024-11-25T16:49:29","slug":"umweltbrigade","status":"publish","type":"page","link":"https:\/\/www.villeneuve-les-beziers.fr\/de\/vie-pratique\/securite\/brigade-environnementale\/","title":{"rendered":"Umweltbrigade"},"content":{"rendered":"<h2 class=\"wp-block-heading\">Vorstellung der Umweltbrigade<\/h2>\n\n\n\n<p class=\"has-text-align-left\">Die allgemeine Aufgabe der Umweltbrigade ist die Pr\u00e4vention und Bek\u00e4mpfung von Unzivilisiertheit, die sich in der Verletzung der \u00f6ffentlichen Gesundheit und des Lebensraums \u00e4u\u00dfert. Die Brigade patrouilliert mehrmals am Tag.\u00a0<\/p>\n\n\n\n<div style=\"height:4em\" aria-hidden=\"true\" class=\"wp-block-spacer\"><\/div>\n\n\n\n<h2 class=\"wp-block-heading\">Die Aufgaben der Brigade<\/h2>\n\n\n\n<div class=\"wp-block-columns are-vertically-aligned-top is-layout-flex wp-container-core-columns-is-layout-28f84493 wp-block-columns-is-layout-flex\">\n<div class=\"wp-block-column is-vertically-aligned-top is-layout-flow wp-block-column-is-layout-flow\">\n<p>Die verschiedenen Aufgaben und Aktionsbereiche der Umweltbrigade sind:<\/p>\n\n\n\n<ul class=\"wp-block-list\">\n<li>L\u00e4rmbel\u00e4stigung<\/li>\n\n\n\n<li>Wilde Ablagerungen<\/li>\n\n\n\n<li>Die Cabanisation<\/li>\n\n\n\n<li>Hundekot 135 Euro<\/li>\n\n\n\n<li>Umweltverschmutzung<\/li>\n\n\n\n<li>Heckenschnitt<\/li>\n<\/ul>\n\n\n\n<p>Die Stadtpolizei und die Umweltbrigade erinnern daran, dass das Verbrennen von Abf\u00e4llen verboten ist.<\/p>\n<\/div>\n\n\n\n<div class=\"wp-block-column is-vertically-aligned-top is-layout-flow wp-block-column-is-layout-flow\">\n<figure class=\"wp-block-image size-full\"><img loading=\"lazy\" decoding=\"async\" width=\"600\" height=\"400\" src=\"https:\/\/www.villeneuve-les-beziers.fr\/wp-content\/uploads\/2022\/05\/Brigade-environnement.jpg\" alt=\"\" class=\"wp-image-11892\" srcset=\"https:\/\/www.villeneuve-les-beziers.fr\/wp-content\/uploads\/2022\/05\/Brigade-environnement.jpg 600w, https:\/\/www.villeneuve-les-beziers.fr\/wp-content\/uploads\/2022\/05\/Brigade-environnement-150x100.jpg 150w, https:\/\/www.villeneuve-les-beziers.fr\/wp-content\/uploads\/2022\/05\/Brigade-environnement-300x200.jpg 300w, https:\/\/www.villeneuve-les-beziers.fr\/wp-content\/uploads\/2022\/05\/Brigade-environnement-391x260.jpg 391w, https:\/\/www.villeneuve-les-beziers.fr\/wp-content\/uploads\/2022\/05\/Brigade-environnement-24x16.jpg 24w, https:\/\/www.villeneuve-les-beziers.fr\/wp-content\/uploads\/2022\/05\/Brigade-environnement-36x24.jpg 36w, https:\/\/www.villeneuve-les-beziers.fr\/wp-content\/uploads\/2022\/05\/Brigade-environnement-48x32.jpg 48w\" sizes=\"auto, (max-width: 600px) 100vw, 600px\" \/><\/figure>\n<\/div>\n<\/div>\n\n\n\n<div style=\"height:4em\" aria-hidden=\"true\" class=\"wp-block-spacer\"><\/div>\n\n\n\n<h2 class=\"wp-block-heading\">Cabanisation<\/h2>\n\n\n\n<div class=\"wp-block-columns are-vertically-aligned-center is-layout-flex wp-container-core-columns-is-layout-28f84493 wp-block-columns-is-layout-flex\">\n<div class=\"wp-block-column is-vertically-aligned-center is-layout-flow wp-block-column-is-layout-flow\">\n<p>Die Cabanisation ist der Bau einer dauerhaften oder provisorischen Unterkunft ohne Stadtplanungsgenehmigung in nicht bebaubaren, landwirtschaftlichen oder nat\u00fcrlichen Gebieten und meist in Gebieten mit \u00dcberschwemmungsrisiko.<\/p>\n\n\n\n<p>Das Departement H\u00e9rault ist stark von diesem Ph\u00e4nomen betroffen, das mehrere Herausforderungen mit sich bringt:<\/p>\n\n\n\n<ul class=\"wp-block-list\">\n<li>soziale, aber auch hygienische und sanit\u00e4re Fragen, wenn die H\u00fctte die Folge des Mangels an bezahlbarem Wohnraum ist<\/li>\n\n\n\n<li>Sicherheitsprobleme aufgrund der h\u00e4ufigeren Exposition der H\u00fcttengebiete gegen\u00fcber Naturgefahren (\u00dcberschwemmungen\/Waldbr\u00e4nde), aber auch aufgrund der Entfernung zu Rettungsdiensten<br>&nbsp;Die Umweltprobleme, aber auch die wirtschaftlichen Probleme wie die Einleitung von unbehandelten Abw\u00e4ssern in die Umwelt, die Beeintr\u00e4chtigung der Landschaft und die Verschlechterung des Images des Departements.<\/li>\n<\/ul>\n<\/div>\n\n\n\n<div class=\"wp-block-column is-vertically-aligned-center is-layout-flow wp-block-column-is-layout-flow\">\n<figure data-wp-context=\"{&quot;imageId&quot;:&quot;69f4168bdaf65&quot;}\" data-wp-interactive=\"core\/image\" data-wp-key=\"69f4168bdaf65\" class=\"wp-block-image wp-lightbox-container\"><img decoding=\"async\" data-wp-class--hide=\"state.isContentHidden\" data-wp-class--show=\"state.isContentVisible\" data-wp-init=\"callbacks.setButtonStyles\" data-wp-on--click=\"actions.showLightbox\" data-wp-on--load=\"callbacks.setButtonStyles\" data-wp-on-window--resize=\"callbacks.setButtonStyles\" src=\"https:\/\/www.villeneuve-les-beziers.fr\/wp-content\/uploads\/2019\/06\/cabanisation.jpg\" alt=\"\"\/><button\n\t\t\tclass=\"lightbox-trigger\"\n\t\t\ttype=\"button\"\n\t\t\taria-haspopup=\"dialog\"\n\t\t\taria-label=\"Vergr\u00f6\u00dfern\"\n\t\t\tdata-wp-init=\"callbacks.initTriggerButton\"\n\t\t\tdata-wp-on--click=\"actions.showLightbox\"\n\t\t\tdata-wp-style--right=\"state.imageButtonRight\"\n\t\t\tdata-wp-style--top=\"state.imageButtonTop\"\n\t\t>\n\t\t\t<svg xmlns=\"http:\/\/www.w3.org\/2000\/svg\" width=\"12\" height=\"12\" fill=\"none\" viewbox=\"0 0 12 12\">\n\t\t\t\t<path fill=\"#fff\" d=\"M2 0a2 2 0 0 0-2 2v2h1.5V2a.5.5 0 0 1 .5-.5h2V0H2Zm2 10.5H2a.5.5 0 0 1-.5-.5V8H0v2a2 2 0 0 0 2 2h2v-1.5ZM8 12v-1.5h2a.5.5 0 0 0 .5-.5V8H12v2a2 2 0 0 1-2 2H8Zm2-12a2 2 0 0 1 2 2v2h-1.5V2a.5.5 0 0 0-.5-.5H8V0h2Z\" \/>\n\t\t\t<\/svg>\n\t\t<\/button><\/figure>\n<\/div>\n<\/div>\n\n\n\n<p>Das Komitee zur Bek\u00e4mpfung der H\u00fctte trifft sich jedes Jahr. Der Pr\u00e4fekt des Departements H\u00e9rault und der Generalstaatsanwalt f\u00fchren gemeinsam den Vorsitz.<\/p>\n\n\n\n<p>Ziel dieses j\u00e4hrlichen Treffens ist es, eine Bilanz der durchgef\u00fchrten Ma\u00dfnahmen und des Fortschritts der geografischen Charta der Gemeinden (darunter Villeneuve-l\u00e8s-B\u00e9ziers) zu ziehen, die sich an der Seite der staatlichen Beh\u00f6rden im Kampf gegen die H\u00fcttenbildung engagieren.<\/p>\n\n\n\n<p>Weitere Informationen finden Sie auf der Website der Pr\u00e4fektur des Departements H\u00e9rault -&gt;.&nbsp;<a href=\"http:\/\/www.herault.gouv.fr\/Actualites\/L-Etat-acteur-dans-le-departement\/comite-de-lutte-contre-la-cabanisation\" target=\"_blank\" rel=\"noopener noreferrer\"><strong>herault.gouv.fr<\/strong><\/a><\/p>\n\n\n\n<div style=\"height:4em\" aria-hidden=\"true\" class=\"wp-block-spacer\"><\/div>\n\n\n\n<h2 class=\"wp-block-heading\">Wilde Deponien<\/h2>\n\n\n\n<div class=\"wp-block-columns are-vertically-aligned-top is-layout-flex wp-container-core-columns-is-layout-28f84493 wp-block-columns-is-layout-flex\">\n<div class=\"wp-block-column is-vertically-aligned-top is-layout-flow wp-block-column-is-layout-flow\">\n<p>Punktueller Ort, der meist das Ergebnis illegaler Abfallentsorgung durch Privatpersonen, Handwerker und Unternehmen ist, um sich kosteng\u00fcnstig ihres Abfalls zu entledigen.&nbsp;<\/p>\n<\/div>\n\n\n\n<div class=\"wp-block-column is-vertically-aligned-top is-layout-flow wp-block-column-is-layout-flow\">\n<figure class=\"wp-block-image size-medium\"><img loading=\"lazy\" decoding=\"async\" width=\"206\" height=\"300\" src=\"https:\/\/www.villeneuve-les-beziers.fr\/wp-content\/uploads\/2022\/06\/Capture-deecran-2022-06-15-aE-15.50.19-1-206x300.png\" alt=\"\" class=\"wp-image-15760\" srcset=\"https:\/\/www.villeneuve-les-beziers.fr\/wp-content\/uploads\/2022\/06\/Capture-deecran-2022-06-15-aE-15.50.19-1-206x300.png 206w, https:\/\/www.villeneuve-les-beziers.fr\/wp-content\/uploads\/2022\/06\/Capture-deecran-2022-06-15-aE-15.50.19-1-704x1024.png 704w, https:\/\/www.villeneuve-les-beziers.fr\/wp-content\/uploads\/2022\/06\/Capture-deecran-2022-06-15-aE-15.50.19-1-768x1118.png 768w, https:\/\/www.villeneuve-les-beziers.fr\/wp-content\/uploads\/2022\/06\/Capture-deecran-2022-06-15-aE-15.50.19-1.png 780w\" sizes=\"auto, (max-width: 206px) 100vw, 206px\" \/><\/figure>\n<\/div>\n<\/div>","protected":false},"excerpt":{"rendered":"<p>Pr\u00e9sentation de la brigade environnement La brigade environnement a pour mission g\u00e9n\u00e9rale la pr\u00e9vention et la lutte contre l\u2019incivisme se manifestant par des atteintes \u00e0 la salubrit\u00e9 publique et au cadre de vie. La brigade patrouille plusieurs fois par jour.\u00a0 Les missions de la brigade Les diff\u00e9rentes missions&nbsp; et domaine d\u2019action de la brigade environnement [&hellip;]<\/p>\n","protected":false},"author":1,"featured_media":11892,"parent":12169,"menu_order":0,"comment_status":"closed","ping_status":"closed","template":"","meta":{"footnotes":""},"class_list":["post-12444","page","type-page","status-publish","has-post-thumbnail","hentry"],"_links":{"self":[{"href":"https:\/\/www.villeneuve-les-beziers.fr\/de\/wp-json\/wp\/v2\/pages\/12444","targetHints":{"allow":["GET"]}}],"collection":[{"href":"https:\/\/www.villeneuve-les-beziers.fr\/de\/wp-json\/wp\/v2\/pages"}],"about":[{"href":"https:\/\/www.villeneuve-les-beziers.fr\/de\/wp-json\/wp\/v2\/types\/page"}],"author":[{"embeddable":true,"href":"https:\/\/www.villeneuve-les-beziers.fr\/de\/wp-json\/wp\/v2\/users\/1"}],"replies":[{"embeddable":true,"href":"https:\/\/www.villeneuve-les-beziers.fr\/de\/wp-json\/wp\/v2\/comments?post=12444"}],"version-history":[{"count":1,"href":"https:\/\/www.villeneuve-les-beziers.fr\/de\/wp-json\/wp\/v2\/pages\/12444\/revisions"}],"predecessor-version":[{"id":19450,"href":"https:\/\/www.villeneuve-les-beziers.fr\/de\/wp-json\/wp\/v2\/pages\/12444\/revisions\/19450"}],"up":[{"embeddable":true,"href":"https:\/\/www.villeneuve-les-beziers.fr\/de\/wp-json\/wp\/v2\/pages\/12169"}],"wp:featuredmedia":[{"embeddable":true,"href":"https:\/\/www.villeneuve-les-beziers.fr\/de\/wp-json\/wp\/v2\/media\/11892"}],"wp:attachment":[{"href":"https:\/\/www.villeneuve-les-beziers.fr\/de\/wp-json\/wp\/v2\/media?parent=12444"}],"curies":[{"name":"wp","href":"https:\/\/api.w.org\/{rel}","templated":true}]}}

<h2 class="wp-block-heading">Vorstellung der Umweltbrigade</h2>



<p class="has-text-align-left">Die allgemeine Aufgabe der Umweltbrigade ist die Prävention und Bekämpfung von Unzivilisiertheit, die sich in der Verletzung der öffentlichen Gesundheit und des Lebensraums äußert. Die Brigade patrouilliert mehrmals am Tag. </p>



<div style="height:4em" aria-hidden="true" class="wp-block-spacer"></div>



<h2 class="wp-block-heading">Die Aufgaben der Brigade</h2>



<div class="wp-block-columns are-vertically-aligned-top is-layout-flex wp-container-core-columns-is-layout-28f84493 wp-block-columns-is-layout-flex">
<div class="wp-block-column is-vertically-aligned-top is-layout-flow wp-block-column-is-layout-flow">
<p>Die verschiedenen Aufgaben und Aktionsbereiche der Umweltbrigade sind:</p>



<ul class="wp-block-list">
<li>Lärmbelästigung</li>



<li>Wilde Ablagerungen</li>



<li>Die Cabanisation</li>



<li>Hundekot 135 Euro</li>



<li>Umweltverschmutzung</li>



<li>Heckenschnitt</li>
</ul>



<p>Die Stadtpolizei und die Umweltbrigade erinnern daran, dass das Verbrennen von Abfällen verboten ist.</p>
</div>



<div class="wp-block-column is-vertically-aligned-top is-layout-flow wp-block-column-is-layout-flow">
<figure class="wp-block-image size-full"><img loading="lazy" decoding="async" width="600" height="400" src="https://www.villeneuve-les-beziers.fr/wp-content/uploads/2022/05/Brigade-environnement.jpg" alt="" class="wp-image-11892" srcset="https://www.villeneuve-les-beziers.fr/wp-content/uploads/2022/05/Brigade-environnement.jpg 600w, https://www.villeneuve-les-beziers.fr/wp-content/uploads/2022/05/Brigade-environnement-150x100.jpg 150w, https://www.villeneuve-les-beziers.fr/wp-content/uploads/2022/05/Brigade-environnement-300x200.jpg 300w, https://www.villeneuve-les-beziers.fr/wp-content/uploads/2022/05/Brigade-environnement-391x260.jpg 391w, https://www.villeneuve-les-beziers.fr/wp-content/uploads/2022/05/Brigade-environnement-24x16.jpg 24w, https://www.villeneuve-les-beziers.fr/wp-content/uploads/2022/05/Brigade-environnement-36x24.jpg 36w, https://www.villeneuve-les-beziers.fr/wp-content/uploads/2022/05/Brigade-environnement-48x32.jpg 48w" sizes="auto, (max-width: 600px) 100vw, 600px" /></figure>
</div>
</div>



<div style="height:4em" aria-hidden="true" class="wp-block-spacer"></div>



<h2 class="wp-block-heading">Cabanisation</h2>



<div class="wp-block-columns are-vertically-aligned-center is-layout-flex wp-container-core-columns-is-layout-28f84493 wp-block-columns-is-layout-flex">
<div class="wp-block-column is-vertically-aligned-center is-layout-flow wp-block-column-is-layout-flow">
<p>Die Cabanisation ist der Bau einer dauerhaften oder provisorischen Unterkunft ohne Stadtplanungsgenehmigung in nicht bebaubaren, landwirtschaftlichen oder natürlichen Gebieten und meist in Gebieten mit Überschwemmungsrisiko.</p>



<p>Das Departement Hérault ist stark von diesem Phänomen betroffen, das mehrere Herausforderungen mit sich bringt:</p>



<ul class="wp-block-list">
<li>soziale, aber auch hygienische und sanitäre Fragen, wenn die Hütte die Folge des Mangels an bezahlbarem Wohnraum ist</li>



<li>Sicherheitsprobleme aufgrund der häufigeren Exposition der Hüttengebiete gegenüber Naturgefahren (Überschwemmungen/Waldbrände), aber auch aufgrund der Entfernung zu Rettungsdiensten<br>&nbsp;Die Umweltprobleme, aber auch die wirtschaftlichen Probleme wie die Einleitung von unbehandelten Abwässern in die Umwelt, die Beeinträchtigung der Landschaft und die Verschlechterung des Images des Departements.</li>
</ul>
</div>



<div class="wp-block-column is-vertically-aligned-center is-layout-flow wp-block-column-is-layout-flow">
<figure data-wp-context="{&quot;imageId&quot;:&quot;69f4168bdaf65&quot;}" data-wp-interactive="core/image" data-wp-key="69f4168bdaf65" class="wp-block-image wp-lightbox-container"><img decoding="async" data-wp-class--hide="state.isContentHidden" data-wp-class--show="state.isContentVisible" data-wp-init="callbacks.setButtonStyles" data-wp-on--click="actions.showLightbox" data-wp-on--load="callbacks.setButtonStyles" data-wp-on-window--resize="callbacks.setButtonStyles" src="https://www.villeneuve-les-beziers.fr/wp-content/uploads/2019/06/cabanisation.jpg" alt=""/><button
			class="lightbox-trigger"
			type="button"
			aria-haspopup="dialog"
			aria-label="Vergrößern"
			data-wp-init="callbacks.initTriggerButton"
			data-wp-on--click="actions.showLightbox"
			data-wp-style--right="state.imageButtonRight"
			data-wp-style--top="state.imageButtonTop"
		>
			<svg xmlns="http://www.w3.org/2000/svg" width="12" height="12" fill="none" viewbox="0 0 12 12">
				<path fill="#fff" d="M2 0a2 2 0 0 0-2 2v2h1.5V2a.5.5 0 0 1 .5-.5h2V0H2Zm2 10.5H2a.5.5 0 0 1-.5-.5V8H0v2a2 2 0 0 0 2 2h2v-1.5ZM8 12v-1.5h2a.5.5 0 0 0 .5-.5V8H12v2a2 2 0 0 1-2 2H8Zm2-12a2 2 0 0 1 2 2v2h-1.5V2a.5.5 0 0 0-.5-.5H8V0h2Z" />
			</svg>
		</button></figure>
</div>
</div>



<p>Das Komitee zur Bekämpfung der Hütte trifft sich jedes Jahr. Der Präfekt des Departements Hérault und der Generalstaatsanwalt führen gemeinsam den Vorsitz.</p>



<p>Ziel dieses jährlichen Treffens ist es, eine Bilanz der durchgeführten Maßnahmen und des Fortschritts der geografischen Charta der Gemeinden (darunter Villeneuve-lès-Béziers) zu ziehen, die sich an der Seite der staatlichen Behörden im Kampf gegen die Hüttenbildung engagieren.</p>



<p>Weitere Informationen finden Sie auf der Website der Präfektur des Departements Hérault -&gt;.&nbsp;<a href="http://www.herault.gouv.fr/Actualites/L-Etat-acteur-dans-le-departement/comite-de-lutte-contre-la-cabanisation" target="_blank" rel="noopener noreferrer"><strong>herault.gouv.fr</strong></a></p>



<div style="height:4em" aria-hidden="true" class="wp-block-spacer"></div>



<h2 class="wp-block-heading">Wilde Deponien</h2>



<div class="wp-block-columns are-vertically-aligned-top is-layout-flex wp-container-core-columns-is-layout-28f84493 wp-block-columns-is-layout-flex">
<div class="wp-block-column is-vertically-aligned-top is-layout-flow wp-block-column-is-layout-flow">
<p>Punktueller Ort, der meist das Ergebnis illegaler Abfallentsorgung durch Privatpersonen, Handwerker und Unternehmen ist, um sich kostengünstig ihres Abfalls zu entledigen.&nbsp;</p>
</div>



<div class="wp-block-column is-vertically-aligned-top is-layout-flow wp-block-column-is-layout-flow">
<figure class="wp-block-image size-medium"><img loading="lazy" decoding="async" width="206" height="300" src="https://www.villeneuve-les-beziers.fr/wp-content/uploads/2022/06/Capture-deecran-2022-06-15-aE-15.50.19-1-206x300.png" alt="" class="wp-image-15760" srcset="https://www.villeneuve-les-beziers.fr/wp-content/uploads/2022/06/Capture-deecran-2022-06-15-aE-15.50.19-1-206x300.png 206w, https://www.villeneuve-les-beziers.fr/wp-content/uploads/2022/06/Capture-deecran-2022-06-15-aE-15.50.19-1-704x1024.png 704w, https://www.villeneuve-les-beziers.fr/wp-content/uploads/2022/06/Capture-deecran-2022-06-15-aE-15.50.19-1-768x1118.png 768w, https://www.villeneuve-les-beziers.fr/wp-content/uploads/2022/06/Capture-deecran-2022-06-15-aE-15.50.19-1.png 780w" sizes="auto, (max-width: 206px) 100vw, 206px" /></figure>
</div>
</div>

<p>Présentation de la brigade environnement La brigade environnement a pour mission générale la prévention et la lutte contre l’incivisme se manifestant par des atteintes à la salubrité publique et au cadre de vie. La brigade patrouille plusieurs fois par jour.  Les missions de la brigade Les différentes missions&nbsp; et domaine d’action de la brigade environnement [&hellip;]</p>
