{"id":2513,"date":"2019-05-13T09:10:28","date_gmt":"2019-05-13T07:10:28","guid":{"rendered":"http:\/\/localhost\/?page_id=2513"},"modified":"2024-11-26T00:48:34","modified_gmt":"2024-11-25T23:48:34","slug":"kirche-saint-etienne","status":"publish","type":"page","link":"https:\/\/www.villeneuve-les-beziers.fr\/de\/decouvrir\/patrimoine\/leglise-saint-etienne\/","title":{"rendered":"Die St.-Stephans-Kirche"},"content":{"rendered":"<p>Die Kirche von Villeneuve-L\u00e8s-B\u00e9ziers, die dem Heiligen Stephanus gewidmet ist, wurde im romanischen Stil erbaut. <\/p>\n\n\n\n<p>Sie wurde im 10. Jahrhundert erbaut. Jahrhundert erbaut. Der erste bekannte Text, der diese Kirche erw\u00e4hnt, stammt aus dem Jahr 1160.<\/p>\n\n\n\n<div class=\"wp-block-columns are-vertically-aligned-center is-layout-flex wp-container-core-columns-is-layout-28f84493 wp-block-columns-is-layout-flex\">\n<div class=\"wp-block-column is-vertically-aligned-center is-layout-flow wp-block-column-is-layout-flow\">\n<figure data-wp-context=\"{&quot;imageId&quot;:&quot;69f15228a3040&quot;}\" data-wp-interactive=\"core\/image\" data-wp-key=\"69f15228a3040\" class=\"wp-block-image size-full wp-lightbox-container\"><img loading=\"lazy\" decoding=\"async\" width=\"533\" height=\"530\" data-wp-class--hide=\"state.isContentHidden\" data-wp-class--show=\"state.isContentVisible\" data-wp-init=\"callbacks.setButtonStyles\" data-wp-on--click=\"actions.showLightbox\" data-wp-on--load=\"callbacks.setButtonStyles\" data-wp-on-window--resize=\"callbacks.setButtonStyles\" src=\"https:\/\/www.villeneuve-les-beziers.fr\/wp-content\/uploads\/2019\/05\/Screenshot_2019-05-10-Villeneuve-l\u00e8s-B\u00e9ziers-villeneuvelesbeziers-\u2022-Photos-et-vid\u00e9os-Instagram-e1557733990661.png\" alt=\"\" class=\"wp-image-2501\"\/><button\n\t\t\tclass=\"lightbox-trigger\"\n\t\t\ttype=\"button\"\n\t\t\taria-haspopup=\"dialog\"\n\t\t\taria-label=\"Vergr\u00f6\u00dfern\"\n\t\t\tdata-wp-init=\"callbacks.initTriggerButton\"\n\t\t\tdata-wp-on--click=\"actions.showLightbox\"\n\t\t\tdata-wp-style--right=\"state.imageButtonRight\"\n\t\t\tdata-wp-style--top=\"state.imageButtonTop\"\n\t\t>\n\t\t\t<svg xmlns=\"http:\/\/www.w3.org\/2000\/svg\" width=\"12\" height=\"12\" fill=\"none\" viewbox=\"0 0 12 12\">\n\t\t\t\t<path fill=\"#fff\" d=\"M2 0a2 2 0 0 0-2 2v2h1.5V2a.5.5 0 0 1 .5-.5h2V0H2Zm2 10.5H2a.5.5 0 0 1-.5-.5V8H0v2a2 2 0 0 0 2 2h2v-1.5ZM8 12v-1.5h2a.5.5 0 0 0 .5-.5V8H12v2a2 2 0 0 1-2 2H8Zm2-12a2 2 0 0 1 2 2v2h-1.5V2a.5.5 0 0 0-.5-.5H8V0h2Z\" \/>\n\t\t\t<\/svg>\n\t\t<\/button><\/figure>\n<\/div>\n\n\n\n<div class=\"wp-block-column is-vertically-aligned-center is-layout-flow wp-block-column-is-layout-flow\">\n<p>Im Laufe der Jahrhunderte und w\u00e4hrend der Religionskriege (16. und 17. Jahrhundert) erlitt es wie das ganze Dorf \"La Cr\u00e9made\" Zerst\u00f6rungen, Br\u00e4nde und Pl\u00fcnderungen.<\/p>\n\n\n\n<p>Das Kirchenschiff wurde in der zweiten H\u00e4lfte des 17. Jahrhunderts auf Wunsch der Konsuln von Villeneuve aufgrund einer Sondersteuer, die vom Parlament von Toulouse genehmigt wurde, wieder aufgebaut.<\/p>\n\n\n\n<p>Die Kirche von Villeneuve wurde 1659 in das Gemeindeverm\u00f6gen aufgenommen und steht auf der Liste der UNESCO. <strong><a style=\"color: #006fa3;\" href=\"http:\/\/www.villeneuve-les-beziers.fr\/wp-content\/uploads\/2019\/05\/34_villeneuve_les_beziers_eglise.pdf\" target=\"_blank\" rel=\"noopener\">das zus\u00e4tzliche Inventar der historischen Monumente<\/a><\/strong> seit dem 11. Oktober 1930.<\/p>\n<\/div>\n<\/div>\n\n\n\n<figure class=\"wp-block-gallery has-nested-images columns-default is-cropped wp-block-gallery-1 is-layout-flex wp-block-gallery-is-layout-flex\">\n<figure data-wp-context=\"{&quot;imageId&quot;:&quot;69f15228a3e90&quot;}\" data-wp-interactive=\"core\/image\" data-wp-key=\"69f15228a3e90\" class=\"wp-block-image size-large wp-lightbox-container\"><img loading=\"lazy\" decoding=\"async\" width=\"1024\" height=\"683\" data-wp-class--hide=\"state.isContentHidden\" data-wp-class--show=\"state.isContentVisible\" data-wp-init=\"callbacks.setButtonStyles\" data-wp-on--click=\"actions.showLightbox\" data-wp-on--load=\"callbacks.setButtonStyles\" data-wp-on-window--resize=\"callbacks.setButtonStyles\" data-id=\"2528\" src=\"https:\/\/www.villeneuve-les-beziers.fr\/wp-content\/uploads\/2019\/05\/eglise-1024x683.jpg\" alt=\"\" class=\"wp-image-2528\" srcset=\"https:\/\/www.villeneuve-les-beziers.fr\/wp-content\/uploads\/2019\/05\/eglise-1024x683.jpg 1024w, https:\/\/www.villeneuve-les-beziers.fr\/wp-content\/uploads\/2019\/05\/eglise-300x200.jpg 300w, https:\/\/www.villeneuve-les-beziers.fr\/wp-content\/uploads\/2019\/05\/eglise-768x512.jpg 768w, https:\/\/www.villeneuve-les-beziers.fr\/wp-content\/uploads\/2019\/05\/eglise.jpg 1440w\" sizes=\"auto, (max-width: 1024px) 100vw, 1024px\" \/><button\n\t\t\tclass=\"lightbox-trigger\"\n\t\t\ttype=\"button\"\n\t\t\taria-haspopup=\"dialog\"\n\t\t\taria-label=\"Vergr\u00f6\u00dfern\"\n\t\t\tdata-wp-init=\"callbacks.initTriggerButton\"\n\t\t\tdata-wp-on--click=\"actions.showLightbox\"\n\t\t\tdata-wp-style--right=\"state.imageButtonRight\"\n\t\t\tdata-wp-style--top=\"state.imageButtonTop\"\n\t\t>\n\t\t\t<svg xmlns=\"http:\/\/www.w3.org\/2000\/svg\" width=\"12\" height=\"12\" fill=\"none\" viewbox=\"0 0 12 12\">\n\t\t\t\t<path fill=\"#fff\" d=\"M2 0a2 2 0 0 0-2 2v2h1.5V2a.5.5 0 0 1 .5-.5h2V0H2Zm2 10.5H2a.5.5 0 0 1-.5-.5V8H0v2a2 2 0 0 0 2 2h2v-1.5ZM8 12v-1.5h2a.5.5 0 0 0 .5-.5V8H12v2a2 2 0 0 1-2 2H8Zm2-12a2 2 0 0 1 2 2v2h-1.5V2a.5.5 0 0 0-.5-.5H8V0h2Z\" \/>\n\t\t\t<\/svg>\n\t\t<\/button><\/figure>\n\n\n\n<figure data-wp-context=\"{&quot;imageId&quot;:&quot;69f15228a4059&quot;}\" data-wp-interactive=\"core\/image\" data-wp-key=\"69f15228a4059\" class=\"wp-block-image size-large wp-lightbox-container\"><img loading=\"lazy\" decoding=\"async\" width=\"1024\" height=\"683\" data-wp-class--hide=\"state.isContentHidden\" data-wp-class--show=\"state.isContentVisible\" data-wp-init=\"callbacks.setButtonStyles\" data-wp-on--click=\"actions.showLightbox\" data-wp-on--load=\"callbacks.setButtonStyles\" data-wp-on-window--resize=\"callbacks.setButtonStyles\" data-id=\"2527\" src=\"https:\/\/www.villeneuve-les-beziers.fr\/wp-content\/uploads\/2019\/05\/eglise2-1024x683.jpg\" alt=\"\" class=\"wp-image-2527\" srcset=\"https:\/\/www.villeneuve-les-beziers.fr\/wp-content\/uploads\/2019\/05\/eglise2-1024x683.jpg 1024w, https:\/\/www.villeneuve-les-beziers.fr\/wp-content\/uploads\/2019\/05\/eglise2-150x100.jpg 150w, https:\/\/www.villeneuve-les-beziers.fr\/wp-content\/uploads\/2019\/05\/eglise2-300x200.jpg 300w, https:\/\/www.villeneuve-les-beziers.fr\/wp-content\/uploads\/2019\/05\/eglise2-768x512.jpg 768w, https:\/\/www.villeneuve-les-beziers.fr\/wp-content\/uploads\/2019\/05\/eglise2.jpg 1440w\" sizes=\"auto, (max-width: 1024px) 100vw, 1024px\" \/><button\n\t\t\tclass=\"lightbox-trigger\"\n\t\t\ttype=\"button\"\n\t\t\taria-haspopup=\"dialog\"\n\t\t\taria-label=\"Vergr\u00f6\u00dfern\"\n\t\t\tdata-wp-init=\"callbacks.initTriggerButton\"\n\t\t\tdata-wp-on--click=\"actions.showLightbox\"\n\t\t\tdata-wp-style--right=\"state.imageButtonRight\"\n\t\t\tdata-wp-style--top=\"state.imageButtonTop\"\n\t\t>\n\t\t\t<svg xmlns=\"http:\/\/www.w3.org\/2000\/svg\" width=\"12\" height=\"12\" fill=\"none\" viewbox=\"0 0 12 12\">\n\t\t\t\t<path fill=\"#fff\" d=\"M2 0a2 2 0 0 0-2 2v2h1.5V2a.5.5 0 0 1 .5-.5h2V0H2Zm2 10.5H2a.5.5 0 0 1-.5-.5V8H0v2a2 2 0 0 0 2 2h2v-1.5ZM8 12v-1.5h2a.5.5 0 0 0 .5-.5V8H12v2a2 2 0 0 1-2 2H8Zm2-12a2 2 0 0 1 2 2v2h-1.5V2a.5.5 0 0 0-.5-.5H8V0h2Z\" \/>\n\t\t\t<\/svg>\n\t\t<\/button><\/figure>\n<\/figure>","protected":false},"excerpt":{"rendered":"<p>L&rsquo;Eglise de Villeneuve-L\u00e8s-B\u00e9ziers, d\u00e9di\u00e9e \u00e0 Saint Etienne, est de conception romane. Elle fut construite au X\u00e8me si\u00e8cle. Le premier texte connu qui \u00e9voque cette \u00e9glise date de 1160. Au cours des si\u00e8cles, et lors des guerres de religions (XVI et XVII \u00e8me si\u00e8cle), elle subit comme tout le village de la \u00ab\u00a0Cr\u00e9made\u00a0\u00bb, destructions, incendies et [&hellip;]<\/p>\n","protected":false},"author":1,"featured_media":2527,"parent":227,"menu_order":0,"comment_status":"closed","ping_status":"closed","template":"","meta":{"footnotes":""},"class_list":["post-2513","page","type-page","status-publish","has-post-thumbnail","hentry"],"_links":{"self":[{"href":"https:\/\/www.villeneuve-les-beziers.fr\/de\/wp-json\/wp\/v2\/pages\/2513","targetHints":{"allow":["GET"]}}],"collection":[{"href":"https:\/\/www.villeneuve-les-beziers.fr\/de\/wp-json\/wp\/v2\/pages"}],"about":[{"href":"https:\/\/www.villeneuve-les-beziers.fr\/de\/wp-json\/wp\/v2\/types\/page"}],"author":[{"embeddable":true,"href":"https:\/\/www.villeneuve-les-beziers.fr\/de\/wp-json\/wp\/v2\/users\/1"}],"replies":[{"embeddable":true,"href":"https:\/\/www.villeneuve-les-beziers.fr\/de\/wp-json\/wp\/v2\/comments?post=2513"}],"version-history":[{"count":2,"href":"https:\/\/www.villeneuve-les-beziers.fr\/de\/wp-json\/wp\/v2\/pages\/2513\/revisions"}],"predecessor-version":[{"id":19509,"href":"https:\/\/www.villeneuve-les-beziers.fr\/de\/wp-json\/wp\/v2\/pages\/2513\/revisions\/19509"}],"up":[{"embeddable":true,"href":"https:\/\/www.villeneuve-les-beziers.fr\/de\/wp-json\/wp\/v2\/pages\/227"}],"wp:featuredmedia":[{"embeddable":true,"href":"https:\/\/www.villeneuve-les-beziers.fr\/de\/wp-json\/wp\/v2\/media\/2527"}],"wp:attachment":[{"href":"https:\/\/www.villeneuve-les-beziers.fr\/de\/wp-json\/wp\/v2\/media?parent=2513"}],"curies":[{"name":"wp","href":"https:\/\/api.w.org\/{rel}","templated":true}]}}

<p>Die Kirche von Villeneuve-Lès-Béziers, die dem Heiligen Stephanus gewidmet ist, wurde im romanischen Stil erbaut. </p>



<p>Sie wurde im 10. Jahrhundert erbaut. Jahrhundert erbaut. Der erste bekannte Text, der diese Kirche erwähnt, stammt aus dem Jahr 1160.</p>



<div class="wp-block-columns are-vertically-aligned-center is-layout-flex wp-container-core-columns-is-layout-28f84493 wp-block-columns-is-layout-flex">
<div class="wp-block-column is-vertically-aligned-center is-layout-flow wp-block-column-is-layout-flow">
<figure data-wp-context="{&quot;imageId&quot;:&quot;69f15228a3040&quot;}" data-wp-interactive="core/image" data-wp-key="69f15228a3040" class="wp-block-image size-full wp-lightbox-container"><img loading="lazy" decoding="async" width="533" height="530" data-wp-class--hide="state.isContentHidden" data-wp-class--show="state.isContentVisible" data-wp-init="callbacks.setButtonStyles" data-wp-on--click="actions.showLightbox" data-wp-on--load="callbacks.setButtonStyles" data-wp-on-window--resize="callbacks.setButtonStyles" src="https://www.villeneuve-les-beziers.fr/wp-content/uploads/2019/05/Screenshot_2019-05-10-Villeneuve-lès-Béziers-villeneuvelesbeziers-•-Photos-et-vidéos-Instagram-e1557733990661.png" alt="" class="wp-image-2501"/><button
			class="lightbox-trigger"
			type="button"
			aria-haspopup="dialog"
			aria-label="Vergrößern"
			data-wp-init="callbacks.initTriggerButton"
			data-wp-on--click="actions.showLightbox"
			data-wp-style--right="state.imageButtonRight"
			data-wp-style--top="state.imageButtonTop"
		>
			<svg xmlns="http://www.w3.org/2000/svg" width="12" height="12" fill="none" viewbox="0 0 12 12">
				<path fill="#fff" d="M2 0a2 2 0 0 0-2 2v2h1.5V2a.5.5 0 0 1 .5-.5h2V0H2Zm2 10.5H2a.5.5 0 0 1-.5-.5V8H0v2a2 2 0 0 0 2 2h2v-1.5ZM8 12v-1.5h2a.5.5 0 0 0 .5-.5V8H12v2a2 2 0 0 1-2 2H8Zm2-12a2 2 0 0 1 2 2v2h-1.5V2a.5.5 0 0 0-.5-.5H8V0h2Z" />
			</svg>
		</button></figure>
</div>



<div class="wp-block-column is-vertically-aligned-center is-layout-flow wp-block-column-is-layout-flow">
<p>Im Laufe der Jahrhunderte und während der Religionskriege (16. und 17. Jahrhundert) erlitt es wie das ganze Dorf "La Crémade" Zerstörungen, Brände und Plünderungen.</p>



<p>Das Kirchenschiff wurde in der zweiten Hälfte des 17. Jahrhunderts auf Wunsch der Konsuln von Villeneuve aufgrund einer Sondersteuer, die vom Parlament von Toulouse genehmigt wurde, wieder aufgebaut.</p>



<p>Die Kirche von Villeneuve wurde 1659 in das Gemeindevermögen aufgenommen und steht auf der Liste der UNESCO. <strong><a style="color: #006fa3;" href="http://www.villeneuve-les-beziers.fr/wp-content/uploads/2019/05/34_villeneuve_les_beziers_eglise.pdf" target="_blank" rel="noopener">das zusätzliche Inventar der historischen Monumente</a></strong> seit dem 11. Oktober 1930.</p>
</div>
</div>



<figure class="wp-block-gallery has-nested-images columns-default is-cropped wp-block-gallery-1 is-layout-flex wp-block-gallery-is-layout-flex">
<figure data-wp-context="{&quot;imageId&quot;:&quot;69f15228a3e90&quot;}" data-wp-interactive="core/image" data-wp-key="69f15228a3e90" class="wp-block-image size-large wp-lightbox-container"><img loading="lazy" decoding="async" width="1024" height="683" data-wp-class--hide="state.isContentHidden" data-wp-class--show="state.isContentVisible" data-wp-init="callbacks.setButtonStyles" data-wp-on--click="actions.showLightbox" data-wp-on--load="callbacks.setButtonStyles" data-wp-on-window--resize="callbacks.setButtonStyles" data-id="2528" src="https://www.villeneuve-les-beziers.fr/wp-content/uploads/2019/05/eglise-1024x683.jpg" alt="" class="wp-image-2528" srcset="https://www.villeneuve-les-beziers.fr/wp-content/uploads/2019/05/eglise-1024x683.jpg 1024w, https://www.villeneuve-les-beziers.fr/wp-content/uploads/2019/05/eglise-300x200.jpg 300w, https://www.villeneuve-les-beziers.fr/wp-content/uploads/2019/05/eglise-768x512.jpg 768w, https://www.villeneuve-les-beziers.fr/wp-content/uploads/2019/05/eglise.jpg 1440w" sizes="auto, (max-width: 1024px) 100vw, 1024px" /><button
			class="lightbox-trigger"
			type="button"
			aria-haspopup="dialog"
			aria-label="Vergrößern"
			data-wp-init="callbacks.initTriggerButton"
			data-wp-on--click="actions.showLightbox"
			data-wp-style--right="state.imageButtonRight"
			data-wp-style--top="state.imageButtonTop"
		>
			<svg xmlns="http://www.w3.org/2000/svg" width="12" height="12" fill="none" viewbox="0 0 12 12">
				<path fill="#fff" d="M2 0a2 2 0 0 0-2 2v2h1.5V2a.5.5 0 0 1 .5-.5h2V0H2Zm2 10.5H2a.5.5 0 0 1-.5-.5V8H0v2a2 2 0 0 0 2 2h2v-1.5ZM8 12v-1.5h2a.5.5 0 0 0 .5-.5V8H12v2a2 2 0 0 1-2 2H8Zm2-12a2 2 0 0 1 2 2v2h-1.5V2a.5.5 0 0 0-.5-.5H8V0h2Z" />
			</svg>
		</button></figure>



<figure data-wp-context="{&quot;imageId&quot;:&quot;69f15228a4059&quot;}" data-wp-interactive="core/image" data-wp-key="69f15228a4059" class="wp-block-image size-large wp-lightbox-container"><img loading="lazy" decoding="async" width="1024" height="683" data-wp-class--hide="state.isContentHidden" data-wp-class--show="state.isContentVisible" data-wp-init="callbacks.setButtonStyles" data-wp-on--click="actions.showLightbox" data-wp-on--load="callbacks.setButtonStyles" data-wp-on-window--resize="callbacks.setButtonStyles" data-id="2527" src="https://www.villeneuve-les-beziers.fr/wp-content/uploads/2019/05/eglise2-1024x683.jpg" alt="" class="wp-image-2527" srcset="https://www.villeneuve-les-beziers.fr/wp-content/uploads/2019/05/eglise2-1024x683.jpg 1024w, https://www.villeneuve-les-beziers.fr/wp-content/uploads/2019/05/eglise2-150x100.jpg 150w, https://www.villeneuve-les-beziers.fr/wp-content/uploads/2019/05/eglise2-300x200.jpg 300w, https://www.villeneuve-les-beziers.fr/wp-content/uploads/2019/05/eglise2-768x512.jpg 768w, https://www.villeneuve-les-beziers.fr/wp-content/uploads/2019/05/eglise2.jpg 1440w" sizes="auto, (max-width: 1024px) 100vw, 1024px" /><button
			class="lightbox-trigger"
			type="button"
			aria-haspopup="dialog"
			aria-label="Vergrößern"
			data-wp-init="callbacks.initTriggerButton"
			data-wp-on--click="actions.showLightbox"
			data-wp-style--right="state.imageButtonRight"
			data-wp-style--top="state.imageButtonTop"
		>
			<svg xmlns="http://www.w3.org/2000/svg" width="12" height="12" fill="none" viewbox="0 0 12 12">
				<path fill="#fff" d="M2 0a2 2 0 0 0-2 2v2h1.5V2a.5.5 0 0 1 .5-.5h2V0H2Zm2 10.5H2a.5.5 0 0 1-.5-.5V8H0v2a2 2 0 0 0 2 2h2v-1.5ZM8 12v-1.5h2a.5.5 0 0 0 .5-.5V8H12v2a2 2 0 0 1-2 2H8Zm2-12a2 2 0 0 1 2 2v2h-1.5V2a.5.5 0 0 0-.5-.5H8V0h2Z" />
			</svg>
		</button></figure>
</figure>

<p>L&rsquo;Eglise de Villeneuve-Lès-Béziers, dédiée à Saint Etienne, est de conception romane. Elle fut construite au Xème siècle. Le premier texte connu qui évoque cette église date de 1160. Au cours des siècles, et lors des guerres de religions (XVI et XVII ème siècle), elle subit comme tout le village de la « Crémade », destructions, incendies et [&hellip;]</p>
