{"id":2648,"date":"2019-05-13T14:54:54","date_gmt":"2019-05-13T12:54:54","guid":{"rendered":"http:\/\/localhost\/?page_id=2648"},"modified":"2024-11-22T12:01:08","modified_gmt":"2024-11-22T11:01:08","slug":"verordnungen-zur-allgemeinen-reglementierung","status":"publish","type":"page","link":"https:\/\/www.villeneuve-les-beziers.fr\/de\/vie-pratique\/securite\/arretes-de-reglementation-generale\/","title":{"rendered":"Erlasse zu allgemeinen Regelungen"},"content":{"rendered":"<p>Ein Gemeinderatsbeschluss ist eine einseitige Verwaltungsentscheidung, die vom B\u00fcrgermeister oder in seinem Auftrag von einem stellvertretenden B\u00fcrgermeister getroffen wird.<\/p>\n\n\n\n<p>Er ist von Rechts wegen vollstreckbar, nachdem er ver\u00f6ffentlicht, ausgeh\u00e4ngt oder den betroffenen Personen zugestellt wurde. In den meisten F\u00e4llen werden sie vorher an die Unterpr\u00e4fektur oder Pr\u00e4fektur weitergeleitet, um ihre Rechtm\u00e4\u00dfigkeit zu best\u00e4tigen. Die Beschl\u00fcsse, Entscheidungen und Verf\u00fcgungen des B\u00fcrgermeisters k\u00f6nnen im Rathaus eingesehen werden und stehen der \u00d6ffentlichkeit zur Verf\u00fcgung.<\/p>\n\n\n\n<p>Eine Stadtverordnung kann in allen kommunalen Zust\u00e4ndigkeitsbereichen erlassen werden, auch wenn die Verordnungen, die im Rahmen der Befugnisse der Stadtpolizei erlassen werden, am besten bekannt sind.<\/p>\n\n\n\n<details class=\"wp-block-details is-layout-flow wp-block-details-is-layout-flow\"><summary>Parken und Verkehr<\/summary>\n<ul class=\"wp-block-list\">\n<li><a href=\"https:\/\/www.villeneuve-les-beziers.fr\/wp-content\/uploads\/2023\/01\/2023-005-PM-Reglementation-rue-Rouvier.pdf\" target=\"_blank\" rel=\"noreferrer noopener\">2023-005 - Verkehrsregelung in der Rue Rouvier<\/a><\/li>\n\n\n\n<li><a href=\"https:\/\/www.villeneuve-les-beziers.fr\/wp-content\/uploads\/2023\/01\/2023-004-PM-Reglementation-vigipirate-ecole.pdf\" target=\"_blank\" rel=\"noreferrer noopener\">2023-004 - Vigipirate-Regelungen f\u00fcr Schulen<\/a><\/li>\n\n\n\n<li><a href=\"https:\/\/www.villeneuve-les-beziers.fr\/wp-content\/uploads\/2022\/10\/2022-044-PM-Chatipi-inauguration.pdf\">2022-044 - PM Chatipi Einweihung<\/a><\/li>\n\n\n\n<li><a href=\"https:\/\/www.villeneuve-les-beziers.fr\/wp-content\/uploads\/2020\/10\/2020-210-PM-SUEZ-rue-Vernhes-et-rue-des-Lilas.pdf\">2020-210 - PM SUEZ Rue Vernhes und Rue des Lilas<\/a><\/li>\n\n\n\n<li><a href=\"https:\/\/www.villeneuve-les-beziers.fr\/wp-content\/uploads\/2019\/09\/2019-210-PM-R\u00eaglementation-boulevards-Pasteur-R\u00e9publique-Gambetta-Mistral.pdf\" target=\"_blank\" rel=\"noreferrer noopener\">2019-210 - Parken am Boulevard Pasteur, R\u00e9publique, Gambetta und Mistral<\/a><\/li>\n\n\n\n<li><a href=\"https:\/\/www.villeneuve-les-beziers.fr\/wp-content\/uploads\/2019\/05\/2019-112-PM-Stationnement-Gens-du-Voyage.pdf\" target=\"_blank\" rel=\"noreferrer noopener\">2019-112 - Parken von Fahrenden<\/a><\/li>\n\n\n\n<li><a href=\"https:\/\/www.villeneuve-les-beziers.fr\/wp-content\/uploads\/2019\/05\/2018-023-PM-Modifications-ecole.pdf\" target=\"_blank\" rel=\"noreferrer noopener\">2018-023 - Parkregelung an Schulen<\/a><\/li>\n\n\n\n<li><a href=\"https:\/\/www.villeneuve-les-beziers.fr\/wp-content\/uploads\/2019\/05\/2016-053-PM-circulation-et-stationnement-sur-zone-de-la-meridienne.pdf\" target=\"_blank\" rel=\"noreferrer noopener\">2016-053 - Verkehr und Parken im Gewerbegebiet La Meridienne<\/a><\/li>\n\n\n\n<li><a href=\"https:\/\/www.villeneuve-les-beziers.fr\/wp-content\/uploads\/2019\/05\/2015.04.PM-zone-de-rencontre.pdf\" target=\"_blank\" rel=\"noreferrer noopener\">2015-004 - Einrichtung einer Begegnungszone im Stadtzentrum<\/a><\/li>\n\n\n\n<li><a href=\"https:\/\/www.villeneuve-les-beziers.fr\/wp-content\/uploads\/2019\/05\/2011-102-PM-Mecanique-sur-la-voie-Publique-interdite.pdf\" target=\"_blank\" rel=\"noreferrer noopener\">2011-102 - Verbot von mechanischen Arbeiten auf \u00f6ffentlichen Stra\u00dfen<\/a><\/li>\n<\/ul>\n\n\n\n<p><\/p>\n<\/details>\n\n\n\n<details class=\"wp-block-details is-layout-flow wp-block-details-is-layout-flow\"><summary>St\u00e4dtische Einrichtungen<\/summary>\n<ul class=\"wp-block-list\">\n<li><a href=\"https:\/\/www.villeneuve-les-beziers.fr\/wp-content\/uploads\/2023\/02\/2023-010-PM-Reglementation-Parcs-et-Jardins.pdf\" target=\"_blank\" rel=\"noreferrer noopener\">2023-010 - Verordnung \u00fcber Parks und G\u00e4rten<\/a><\/li>\n\n\n\n<li><a href=\"https:\/\/www.villeneuve-les-beziers.fr\/wp-content\/uploads\/2019\/05\/2019-057-PM-City-Park.pdf\" target=\"_blank\" rel=\"noreferrer noopener\">2019-057 - Regelung des City Parks (route de S\u00e9rignan)<\/a><\/li>\n\n\n\n<li><a href=\"https:\/\/www.villeneuve-les-beziers.fr\/wp-content\/uploads\/2019\/05\/2015.096.PM-aire-multisport.pdf\" target=\"_blank\" rel=\"noreferrer noopener\">2015-096 - Regelung des Multisportplatzes<\/a><\/li>\n\n\n\n<li><a href=\"https:\/\/www.villeneuve-les-beziers.fr\/wp-content\/uploads\/2019\/05\/2015.099.pm-acces-et-utilisation-du-skate-park.pdf\" target=\"_blank\" rel=\"noreferrer noopener\">2015-099 - Regulierung des Skateparks<\/a><\/li>\n\n\n\n<li><a href=\"https:\/\/www.villeneuve-les-beziers.fr\/wp-content\/uploads\/2019\/05\/2017-073-PM-Reglementation-boulodrome.pdf\" target=\"_blank\" rel=\"noreferrer noopener\">2015-099 - Regelung des Boulodrome (rue de l'abattoir)<\/a><\/li>\n<\/ul>\n<\/details>\n\n\n\n<details class=\"wp-block-details is-layout-flow wp-block-details-is-layout-flow\"><summary>Gesundheit und Hygiene<\/summary>\n<ul class=\"wp-block-list\">\n<li><a href=\"https:\/\/www.villeneuve-les-beziers.fr\/wp-content\/uploads\/2020\/09\/Arrete-ouverture-partielle-batiments-communaux.pdf\" target=\"_blank\" rel=\"noreferrer noopener\">2020-173 - COVID-19: Teilweise Wiederer\u00f6ffnung der kommunalen Geb\u00e4ude<\/a><\/li>\n\n\n\n<li><a href=\"https:\/\/www.villeneuve-les-beziers.fr\/wp-content\/uploads\/2020\/09\/arrete-reouverture-stade.pdf\" target=\"_blank\" rel=\"noreferrer noopener\">2020-174 - COVID-19: Wiederer\u00f6ffnung der Stadien<\/a><\/li>\n\n\n\n<li><a href=\"https:\/\/www.villeneuve-les-beziers.fr\/wp-content\/uploads\/2019\/05\/2019-106-PM-Bruits-genants-a-proximite-de-zones-dhabitation.pdf\" target=\"_blank\" rel=\"noreferrer noopener\">2019-106 - Vorschriften: L\u00e4rm in der N\u00e4he von Wohngebieten<\/a><\/li>\n\n\n\n<li><a href=\"https:\/\/www.villeneuve-les-beziers.fr\/wp-content\/uploads\/2019\/05\/2019-097-PM-Interdiction-alcool-et-barbecue-voie-publique.pdf\" target=\"_blank\" rel=\"noreferrer noopener\">2019-097 - Verordnung: Alkohol und Grillen auf \u00f6ffentlichen Stra\u00dfen<\/a><\/li>\n\n\n\n<li><a href=\"https:\/\/www.villeneuve-les-beziers.fr\/wp-content\/uploads\/2019\/05\/2019-096-PM-Interdiction-chicha-voie-publique.pdf\" target=\"_blank\" rel=\"noreferrer noopener\">2019-096 - Verordnung : Shisha auf \u00f6ffentlichen Stra\u00dfen<\/a><\/li>\n\n\n\n<li><a href=\"https:\/\/www.villeneuve-les-beziers.fr\/wp-content\/uploads\/2019\/05\/2017-162-PM-Divagation-et-dejections-danimaux.pdf\" target=\"_blank\" rel=\"noreferrer noopener\">2017-162 - Regelung: Streunen und Hinterlassenschaften von Tieren<\/a><\/li>\n\n\n\n<li><a href=\"https:\/\/www.villeneuve-les-beziers.fr\/wp-content\/uploads\/2019\/05\/2017-139-PM-Interdiction-de-baignade.pdf\" target=\"_blank\" rel=\"noreferrer noopener\">2017-139 - Badeverbot im Canal du Midi<\/a><\/li>\n<\/ul>\n<\/details>\n\n\n\n<details class=\"wp-block-details is-layout-flow wp-block-details-is-layout-flow\"><summary>\u00d6ffentliche Sicherheit<\/summary>\n<ul class=\"wp-block-list\">\n<li><a href=\"https:\/\/www.villeneuve-les-beziers.fr\/wp-content\/uploads\/2019\/05\/2019-098-PM_Port_camera_individuelle.pdf\" target=\"_blank\" rel=\"noreferrer noopener\">2019-098 - Tragen von individuellen Kameras f\u00fcr die Beamten der Stadtpolizei<\/a><\/li>\n\n\n\n<li><a href=\"https:\/\/www.villeneuve-les-beziers.fr\/wp-content\/uploads\/2019\/05\/2016-021-PM-Reglement-fetes-foraines.pdf\" target=\"_blank\" rel=\"noreferrer noopener\">2016-021 - Regulierung von Kirmesveranstaltungen<\/a><\/li>\n\n\n\n<li><a href=\"https:\/\/www.villeneuve-les-beziers.fr\/wp-content\/uploads\/2019\/05\/2015-225-PM-demarchage-%C3%A0-domicile.pdf\" target=\"_blank\" rel=\"noreferrer noopener\">2015-225 - Haust\u00fcrgesch\u00e4fte<\/a><\/li>\n<\/ul>\n<\/details>","protected":false},"excerpt":{"rendered":"<p>Un arr\u00eat\u00e9 municipal est une d\u00e9cision administrative unilat\u00e9rale prise par le maire, ou, en son nom, par un maire-adjoint. Il est ex\u00e9cutoire de plein droit apr\u00e8s avoir \u00e9t\u00e9 publi\u00e9, affich\u00e9 ou notifi\u00e9 aux personnes concern\u00e9es. Dans la majorit\u00e9 des cas, ils sont transmis au pr\u00e9alable en sous-pr\u00e9fecture ou pr\u00e9fecture pour confirmer leur l\u00e9galit\u00e9. Les d\u00e9lib\u00e9rations, [&hellip;]<\/p>\n","protected":false},"author":1,"featured_media":2670,"parent":12169,"menu_order":0,"comment_status":"closed","ping_status":"closed","template":"","meta":{"footnotes":""},"class_list":["post-2648","page","type-page","status-publish","has-post-thumbnail","hentry"],"_links":{"self":[{"href":"https:\/\/www.villeneuve-les-beziers.fr\/de\/wp-json\/wp\/v2\/pages\/2648","targetHints":{"allow":["GET"]}}],"collection":[{"href":"https:\/\/www.villeneuve-les-beziers.fr\/de\/wp-json\/wp\/v2\/pages"}],"about":[{"href":"https:\/\/www.villeneuve-les-beziers.fr\/de\/wp-json\/wp\/v2\/types\/page"}],"author":[{"embeddable":true,"href":"https:\/\/www.villeneuve-les-beziers.fr\/de\/wp-json\/wp\/v2\/users\/1"}],"replies":[{"embeddable":true,"href":"https:\/\/www.villeneuve-les-beziers.fr\/de\/wp-json\/wp\/v2\/comments?post=2648"}],"version-history":[{"count":1,"href":"https:\/\/www.villeneuve-les-beziers.fr\/de\/wp-json\/wp\/v2\/pages\/2648\/revisions"}],"predecessor-version":[{"id":20134,"href":"https:\/\/www.villeneuve-les-beziers.fr\/de\/wp-json\/wp\/v2\/pages\/2648\/revisions\/20134"}],"up":[{"embeddable":true,"href":"https:\/\/www.villeneuve-les-beziers.fr\/de\/wp-json\/wp\/v2\/pages\/12169"}],"wp:featuredmedia":[{"embeddable":true,"href":"https:\/\/www.villeneuve-les-beziers.fr\/de\/wp-json\/wp\/v2\/media\/2670"}],"wp:attachment":[{"href":"https:\/\/www.villeneuve-les-beziers.fr\/de\/wp-json\/wp\/v2\/media?parent=2648"}],"curies":[{"name":"wp","href":"https:\/\/api.w.org\/{rel}","templated":true}]}}

<p>Ein Gemeinderatsbeschluss ist eine einseitige Verwaltungsentscheidung, die vom Bürgermeister oder in seinem Auftrag von einem stellvertretenden Bürgermeister getroffen wird.</p>



<p>Er ist von Rechts wegen vollstreckbar, nachdem er veröffentlicht, ausgehängt oder den betroffenen Personen zugestellt wurde. In den meisten Fällen werden sie vorher an die Unterpräfektur oder Präfektur weitergeleitet, um ihre Rechtmäßigkeit zu bestätigen. Die Beschlüsse, Entscheidungen und Verfügungen des Bürgermeisters können im Rathaus eingesehen werden und stehen der Öffentlichkeit zur Verfügung.</p>



<p>Eine Stadtverordnung kann in allen kommunalen Zuständigkeitsbereichen erlassen werden, auch wenn die Verordnungen, die im Rahmen der Befugnisse der Stadtpolizei erlassen werden, am besten bekannt sind.</p>



<details class="wp-block-details is-layout-flow wp-block-details-is-layout-flow"><summary>Parken und Verkehr</summary>
<ul class="wp-block-list">
<li><a href="https://www.villeneuve-les-beziers.fr/wp-content/uploads/2023/01/2023-005-PM-Reglementation-rue-Rouvier.pdf" target="_blank" rel="noreferrer noopener">2023-005 - Verkehrsregelung in der Rue Rouvier</a></li>



<li><a href="https://www.villeneuve-les-beziers.fr/wp-content/uploads/2023/01/2023-004-PM-Reglementation-vigipirate-ecole.pdf" target="_blank" rel="noreferrer noopener">2023-004 - Vigipirate-Regelungen für Schulen</a></li>



<li><a href="https://www.villeneuve-les-beziers.fr/wp-content/uploads/2022/10/2022-044-PM-Chatipi-inauguration.pdf">2022-044 - PM Chatipi Einweihung</a></li>



<li><a href="https://www.villeneuve-les-beziers.fr/wp-content/uploads/2020/10/2020-210-PM-SUEZ-rue-Vernhes-et-rue-des-Lilas.pdf">2020-210 - PM SUEZ Rue Vernhes und Rue des Lilas</a></li>



<li><a href="https://www.villeneuve-les-beziers.fr/wp-content/uploads/2019/09/2019-210-PM-Rêglementation-boulevards-Pasteur-République-Gambetta-Mistral.pdf" target="_blank" rel="noreferrer noopener">2019-210 - Parken am Boulevard Pasteur, République, Gambetta und Mistral</a></li>



<li><a href="https://www.villeneuve-les-beziers.fr/wp-content/uploads/2019/05/2019-112-PM-Stationnement-Gens-du-Voyage.pdf" target="_blank" rel="noreferrer noopener">2019-112 - Parken von Fahrenden</a></li>



<li><a href="https://www.villeneuve-les-beziers.fr/wp-content/uploads/2019/05/2018-023-PM-Modifications-ecole.pdf" target="_blank" rel="noreferrer noopener">2018-023 - Parkregelung an Schulen</a></li>



<li><a href="https://www.villeneuve-les-beziers.fr/wp-content/uploads/2019/05/2016-053-PM-circulation-et-stationnement-sur-zone-de-la-meridienne.pdf" target="_blank" rel="noreferrer noopener">2016-053 - Verkehr und Parken im Gewerbegebiet La Meridienne</a></li>



<li><a href="https://www.villeneuve-les-beziers.fr/wp-content/uploads/2019/05/2015.04.PM-zone-de-rencontre.pdf" target="_blank" rel="noreferrer noopener">2015-004 - Einrichtung einer Begegnungszone im Stadtzentrum</a></li>



<li><a href="https://www.villeneuve-les-beziers.fr/wp-content/uploads/2019/05/2011-102-PM-Mecanique-sur-la-voie-Publique-interdite.pdf" target="_blank" rel="noreferrer noopener">2011-102 - Verbot von mechanischen Arbeiten auf öffentlichen Straßen</a></li>
</ul>



<p></p>
</details>



<details class="wp-block-details is-layout-flow wp-block-details-is-layout-flow"><summary>Städtische Einrichtungen</summary>
<ul class="wp-block-list">
<li><a href="https://www.villeneuve-les-beziers.fr/wp-content/uploads/2023/02/2023-010-PM-Reglementation-Parcs-et-Jardins.pdf" target="_blank" rel="noreferrer noopener">2023-010 - Verordnung über Parks und Gärten</a></li>



<li><a href="https://www.villeneuve-les-beziers.fr/wp-content/uploads/2019/05/2019-057-PM-City-Park.pdf" target="_blank" rel="noreferrer noopener">2019-057 - Regelung des City Parks (route de Sérignan)</a></li>



<li><a href="https://www.villeneuve-les-beziers.fr/wp-content/uploads/2019/05/2015.096.PM-aire-multisport.pdf" target="_blank" rel="noreferrer noopener">2015-096 - Regelung des Multisportplatzes</a></li>



<li><a href="https://www.villeneuve-les-beziers.fr/wp-content/uploads/2019/05/2015.099.pm-acces-et-utilisation-du-skate-park.pdf" target="_blank" rel="noreferrer noopener">2015-099 - Regulierung des Skateparks</a></li>



<li><a href="https://www.villeneuve-les-beziers.fr/wp-content/uploads/2019/05/2017-073-PM-Reglementation-boulodrome.pdf" target="_blank" rel="noreferrer noopener">2015-099 - Regelung des Boulodrome (rue de l'abattoir)</a></li>
</ul>
</details>



<details class="wp-block-details is-layout-flow wp-block-details-is-layout-flow"><summary>Gesundheit und Hygiene</summary>
<ul class="wp-block-list">
<li><a href="https://www.villeneuve-les-beziers.fr/wp-content/uploads/2020/09/Arrete-ouverture-partielle-batiments-communaux.pdf" target="_blank" rel="noreferrer noopener">2020-173 - COVID-19: Teilweise Wiedereröffnung der kommunalen Gebäude</a></li>



<li><a href="https://www.villeneuve-les-beziers.fr/wp-content/uploads/2020/09/arrete-reouverture-stade.pdf" target="_blank" rel="noreferrer noopener">2020-174 - COVID-19: Wiedereröffnung der Stadien</a></li>



<li><a href="https://www.villeneuve-les-beziers.fr/wp-content/uploads/2019/05/2019-106-PM-Bruits-genants-a-proximite-de-zones-dhabitation.pdf" target="_blank" rel="noreferrer noopener">2019-106 - Vorschriften: Lärm in der Nähe von Wohngebieten</a></li>



<li><a href="https://www.villeneuve-les-beziers.fr/wp-content/uploads/2019/05/2019-097-PM-Interdiction-alcool-et-barbecue-voie-publique.pdf" target="_blank" rel="noreferrer noopener">2019-097 - Verordnung: Alkohol und Grillen auf öffentlichen Straßen</a></li>



<li><a href="https://www.villeneuve-les-beziers.fr/wp-content/uploads/2019/05/2019-096-PM-Interdiction-chicha-voie-publique.pdf" target="_blank" rel="noreferrer noopener">2019-096 - Verordnung : Shisha auf öffentlichen Straßen</a></li>



<li><a href="https://www.villeneuve-les-beziers.fr/wp-content/uploads/2019/05/2017-162-PM-Divagation-et-dejections-danimaux.pdf" target="_blank" rel="noreferrer noopener">2017-162 - Regelung: Streunen und Hinterlassenschaften von Tieren</a></li>



<li><a href="https://www.villeneuve-les-beziers.fr/wp-content/uploads/2019/05/2017-139-PM-Interdiction-de-baignade.pdf" target="_blank" rel="noreferrer noopener">2017-139 - Badeverbot im Canal du Midi</a></li>
</ul>
</details>



<details class="wp-block-details is-layout-flow wp-block-details-is-layout-flow"><summary>Öffentliche Sicherheit</summary>
<ul class="wp-block-list">
<li><a href="https://www.villeneuve-les-beziers.fr/wp-content/uploads/2019/05/2019-098-PM_Port_camera_individuelle.pdf" target="_blank" rel="noreferrer noopener">2019-098 - Tragen von individuellen Kameras für die Beamten der Stadtpolizei</a></li>



<li><a href="https://www.villeneuve-les-beziers.fr/wp-content/uploads/2019/05/2016-021-PM-Reglement-fetes-foraines.pdf" target="_blank" rel="noreferrer noopener">2016-021 - Regulierung von Kirmesveranstaltungen</a></li>



<li><a href="https://www.villeneuve-les-beziers.fr/wp-content/uploads/2019/05/2015-225-PM-demarchage-%C3%A0-domicile.pdf" target="_blank" rel="noreferrer noopener">2015-225 - Haustürgeschäfte</a></li>
</ul>
</details>

<p>Un arrêté municipal est une décision administrative unilatérale prise par le maire, ou, en son nom, par un maire-adjoint. Il est exécutoire de plein droit après avoir été publié, affiché ou notifié aux personnes concernées. Dans la majorité des cas, ils sont transmis au préalable en sous-préfecture ou préfecture pour confirmer leur légalité. Les délibérations, [&hellip;]</p>
