{"id":12444,"date":"2022-05-13T16:41:20","date_gmt":"2022-05-13T14:41:20","guid":{"rendered":"https:\/\/www.villeneuve-les-beziers.fr\/?page_id=12444"},"modified":"2024-11-25T17:49:29","modified_gmt":"2024-11-25T16:49:29","slug":"environmental-brigade","status":"publish","type":"page","link":"https:\/\/www.villeneuve-les-beziers.fr\/en\/vie-pratique\/securite\/brigade-environnementale\/","title":{"rendered":"Environmental Brigade"},"content":{"rendered":"<h2 class=\"wp-block-heading\">Presentation of the environment brigade<\/h2>\n\n\n\n<p class=\"has-text-align-left\">The general remit of the environment brigade is to prevent and combat incivility, which is manifested in damage to public health and the quality of life. The brigade patrols several times a day.\u00a0<\/p>\n\n\n\n<div style=\"height:4em\" aria-hidden=\"true\" class=\"wp-block-spacer\"><\/div>\n\n\n\n<h2 class=\"wp-block-heading\">The brigade's missions<\/h2>\n\n\n\n<div class=\"wp-block-columns are-vertically-aligned-top is-layout-flex wp-container-core-columns-is-layout-28f84493 wp-block-columns-is-layout-flex\">\n<div class=\"wp-block-column is-vertically-aligned-top is-layout-flow wp-block-column-is-layout-flow\">\n<p>The various missions and areas of action of the environmental brigade are:<\/p>\n\n\n\n<ul class=\"wp-block-list\">\n<li>Noise pollution<\/li>\n\n\n\n<li>Illegal dumping<\/li>\n\n\n\n<li>Cabanization<\/li>\n\n\n\n<li>Dog faeces 135 euros<\/li>\n\n\n\n<li>Pollution<\/li>\n\n\n\n<li>Hedge trimming<\/li>\n<\/ul>\n\n\n\n<p>The municipal police and the environmental brigade would like to remind you that burning rubbish is prohibited.<\/p>\n<\/div>\n\n\n\n<div class=\"wp-block-column is-vertically-aligned-top is-layout-flow wp-block-column-is-layout-flow\">\n<figure class=\"wp-block-image size-full\"><img loading=\"lazy\" decoding=\"async\" width=\"600\" height=\"400\" src=\"https:\/\/www.villeneuve-les-beziers.fr\/wp-content\/uploads\/2022\/05\/Brigade-environnement.jpg\" alt=\"\" class=\"wp-image-11892\" srcset=\"https:\/\/www.villeneuve-les-beziers.fr\/wp-content\/uploads\/2022\/05\/Brigade-environnement.jpg 600w, https:\/\/www.villeneuve-les-beziers.fr\/wp-content\/uploads\/2022\/05\/Brigade-environnement-150x100.jpg 150w, https:\/\/www.villeneuve-les-beziers.fr\/wp-content\/uploads\/2022\/05\/Brigade-environnement-300x200.jpg 300w, https:\/\/www.villeneuve-les-beziers.fr\/wp-content\/uploads\/2022\/05\/Brigade-environnement-391x260.jpg 391w, https:\/\/www.villeneuve-les-beziers.fr\/wp-content\/uploads\/2022\/05\/Brigade-environnement-24x16.jpg 24w, https:\/\/www.villeneuve-les-beziers.fr\/wp-content\/uploads\/2022\/05\/Brigade-environnement-36x24.jpg 36w, https:\/\/www.villeneuve-les-beziers.fr\/wp-content\/uploads\/2022\/05\/Brigade-environnement-48x32.jpg 48w\" sizes=\"auto, (max-width: 600px) 100vw, 600px\" \/><\/figure>\n<\/div>\n<\/div>\n\n\n\n<div style=\"height:4em\" aria-hidden=\"true\" class=\"wp-block-spacer\"><\/div>\n\n\n\n<h2 class=\"wp-block-heading\">Cabanisation<\/h2>\n\n\n\n<div class=\"wp-block-columns are-vertically-aligned-center is-layout-flex wp-container-core-columns-is-layout-28f84493 wp-block-columns-is-layout-flex\">\n<div class=\"wp-block-column is-vertically-aligned-center is-layout-flow wp-block-column-is-layout-flow\">\n<p>Cabanisation is the construction, without planning permission, of a permanent or temporary dwelling in unbuildable agricultural or natural areas, most often in flood risk zones.<\/p>\n\n\n\n<p>The H\u00e9rault department is heavily affected by this phenomenon, which has many implications:<\/p>\n\n\n\n<ul class=\"wp-block-list\">\n<li>social issues, as well as health and hygiene issues, when shack dwellings are the result of a lack of affordable housing<\/li>\n\n\n\n<li>safety issues relating to the more frequent exposure of shantytown areas to natural hazards (flooding\/forest fires) and the remoteness of emergency services<br>&nbsp;This is not only an environmental issue, but also an economic one, with the discharge of untreated wastewater into the natural environment, damage to the landscape and the deterioration of the d\u00e9partement's image.<\/li>\n<\/ul>\n<\/div>\n\n\n\n<div class=\"wp-block-column is-vertically-aligned-center is-layout-flow wp-block-column-is-layout-flow\">\n<figure data-wp-context=\"{&quot;imageId&quot;:&quot;69ec59c76fab7&quot;}\" data-wp-interactive=\"core\/image\" data-wp-key=\"69ec59c76fab7\" class=\"wp-block-image wp-lightbox-container\"><img decoding=\"async\" data-wp-class--hide=\"state.isContentHidden\" data-wp-class--show=\"state.isContentVisible\" data-wp-init=\"callbacks.setButtonStyles\" data-wp-on--click=\"actions.showLightbox\" data-wp-on--load=\"callbacks.setButtonStyles\" data-wp-on-window--resize=\"callbacks.setButtonStyles\" src=\"https:\/\/www.villeneuve-les-beziers.fr\/wp-content\/uploads\/2019\/06\/cabanisation.jpg\" alt=\"\"\/><button\n\t\t\tclass=\"lightbox-trigger\"\n\t\t\ttype=\"button\"\n\t\t\taria-haspopup=\"dialog\"\n\t\t\taria-label=\"Enlarge\"\n\t\t\tdata-wp-init=\"callbacks.initTriggerButton\"\n\t\t\tdata-wp-on--click=\"actions.showLightbox\"\n\t\t\tdata-wp-style--right=\"state.imageButtonRight\"\n\t\t\tdata-wp-style--top=\"state.imageButtonTop\"\n\t\t>\n\t\t\t<svg xmlns=\"http:\/\/www.w3.org\/2000\/svg\" width=\"12\" height=\"12\" fill=\"none\" viewbox=\"0 0 12 12\">\n\t\t\t\t<path fill=\"#fff\" d=\"M2 0a2 2 0 0 0-2 2v2h1.5V2a.5.5 0 0 1 .5-.5h2V0H2Zm2 10.5H2a.5.5 0 0 1-.5-.5V8H0v2a2 2 0 0 0 2 2h2v-1.5ZM8 12v-1.5h2a.5.5 0 0 0 .5-.5V8H12v2a2 2 0 0 1-2 2H8Zm2-12a2 2 0 0 1 2 2v2h-1.5V2a.5.5 0 0 0-.5-.5H8V0h2Z\" \/>\n\t\t\t<\/svg>\n\t\t<\/button><\/figure>\n<\/div>\n<\/div>\n\n\n\n<p>The anti-cabanization committee meets every year. It is co-chaired by the H\u00e9rault Prefect and the Attorney General.<\/p>\n\n\n\n<p>The purpose of this annual meeting is to take stock of the action taken and the progress of the geographical charter of local authorities (including Villeneuve-l\u00e8s-B\u00e9ziers) working alongside the State in the fight against shanty towns.<\/p>\n\n\n\n<p>More information on the H\u00e9rault Prefecture website -&gt;&nbsp;<a href=\"http:\/\/www.herault.gouv.fr\/Actualites\/L-Etat-acteur-dans-le-departement\/comite-de-lutte-contre-la-cabanisation\" target=\"_blank\" rel=\"noopener noreferrer\"><strong>herault.gouv.fr<\/strong><\/a><\/p>\n\n\n\n<div style=\"height:4em\" aria-hidden=\"true\" class=\"wp-block-spacer\"><\/div>\n\n\n\n<h2 class=\"wp-block-heading\">Unauthorised dumping<\/h2>\n\n\n\n<div class=\"wp-block-columns are-vertically-aligned-top is-layout-flex wp-container-core-columns-is-layout-28f84493 wp-block-columns-is-layout-flex\">\n<div class=\"wp-block-column is-vertically-aligned-top is-layout-flow wp-block-column-is-layout-flow\">\n<p>This is a one-off site, usually the result of illegal dumping by private individuals, tradespeople and businesses, to get rid of waste at a lower cost.&nbsp;<\/p>\n<\/div>\n\n\n\n<div class=\"wp-block-column is-vertically-aligned-top is-layout-flow wp-block-column-is-layout-flow\">\n<figure class=\"wp-block-image size-medium\"><img loading=\"lazy\" decoding=\"async\" width=\"206\" height=\"300\" src=\"https:\/\/www.villeneuve-les-beziers.fr\/wp-content\/uploads\/2022\/06\/Capture-deecran-2022-06-15-aE-15.50.19-1-206x300.png\" alt=\"\" class=\"wp-image-15760\" srcset=\"https:\/\/www.villeneuve-les-beziers.fr\/wp-content\/uploads\/2022\/06\/Capture-deecran-2022-06-15-aE-15.50.19-1-206x300.png 206w, https:\/\/www.villeneuve-les-beziers.fr\/wp-content\/uploads\/2022\/06\/Capture-deecran-2022-06-15-aE-15.50.19-1-704x1024.png 704w, https:\/\/www.villeneuve-les-beziers.fr\/wp-content\/uploads\/2022\/06\/Capture-deecran-2022-06-15-aE-15.50.19-1-768x1118.png 768w, https:\/\/www.villeneuve-les-beziers.fr\/wp-content\/uploads\/2022\/06\/Capture-deecran-2022-06-15-aE-15.50.19-1.png 780w\" sizes=\"auto, (max-width: 206px) 100vw, 206px\" \/><\/figure>\n<\/div>\n<\/div>","protected":false},"excerpt":{"rendered":"<p>Pr\u00e9sentation de la brigade environnement La brigade environnement a pour mission g\u00e9n\u00e9rale la pr\u00e9vention et la lutte contre l\u2019incivisme se manifestant par des atteintes \u00e0 la salubrit\u00e9 publique et au cadre de vie. La brigade patrouille plusieurs fois par jour.\u00a0 Les missions de la brigade Les diff\u00e9rentes missions&nbsp; et domaine d\u2019action de la brigade environnement [&hellip;]<\/p>\n","protected":false},"author":1,"featured_media":11892,"parent":12169,"menu_order":0,"comment_status":"closed","ping_status":"closed","template":"","meta":{"footnotes":""},"class_list":["post-12444","page","type-page","status-publish","has-post-thumbnail","hentry"],"_links":{"self":[{"href":"https:\/\/www.villeneuve-les-beziers.fr\/en\/wp-json\/wp\/v2\/pages\/12444","targetHints":{"allow":["GET"]}}],"collection":[{"href":"https:\/\/www.villeneuve-les-beziers.fr\/en\/wp-json\/wp\/v2\/pages"}],"about":[{"href":"https:\/\/www.villeneuve-les-beziers.fr\/en\/wp-json\/wp\/v2\/types\/page"}],"author":[{"embeddable":true,"href":"https:\/\/www.villeneuve-les-beziers.fr\/en\/wp-json\/wp\/v2\/users\/1"}],"replies":[{"embeddable":true,"href":"https:\/\/www.villeneuve-les-beziers.fr\/en\/wp-json\/wp\/v2\/comments?post=12444"}],"version-history":[{"count":1,"href":"https:\/\/www.villeneuve-les-beziers.fr\/en\/wp-json\/wp\/v2\/pages\/12444\/revisions"}],"predecessor-version":[{"id":19450,"href":"https:\/\/www.villeneuve-les-beziers.fr\/en\/wp-json\/wp\/v2\/pages\/12444\/revisions\/19450"}],"up":[{"embeddable":true,"href":"https:\/\/www.villeneuve-les-beziers.fr\/en\/wp-json\/wp\/v2\/pages\/12169"}],"wp:featuredmedia":[{"embeddable":true,"href":"https:\/\/www.villeneuve-les-beziers.fr\/en\/wp-json\/wp\/v2\/media\/11892"}],"wp:attachment":[{"href":"https:\/\/www.villeneuve-les-beziers.fr\/en\/wp-json\/wp\/v2\/media?parent=12444"}],"curies":[{"name":"wp","href":"https:\/\/api.w.org\/{rel}","templated":true}]}}

<h2 class="wp-block-heading">Presentation of the environment brigade</h2>



<p class="has-text-align-left">The general remit of the environment brigade is to prevent and combat incivility, which is manifested in damage to public health and the quality of life. The brigade patrols several times a day. </p>



<div style="height:4em" aria-hidden="true" class="wp-block-spacer"></div>



<h2 class="wp-block-heading">The brigade's missions</h2>



<div class="wp-block-columns are-vertically-aligned-top is-layout-flex wp-container-core-columns-is-layout-28f84493 wp-block-columns-is-layout-flex">
<div class="wp-block-column is-vertically-aligned-top is-layout-flow wp-block-column-is-layout-flow">
<p>The various missions and areas of action of the environmental brigade are:</p>



<ul class="wp-block-list">
<li>Noise pollution</li>



<li>Illegal dumping</li>



<li>Cabanization</li>



<li>Dog faeces 135 euros</li>



<li>Pollution</li>



<li>Hedge trimming</li>
</ul>



<p>The municipal police and the environmental brigade would like to remind you that burning rubbish is prohibited.</p>
</div>



<div class="wp-block-column is-vertically-aligned-top is-layout-flow wp-block-column-is-layout-flow">
<figure class="wp-block-image size-full"><img loading="lazy" decoding="async" width="600" height="400" src="https://www.villeneuve-les-beziers.fr/wp-content/uploads/2022/05/Brigade-environnement.jpg" alt="" class="wp-image-11892" srcset="https://www.villeneuve-les-beziers.fr/wp-content/uploads/2022/05/Brigade-environnement.jpg 600w, https://www.villeneuve-les-beziers.fr/wp-content/uploads/2022/05/Brigade-environnement-150x100.jpg 150w, https://www.villeneuve-les-beziers.fr/wp-content/uploads/2022/05/Brigade-environnement-300x200.jpg 300w, https://www.villeneuve-les-beziers.fr/wp-content/uploads/2022/05/Brigade-environnement-391x260.jpg 391w, https://www.villeneuve-les-beziers.fr/wp-content/uploads/2022/05/Brigade-environnement-24x16.jpg 24w, https://www.villeneuve-les-beziers.fr/wp-content/uploads/2022/05/Brigade-environnement-36x24.jpg 36w, https://www.villeneuve-les-beziers.fr/wp-content/uploads/2022/05/Brigade-environnement-48x32.jpg 48w" sizes="auto, (max-width: 600px) 100vw, 600px" /></figure>
</div>
</div>



<div style="height:4em" aria-hidden="true" class="wp-block-spacer"></div>



<h2 class="wp-block-heading">Cabanisation</h2>



<div class="wp-block-columns are-vertically-aligned-center is-layout-flex wp-container-core-columns-is-layout-28f84493 wp-block-columns-is-layout-flex">
<div class="wp-block-column is-vertically-aligned-center is-layout-flow wp-block-column-is-layout-flow">
<p>Cabanisation is the construction, without planning permission, of a permanent or temporary dwelling in unbuildable agricultural or natural areas, most often in flood risk zones.</p>



<p>The Hérault department is heavily affected by this phenomenon, which has many implications:</p>



<ul class="wp-block-list">
<li>social issues, as well as health and hygiene issues, when shack dwellings are the result of a lack of affordable housing</li>



<li>safety issues relating to the more frequent exposure of shantytown areas to natural hazards (flooding/forest fires) and the remoteness of emergency services<br>&nbsp;This is not only an environmental issue, but also an economic one, with the discharge of untreated wastewater into the natural environment, damage to the landscape and the deterioration of the département's image.</li>
</ul>
</div>



<div class="wp-block-column is-vertically-aligned-center is-layout-flow wp-block-column-is-layout-flow">
<figure data-wp-context="{&quot;imageId&quot;:&quot;69ec59c76fab7&quot;}" data-wp-interactive="core/image" data-wp-key="69ec59c76fab7" class="wp-block-image wp-lightbox-container"><img decoding="async" data-wp-class--hide="state.isContentHidden" data-wp-class--show="state.isContentVisible" data-wp-init="callbacks.setButtonStyles" data-wp-on--click="actions.showLightbox" data-wp-on--load="callbacks.setButtonStyles" data-wp-on-window--resize="callbacks.setButtonStyles" src="https://www.villeneuve-les-beziers.fr/wp-content/uploads/2019/06/cabanisation.jpg" alt=""/><button
			class="lightbox-trigger"
			type="button"
			aria-haspopup="dialog"
			aria-label="Enlarge"
			data-wp-init="callbacks.initTriggerButton"
			data-wp-on--click="actions.showLightbox"
			data-wp-style--right="state.imageButtonRight"
			data-wp-style--top="state.imageButtonTop"
		>
			<svg xmlns="http://www.w3.org/2000/svg" width="12" height="12" fill="none" viewbox="0 0 12 12">
				<path fill="#fff" d="M2 0a2 2 0 0 0-2 2v2h1.5V2a.5.5 0 0 1 .5-.5h2V0H2Zm2 10.5H2a.5.5 0 0 1-.5-.5V8H0v2a2 2 0 0 0 2 2h2v-1.5ZM8 12v-1.5h2a.5.5 0 0 0 .5-.5V8H12v2a2 2 0 0 1-2 2H8Zm2-12a2 2 0 0 1 2 2v2h-1.5V2a.5.5 0 0 0-.5-.5H8V0h2Z" />
			</svg>
		</button></figure>
</div>
</div>



<p>The anti-cabanization committee meets every year. It is co-chaired by the Hérault Prefect and the Attorney General.</p>



<p>The purpose of this annual meeting is to take stock of the action taken and the progress of the geographical charter of local authorities (including Villeneuve-lès-Béziers) working alongside the State in the fight against shanty towns.</p>



<p>More information on the Hérault Prefecture website -&gt;&nbsp;<a href="http://www.herault.gouv.fr/Actualites/L-Etat-acteur-dans-le-departement/comite-de-lutte-contre-la-cabanisation" target="_blank" rel="noopener noreferrer"><strong>herault.gouv.fr</strong></a></p>



<div style="height:4em" aria-hidden="true" class="wp-block-spacer"></div>



<h2 class="wp-block-heading">Unauthorised dumping</h2>



<div class="wp-block-columns are-vertically-aligned-top is-layout-flex wp-container-core-columns-is-layout-28f84493 wp-block-columns-is-layout-flex">
<div class="wp-block-column is-vertically-aligned-top is-layout-flow wp-block-column-is-layout-flow">
<p>This is a one-off site, usually the result of illegal dumping by private individuals, tradespeople and businesses, to get rid of waste at a lower cost.&nbsp;</p>
</div>



<div class="wp-block-column is-vertically-aligned-top is-layout-flow wp-block-column-is-layout-flow">
<figure class="wp-block-image size-medium"><img loading="lazy" decoding="async" width="206" height="300" src="https://www.villeneuve-les-beziers.fr/wp-content/uploads/2022/06/Capture-deecran-2022-06-15-aE-15.50.19-1-206x300.png" alt="" class="wp-image-15760" srcset="https://www.villeneuve-les-beziers.fr/wp-content/uploads/2022/06/Capture-deecran-2022-06-15-aE-15.50.19-1-206x300.png 206w, https://www.villeneuve-les-beziers.fr/wp-content/uploads/2022/06/Capture-deecran-2022-06-15-aE-15.50.19-1-704x1024.png 704w, https://www.villeneuve-les-beziers.fr/wp-content/uploads/2022/06/Capture-deecran-2022-06-15-aE-15.50.19-1-768x1118.png 768w, https://www.villeneuve-les-beziers.fr/wp-content/uploads/2022/06/Capture-deecran-2022-06-15-aE-15.50.19-1.png 780w" sizes="auto, (max-width: 206px) 100vw, 206px" /></figure>
</div>
</div>

<p>Présentation de la brigade environnement La brigade environnement a pour mission générale la prévention et la lutte contre l’incivisme se manifestant par des atteintes à la salubrité publique et au cadre de vie. La brigade patrouille plusieurs fois par jour.  Les missions de la brigade Les différentes missions&nbsp; et domaine d’action de la brigade environnement [&hellip;]</p>
