{"id":1230,"date":"2019-04-17T11:02:03","date_gmt":"2019-04-17T09:02:03","guid":{"rendered":"http:\/\/localhost\/?page_id=1230"},"modified":"2026-01-23T14:46:33","modified_gmt":"2026-01-23T13:46:33","slug":"vivero-de-pomelos","status":"publish","type":"page","link":"https:\/\/www.villeneuve-les-beziers.fr\/es\/mon-quotidien\/enfance-jeunesse\/creche-pamplemousse\/","title":{"rendered":"Guarder\u00eda Pamplemousse"},"content":{"rendered":"<p>La guarder\u00eda Pamplemousse es un centro de acogida que ofrece:<\/p>\n\n\n\n<ul class=\"wp-block-list\">\n<li>Recepciones regulares (recurrentes, aunque sean parciales y se puedan planificar con antelaci\u00f3n).<\/li>\n\n\n\n<li>Atenci\u00f3n ocasional (con cita previa, a la carta y seg\u00fan disponibilidad: por la ma\u00f1ana, por la tarde, medio d\u00eda o d\u00eda completo).<\/li>\n<\/ul>\n\n\n\n<p>Acoge a ni\u00f1os de entre 10 semanas y 4 a\u00f1os cumplidos, distribuidos en dos unidades con una capacidad total para 20 ni\u00f1os (8 \u00abso\u00f1adores\u00bb y 12 \u00abaventureros\u00bb).<\/p>\n\n\n\n<p>La guarder\u00eda est\u00e1 abierta de lunes a viernes, de 7:30 a 18:30, y cierra los d\u00edas festivos y cinco semanas al a\u00f1o (normalmente: una semana en Semana Santa, las tres primeras semanas de agosto y una semana en Navidad, a menudo la semana 52).<\/p>\n\n\n\n<h2 class=\"wp-block-heading\">C\u00f3mo inscribirse<\/h2>\n\n\n\n<p>Para inscribir a su hijo (nacido o por nacer), p\u00f3ngase en contacto con el CCAS por correo electr\u00f3nico: <a href=\"mailto:ccas@villeneuve-les-beziers.fr\">ccas@villeneuve-les-beziers.fr<\/a>, para obtener un expediente. La recogida de expedientes para el inicio del curso escolar en septiembre se realiza del 1 de marzo al 30 de abril. Se da prioridad a los ni\u00f1os de Villeneuve, luego a aquellos cuyos padres trabajan en el municipio y, por \u00faltimo, a las familias de fuera.<\/p>\n\n\n\n<p>Las inscripciones para el servicio ocasional pueden realizarse durante todo el a\u00f1o, siempre que haya plazas disponibles. Las inscripciones definitivas se realizan con cita previa con la directora, una vez asignada la plaza, previa entrega de la documentaci\u00f3n necesaria (CAF\/MSA, libro de familia, vacunas, etc.) y tras organizar el periodo de adaptaci\u00f3n.<\/p>\n\n\n\n<p>Cada inscripci\u00f3n implica la firma de un contrato de acogida, en el que se especifican el periodo, los horarios y el importe de la cuota.<\/p>\n\n\n\n<h2 class=\"wp-block-heading\">Lista de precios<\/h2>\n\n\n\n<p>El importe de la participaci\u00f3n financiera de cada familia se calcula seg\u00fan una tasa de esfuerzo horario, modulada en funci\u00f3n del n\u00famero de hijos a cargo y aplicada a los recursos de la familia (a\u00f1o N-2), dentro del l\u00edmite de un m\u00ednimo.<\/p>\n\n\n\n<p>Se aplica un recargo del 20 % a los padres que no residen en Villeneuve-l\u00e8s-B\u00e9ziers. Los importes se revisan cada a\u00f1o en enero, en funci\u00f3n del nuevo a\u00f1o de referencia.<\/p>\n\n\n\n<p>Esta participaci\u00f3n es contractual y cubre el cuidado del ni\u00f1o durante su estancia, incluyendo las comidas y los pa\u00f1ales.<\/p>\n\n\n\n<h2 class=\"wp-block-heading\">Comidas<\/h2>\n\n\n\n<p>Las comidas son suministradas por una cocina central en cadena de fr\u00edo.<\/p>\n\n\n\n<h2 class=\"wp-block-heading\">Contactos<\/h2>\n\n\n\n<p>\ud83d\udcde  <a href=\"callto:04 67 39 27 90\">04 67 39 27 90<\/a><\/p>\n\n\n\n<p>\ud83d\udce7  <a href=\"mailto:creche@villeneuve-les-beziers.fr\" target=\"_blank\" rel=\"noreferrer noopener\">creche@villeneuve-les-beziers.fr<\/a><\/p>\n\n\n\n<h2 class=\"wp-block-heading\">Direcci\u00f3n<\/h2>\n\n\n\n<p>Guarder\u00eda colectiva Pamplemousse<br>1, Calle de las Mimosas<br>34420 Villeneuve-l\u00e8s-B\u00e9ziers<\/p>\n\n\n\n<p><\/p>","protected":false},"excerpt":{"rendered":"<p>La cr\u00e8che Pamplemousse est un multi-accueil proposant \u00e0 la fois : Elle accueille les enfants \u00e2g\u00e9s de 10 semaines \u00e0 4 ans r\u00e9volus, r\u00e9partis en 2 unit\u00e9s pour une capacit\u00e9 totale de 20 enfants (8 \u00ab\u00a0r\u00eaveurs\u00a0\u00bb et 12 \u00ab\u00a0aventuriers\u00a0\u00bb). La cr\u00e8che est ouverte du lundi au vendredi, de 7h30 \u00e0 18h30 et est ferm\u00e9e les [&hellip;]<\/p>\n","protected":false},"author":1,"featured_media":3192,"parent":208,"menu_order":0,"comment_status":"closed","ping_status":"closed","template":"","meta":{"footnotes":""},"class_list":["post-1230","page","type-page","status-publish","has-post-thumbnail","hentry"],"_links":{"self":[{"href":"https:\/\/www.villeneuve-les-beziers.fr\/es\/wp-json\/wp\/v2\/pages\/1230","targetHints":{"allow":["GET"]}}],"collection":[{"href":"https:\/\/www.villeneuve-les-beziers.fr\/es\/wp-json\/wp\/v2\/pages"}],"about":[{"href":"https:\/\/www.villeneuve-les-beziers.fr\/es\/wp-json\/wp\/v2\/types\/page"}],"author":[{"embeddable":true,"href":"https:\/\/www.villeneuve-les-beziers.fr\/es\/wp-json\/wp\/v2\/users\/1"}],"replies":[{"embeddable":true,"href":"https:\/\/www.villeneuve-les-beziers.fr\/es\/wp-json\/wp\/v2\/comments?post=1230"}],"version-history":[{"count":5,"href":"https:\/\/www.villeneuve-les-beziers.fr\/es\/wp-json\/wp\/v2\/pages\/1230\/revisions"}],"predecessor-version":[{"id":20547,"href":"https:\/\/www.villeneuve-les-beziers.fr\/es\/wp-json\/wp\/v2\/pages\/1230\/revisions\/20547"}],"up":[{"embeddable":true,"href":"https:\/\/www.villeneuve-les-beziers.fr\/es\/wp-json\/wp\/v2\/pages\/208"}],"wp:featuredmedia":[{"embeddable":true,"href":"https:\/\/www.villeneuve-les-beziers.fr\/es\/wp-json\/wp\/v2\/media\/3192"}],"wp:attachment":[{"href":"https:\/\/www.villeneuve-les-beziers.fr\/es\/wp-json\/wp\/v2\/media?parent=1230"}],"curies":[{"name":"wp","href":"https:\/\/api.w.org\/{rel}","templated":true}]}}

Guardería Pamplemousse

<p>La guardería Pamplemousse es un centro de acogida que ofrece:</p>



<ul class="wp-block-list">
<li>Recepciones regulares (recurrentes, aunque sean parciales y se puedan planificar con antelación).</li>



<li>Atención ocasional (con cita previa, a la carta y según disponibilidad: por la mañana, por la tarde, medio día o día completo).</li>
</ul>



<p>Acoge a niños de entre 10 semanas y 4 años cumplidos, distribuidos en dos unidades con una capacidad total para 20 niños (8 «soñadores» y 12 «aventureros»).</p>



<p>La guardería está abierta de lunes a viernes, de 7:30 a 18:30, y cierra los días festivos y cinco semanas al año (normalmente: una semana en Semana Santa, las tres primeras semanas de agosto y una semana en Navidad, a menudo la semana 52).</p>



<h2 class="wp-block-heading">Cómo inscribirse</h2>



<p>Para inscribir a su hijo (nacido o por nacer), póngase en contacto con el CCAS por correo electrónico: <a href="mailto:ccas@villeneuve-les-beziers.fr">ccas@villeneuve-les-beziers.fr</a>, para obtener un expediente. La recogida de expedientes para el inicio del curso escolar en septiembre se realiza del 1 de marzo al 30 de abril. Se da prioridad a los niños de Villeneuve, luego a aquellos cuyos padres trabajan en el municipio y, por último, a las familias de fuera.</p>



<p>Las inscripciones para el servicio ocasional pueden realizarse durante todo el año, siempre que haya plazas disponibles. Las inscripciones definitivas se realizan con cita previa con la directora, una vez asignada la plaza, previa entrega de la documentación necesaria (CAF/MSA, libro de familia, vacunas, etc.) y tras organizar el periodo de adaptación.</p>



<p>Cada inscripción implica la firma de un contrato de acogida, en el que se especifican el periodo, los horarios y el importe de la cuota.</p>



<h2 class="wp-block-heading">Lista de precios</h2>



<p>El importe de la participación financiera de cada familia se calcula según una tasa de esfuerzo horario, modulada en función del número de hijos a cargo y aplicada a los recursos de la familia (año N-2), dentro del límite de un mínimo.</p>



<p>Se aplica un recargo del 20 % a los padres que no residen en Villeneuve-lès-Béziers. Los importes se revisan cada año en enero, en función del nuevo año de referencia.</p>



<p>Esta participación es contractual y cubre el cuidado del niño durante su estancia, incluyendo las comidas y los pañales.</p>



<h2 class="wp-block-heading">Comidas</h2>



<p>Las comidas son suministradas por una cocina central en cadena de frío.</p>



<h2 class="wp-block-heading">Contactos</h2>



<p>📞  <a href="callto:04 67 39 27 90">04 67 39 27 90</a></p>



<p>📧  <a href="mailto:creche@villeneuve-les-beziers.fr" target="_blank" rel="noreferrer noopener">creche@villeneuve-les-beziers.fr</a></p>



<h2 class="wp-block-heading">Dirección</h2>



<p>Guardería colectiva Pamplemousse<br>1, Calle de las Mimosas<br>34420 Villeneuve-lès-Béziers</p>



<p></p>

<p>La crèche Pamplemousse est un multi-accueil proposant à la fois : Elle accueille les enfants âgés de 10 semaines à 4 ans révolus, répartis en 2 unités pour une capacité totale de 20 enfants (8 « rêveurs » et 12 « aventuriers »). La crèche est ouverte du lundi au vendredi, de 7h30 à 18h30 et est fermée les [&hellip;]</p>
