{"id":1461,"date":"2019-04-19T14:05:48","date_gmt":"2019-04-19T12:05:48","guid":{"rendered":"http:\/\/localhost\/?page_id=1461"},"modified":"2026-02-12T18:58:51","modified_gmt":"2026-02-12T17:58:51","slug":"informacion-legal","status":"publish","type":"page","link":"https:\/\/www.villeneuve-les-beziers.fr\/es\/mentions-legales\/","title":{"rendered":"Informaci\u00f3n legal"},"content":{"rendered":"<h1 class=\"wp-block-heading\">Informaci\u00f3n legal<\/h1>\n\n\n\n<h2 class=\"wp-block-heading\">Editor del sitio<\/h2>\n\n\n\n<p>\u00c9sta es la p\u00e1gina web oficial de la ciudad de Villeneuve-l\u00e8s-B\u00e9ziers.<\/p>\n\n\n\n<p>Ciudad de Villeneuve-l\u00e8s-B\u00e9ziers<br>Ayuntamiento<br>1 rue de la Marianne<br>34420 Villeneuve-l\u00e8s-B\u00e9ziers<br>Tel.: 04 67 39 47 80<br>Correo electr\u00f3nico : <a href=\"mailto:mairie@villeneuve-les-beziers.fr\">mairie@villeneuve-les-beziers.fr<\/a><br>Sitio : <a href=\"http:\/\/www.villeneuve-les-beziers.fr\/es\/\" target=\"_blank\" rel=\"noopener noreferrer nofollow\">www.villeneuve-les-beziers.fr<\/a><\/p>\n\n\n\n<hr class=\"wp-block-separator has-alpha-channel-opacity\"\/>\n\n\n\n<h2 class=\"wp-block-heading\">Director de publicaci\u00f3n<\/h2>\n\n\n\n<p>Fabrice SOLANS<br>Alcalde de Villeneuve-l\u00e8s-B\u00e9ziers<\/p>\n\n\n\n<hr class=\"wp-block-separator has-alpha-channel-opacity\"\/>\n\n\n\n<h2 class=\"wp-block-heading\">Dise\u00f1o y producci\u00f3n<\/h2>\n\n\n\n<p><a href=\"https:\/\/www.lrob.fr\/\" target=\"_blank\" rel=\"noopener noreferrer nofollow\">Robin LABADIE - LRob.fr<br><\/a>Con la participaci\u00f3n de los departamentos de la ciudad de Villeneuve-l\u00e8s-B\u00e9ziers y del Sr. Delpy, aprendiz de MMI del IUT de B\u00e9ziers.<\/p>\n\n\n\n<hr class=\"wp-block-separator has-alpha-channel-opacity\"\/>\n\n\n\n<h2 class=\"wp-block-heading\">Alojamiento<\/h2>\n\n\n\n<p>LRob - Especialista en alojamiento web en WordPress<br>Empresario individual - RCS 528 479 736<br>1 rue Pierre Chevaldonn\u00e9<br>45000 Orleans<br>Tel: 02 21 82 78 27<br>Contacto: <a href=\"mailto:abuse@lrob.net\">abuse@lrob.net<\/a><br>Sitio : <a href=\"https:\/\/www.lrob.fr\/contact\/\" target=\"_blank\" rel=\"noopener noreferrer nofollow\">https:\/\/www.lrob.fr\/contact\/<\/a><\/p>\n\n\n\n<hr class=\"wp-block-separator has-alpha-channel-opacity\"\/>\n\n\n\n<h2 class=\"wp-block-heading\">Datos personales<\/h2>\n\n\n\n<p>La Ciudad de Villeneuve-l\u00e8s-B\u00e9ziers se compromete a que la recogida y el tratamiento de sus datos, efectuados a partir de esta p\u00e1gina web, sean conformes al Reglamento General de Protecci\u00f3n de Datos (RGPD) y a la Ley francesa de Protecci\u00f3n de Datos.<\/p>\n\n\n\n<p>Para toda la informaci\u00f3n sobre c\u00f3mo gestionamos sus datos personales, consulte la p\u00e1gina dedicada:<\/p>\n\n\n\n<p>Pol\u00edtica de privacidad.<\/p>\n\n\n\n<hr class=\"wp-block-separator has-alpha-channel-opacity\"\/>\n\n\n\n<h2 class=\"wp-block-heading\">Cookies<\/h2>\n\n\n\n<p>El sitio puede utilizar cookies para garantizar el buen funcionamiento de los servicios ofrecidos, la visualizaci\u00f3n de contenidos externos y la elaboraci\u00f3n de estad\u00edsticas an\u00f3nimas de visitas.<\/p>\n\n\n\n<p>Para saber m\u00e1s o gestionar sus preferencias, vaya a :<\/p>\n\n\n\n<p>Pol\u00edtica de cookies.<\/p>\n\n\n\n<hr class=\"wp-block-separator has-alpha-channel-opacity\"\/>\n\n\n\n<h2 class=\"wp-block-heading\">Propiedad intelectual<\/h2>\n\n\n\n<p>Todo el contenido del sitio <a href=\"http:\/\/www.villeneuve-les-beziers.fr\/es\/\" target=\"_blank\" rel=\"noopener noreferrer nofollow\">www.villeneuve-les-beziers.fr<\/a> (texto, fotograf\u00edas, v\u00eddeos, gr\u00e1ficos, logotipos, ilustraciones, etc.) est\u00e1 protegido por la legislaci\u00f3n sobre derechos de autor y propiedad intelectual.<\/p>\n\n\n\n<p>Salvo indicaci\u00f3n contraria, este contenido es propiedad de la Ciudad de Villeneuve-l\u00e8s-B\u00e9ziers.<\/p>\n\n\n\n<p>Cualquier reproducci\u00f3n, representaci\u00f3n, modificaci\u00f3n, publicaci\u00f3n o adaptaci\u00f3n, total o parcial, de estos elementos, por cualquier medio o procedimiento, est\u00e1 prohibida sin autorizaci\u00f3n previa.<\/p>\n\n\n\n<p>Las solicitudes de uso deben dirigirse al Ayuntamiento.<\/p>\n\n\n\n<hr class=\"wp-block-separator has-alpha-channel-opacity\"\/>\n\n\n\n<h2 class=\"wp-block-heading\">Cr\u00e9ditos<\/h2>\n\n\n\n<p>Fuentes: Ayuntamiento de Villeneuve-l\u00e8s-B\u00e9ziers<br>Cr\u00e9ditos fotogr\u00e1ficos: Departamento de Comunicaciones de la Ciudad<\/p>\n\n\n\n<hr class=\"wp-block-separator has-alpha-channel-opacity\"\/>\n\n\n\n<h2 class=\"wp-block-heading\">Responsabilidad<\/h2>\n\n\n\n<p>La Ciudad de Villeneuve-l\u00e8s-B\u00e9ziers hace todo lo posible para que la informaci\u00f3n publicada en este sitio sea exacta y est\u00e9 actualizada.<\/p>\n\n\n\n<p>No obstante, pueden producirse errores u omisiones. Se invita al usuario a comprobar la exactitud de la informaci\u00f3n con los servicios municipales.<\/p>\n\n\n\n<p>La comuna no se hace responsable del uso que se haga de la informaci\u00f3n publicada en este sitio.<\/p>\n\n\n\n<hr class=\"wp-block-separator has-alpha-channel-opacity\"\/>\n\n\n\n<h2 class=\"wp-block-heading\">Enlaces de hipertexto<\/h2>\n\n\n\n<p>El sitio puede proporcionar enlaces a otros sitios p\u00fablicos o privados.<\/p>\n\n\n\n<p>La Ciudad de Villeneuve-l\u00e8s-B\u00e9ziers no se hace responsable del contenido de estos sitios de terceros ni del uso que pueda hacerse de ellos.<\/p>\n\n\n\n<p>Establecer enlaces al sitio <a href=\"http:\/\/www.villeneuve-les-beziers.fr\/es\/\" target=\"_blank\" rel=\"noopener noreferrer nofollow\">www.villeneuve-les-beziers.fr<\/a> se autoriza sin solicitud previa, siempre que no da\u00f1e la imagen de la comunidad.<\/p>\n\n\n\n<hr class=\"wp-block-separator has-alpha-channel-opacity\"\/>\n\n\n\n<h2 class=\"wp-block-heading\">Accesibilidad<\/h2>\n\n\n\n<p>La Ciudad de Villeneuve-l\u00e8s-B\u00e9ziers se compromete a hacer accesible su p\u00e1gina web de conformidad con el R\u00e9f\u00e9rentiel G\u00e9n\u00e9ral d'Am\u00e9lioration de l'Accessibilit\u00e9 (RGAA).<\/p>\n\n\n\n<p>La declaraci\u00f3n de accesibilidad y el plan plurianual de accesibilidad pueden consultarse en la p\u00e1gina web.<\/p>\n\n\n\n<hr class=\"wp-block-separator has-alpha-channel-opacity\"\/>\n\n\n\n<h2 class=\"wp-block-heading\">Legislaci\u00f3n aplicable<\/h2>\n\n\n\n<p>Este sitio se rige por la legislaci\u00f3n francesa e internacional sobre derechos de autor y propiedad intelectual.<\/p>\n\n\n\n<p>Cualquier litigio relacionado con el uso del sitio est\u00e1 sujeto a la legislaci\u00f3n francesa.<\/p>","protected":false},"excerpt":{"rendered":"<p>Mentions l\u00e9gales \u00c9diteur du site Le pr\u00e9sent site est le site officiel de la Ville de Villeneuve-l\u00e8s-B\u00e9ziers. Ville de Villeneuve-l\u00e8s-B\u00e9ziersH\u00f4tel de Ville1 rue de la Marianne34420 Villeneuve-l\u00e8s-B\u00e9ziersT\u00e9l : 04 67 39 47 80Email : mairie@villeneuve-les-beziers.frSite : www.villeneuve-les-beziers.fr Directeur de publication Fabrice SOLANSMaire de Villeneuve-l\u00e8s-B\u00e9ziers Conception et r\u00e9alisation Robin LABADIE \u2013 LRob.frAvec la participation des services [&hellip;]<\/p>\n","protected":false},"author":1,"featured_media":19689,"parent":0,"menu_order":0,"comment_status":"closed","ping_status":"closed","template":"","meta":{"footnotes":""},"class_list":["post-1461","page","type-page","status-publish","has-post-thumbnail","hentry"],"_links":{"self":[{"href":"https:\/\/www.villeneuve-les-beziers.fr\/es\/wp-json\/wp\/v2\/pages\/1461","targetHints":{"allow":["GET"]}}],"collection":[{"href":"https:\/\/www.villeneuve-les-beziers.fr\/es\/wp-json\/wp\/v2\/pages"}],"about":[{"href":"https:\/\/www.villeneuve-les-beziers.fr\/es\/wp-json\/wp\/v2\/types\/page"}],"author":[{"embeddable":true,"href":"https:\/\/www.villeneuve-les-beziers.fr\/es\/wp-json\/wp\/v2\/users\/1"}],"replies":[{"embeddable":true,"href":"https:\/\/www.villeneuve-les-beziers.fr\/es\/wp-json\/wp\/v2\/comments?post=1461"}],"version-history":[{"count":8,"href":"https:\/\/www.villeneuve-les-beziers.fr\/es\/wp-json\/wp\/v2\/pages\/1461\/revisions"}],"predecessor-version":[{"id":20610,"href":"https:\/\/www.villeneuve-les-beziers.fr\/es\/wp-json\/wp\/v2\/pages\/1461\/revisions\/20610"}],"wp:featuredmedia":[{"embeddable":true,"href":"https:\/\/www.villeneuve-les-beziers.fr\/es\/wp-json\/wp\/v2\/media\/19689"}],"wp:attachment":[{"href":"https:\/\/www.villeneuve-les-beziers.fr\/es\/wp-json\/wp\/v2\/media?parent=1461"}],"curies":[{"name":"wp","href":"https:\/\/api.w.org\/{rel}","templated":true}]}}

Información legal

<h1 class="wp-block-heading">Información legal</h1>



<h2 class="wp-block-heading">Editor del sitio</h2>



<p>Ésta es la página web oficial de la ciudad de Villeneuve-lès-Béziers.</p>



<p>Ciudad de Villeneuve-lès-Béziers<br>Ayuntamiento<br>1 rue de la Marianne<br>34420 Villeneuve-lès-Béziers<br>Tel.: 04 67 39 47 80<br>Correo electrónico : <a href="mailto:mairie@villeneuve-les-beziers.fr">mairie@villeneuve-les-beziers.fr</a><br>Sitio : <a href="http://www.villeneuve-les-beziers.fr/es/" target="_blank" rel="noopener noreferrer nofollow">www.villeneuve-les-beziers.fr</a></p>



<hr class="wp-block-separator has-alpha-channel-opacity"/>



<h2 class="wp-block-heading">Director de publicación</h2>



<p>Fabrice SOLANS<br>Alcalde de Villeneuve-lès-Béziers</p>



<hr class="wp-block-separator has-alpha-channel-opacity"/>



<h2 class="wp-block-heading">Diseño y producción</h2>



<p><a href="https://www.lrob.fr/" target="_blank" rel="noopener noreferrer nofollow">Robin LABADIE - LRob.fr<br></a>Con la participación de los departamentos de la ciudad de Villeneuve-lès-Béziers y del Sr. Delpy, aprendiz de MMI del IUT de Béziers.</p>



<hr class="wp-block-separator has-alpha-channel-opacity"/>



<h2 class="wp-block-heading">Alojamiento</h2>



<p>LRob - Especialista en alojamiento web en WordPress<br>Empresario individual - RCS 528 479 736<br>1 rue Pierre Chevaldonné<br>45000 Orleans<br>Tel: 02 21 82 78 27<br>Contacto: <a href="mailto:abuse@lrob.net">abuse@lrob.net</a><br>Sitio : <a href="https://www.lrob.fr/contact/" target="_blank" rel="noopener noreferrer nofollow">https://www.lrob.fr/contact/</a></p>



<hr class="wp-block-separator has-alpha-channel-opacity"/>



<h2 class="wp-block-heading">Datos personales</h2>



<p>La Ciudad de Villeneuve-lès-Béziers se compromete a que la recogida y el tratamiento de sus datos, efectuados a partir de esta página web, sean conformes al Reglamento General de Protección de Datos (RGPD) y a la Ley francesa de Protección de Datos.</p>



<p>Para toda la información sobre cómo gestionamos sus datos personales, consulte la página dedicada:</p>



<p>Política de privacidad.</p>



<hr class="wp-block-separator has-alpha-channel-opacity"/>



<h2 class="wp-block-heading">Cookies</h2>



<p>El sitio puede utilizar cookies para garantizar el buen funcionamiento de los servicios ofrecidos, la visualización de contenidos externos y la elaboración de estadísticas anónimas de visitas.</p>



<p>Para saber más o gestionar sus preferencias, vaya a :</p>



<p>Política de cookies.</p>



<hr class="wp-block-separator has-alpha-channel-opacity"/>



<h2 class="wp-block-heading">Propiedad intelectual</h2>



<p>Todo el contenido del sitio <a href="http://www.villeneuve-les-beziers.fr/es/" target="_blank" rel="noopener noreferrer nofollow">www.villeneuve-les-beziers.fr</a> (texto, fotografías, vídeos, gráficos, logotipos, ilustraciones, etc.) está protegido por la legislación sobre derechos de autor y propiedad intelectual.</p>



<p>Salvo indicación contraria, este contenido es propiedad de la Ciudad de Villeneuve-lès-Béziers.</p>



<p>Cualquier reproducción, representación, modificación, publicación o adaptación, total o parcial, de estos elementos, por cualquier medio o procedimiento, está prohibida sin autorización previa.</p>



<p>Las solicitudes de uso deben dirigirse al Ayuntamiento.</p>



<hr class="wp-block-separator has-alpha-channel-opacity"/>



<h2 class="wp-block-heading">Créditos</h2>



<p>Fuentes: Ayuntamiento de Villeneuve-lès-Béziers<br>Créditos fotográficos: Departamento de Comunicaciones de la Ciudad</p>



<hr class="wp-block-separator has-alpha-channel-opacity"/>



<h2 class="wp-block-heading">Responsabilidad</h2>



<p>La Ciudad de Villeneuve-lès-Béziers hace todo lo posible para que la información publicada en este sitio sea exacta y esté actualizada.</p>



<p>No obstante, pueden producirse errores u omisiones. Se invita al usuario a comprobar la exactitud de la información con los servicios municipales.</p>



<p>La comuna no se hace responsable del uso que se haga de la información publicada en este sitio.</p>



<hr class="wp-block-separator has-alpha-channel-opacity"/>



<h2 class="wp-block-heading">Enlaces de hipertexto</h2>



<p>El sitio puede proporcionar enlaces a otros sitios públicos o privados.</p>



<p>La Ciudad de Villeneuve-lès-Béziers no se hace responsable del contenido de estos sitios de terceros ni del uso que pueda hacerse de ellos.</p>



<p>Establecer enlaces al sitio <a href="http://www.villeneuve-les-beziers.fr/es/" target="_blank" rel="noopener noreferrer nofollow">www.villeneuve-les-beziers.fr</a> se autoriza sin solicitud previa, siempre que no dañe la imagen de la comunidad.</p>



<hr class="wp-block-separator has-alpha-channel-opacity"/>



<h2 class="wp-block-heading">Accesibilidad</h2>



<p>La Ciudad de Villeneuve-lès-Béziers se compromete a hacer accesible su página web de conformidad con el Référentiel Général d'Amélioration de l'Accessibilité (RGAA).</p>



<p>La declaración de accesibilidad y el plan plurianual de accesibilidad pueden consultarse en la página web.</p>



<hr class="wp-block-separator has-alpha-channel-opacity"/>



<h2 class="wp-block-heading">Legislación aplicable</h2>



<p>Este sitio se rige por la legislación francesa e internacional sobre derechos de autor y propiedad intelectual.</p>



<p>Cualquier litigio relacionado con el uso del sitio está sujeto a la legislación francesa.</p>

<p>Mentions légales Éditeur du site Le présent site est le site officiel de la Ville de Villeneuve-lès-Béziers. Ville de Villeneuve-lès-BéziersHôtel de Ville1 rue de la Marianne34420 Villeneuve-lès-BéziersTél : 04 67 39 47 80Email : mairie@villeneuve-les-beziers.frSite : www.villeneuve-les-beziers.fr Directeur de publication Fabrice SOLANSMaire de Villeneuve-lès-Béziers Conception et réalisation Robin LABADIE – LRob.frAvec la participation des services [&hellip;]</p>
