{"id":2045,"date":"2019-04-30T10:45:27","date_gmt":"2019-04-30T08:45:27","guid":{"rendered":"http:\/\/localhost\/?page_id=2045"},"modified":"2024-11-22T22:02:11","modified_gmt":"2024-11-22T21:02:11","slug":"camaras-para-peatones","status":"publish","type":"page","link":"https:\/\/www.villeneuve-les-beziers.fr\/es\/vie-pratique\/securite\/cameras-pietons\/","title":{"rendered":"C\u00e1maras para peatones"},"content":{"rendered":"<p>Los polic\u00edas municipales est\u00e1n autorizados a llevar c\u00e1maras individuales para realizar grabaciones audiovisuales de sus actuaciones. Su uso est\u00e1 regulado por el decreto 2019-140 de 27 de febrero de 2019, <strong><a href=\"http:\/\/www.villeneuve-les-beziers.fr\/wp-content\/uploads\/2019\/04\/Arrete_Prefectoral_camera_pietons_vlb_15_04_19.pdf\" target=\"_blank\" rel=\"noopener\">Decreto prefectoral n\u00ba 2019-01-359 de 15 de abril de 2019<\/a><\/strong>y <strong><a href=\"http:\/\/www.villeneuve-les-beziers.fr\/wp-content\/uploads\/2019\/05\/2019-098-PM_Port_camera_individuelle.pdf\" target=\"_blank\" rel=\"noopener\" data-darkreader-inline-color=\"\">ordenanza municipal n\u00ba 2019-098-PM de 23 de abril de 2019<\/a><\/strong><\/p>\n\n\n\n<h2 class=\"wp-block-heading\">La ley regula estrictamente el uso de las \"c\u00e1maras para peatones\" y ofrece las siguientes garant\u00edas a los ciudadanos y usuarios.<\/h2>\n\n\n\n<ul class=\"wp-block-list\">\n<li>El puerto de la c\u00e1mara es visible <\/li>\n\n\n\n<li>Se recomienda la informaci\u00f3n oral de las personas afectadas, salvo en circunstancias especiales<\/li>\n\n\n\n<li>Una \"se\u00f1al visual espec\u00edfica\" es visible cuando se activa la grabaci\u00f3n;<\/li>\n\n\n\n<li>El personal al que se suministran c\u00e1maras individuales no puede tener acceso directo a las grabaciones que realizan.<\/li>\n\n\n\n<li>Las im\u00e1genes y sonidos captados se almacenan en zonas seguras<\/li>\n\n\n\n<li>El acceso a las grabaciones est\u00e1 estrictamente controlado y limitado<\/li>\n\n\n\n<li>Las im\u00e1genes y sonidos grabados se conservan durante 6 meses y se destruyen al final de este periodo.<\/li>\n\n\n\n<li>El derecho de acceso a los ficheros se ejerce indirectamente solicitando a la CNIL que examine la conformidad de las im\u00e1genes y sonidos almacenados (art\u00edculo 41 de la ley n\u00ba 78-17 de 6 de enero de 1978 relativa a la inform\u00e1tica, a los ficheros y a las libertades y art\u00edculo 41 de la ley n\u00ba 78-17 de 6 de enero de 1978 relativa a la inform\u00e1tica, a los ficheros y a las libertades y art\u00edculo 41 de la ley n\u00ba 78-17 de 6 de enero de 1978 relativa a la inform\u00e1tica, a los ficheros y a las libertades). <a href=\"https:\/\/www.legifrance.gouv.fr\/affichTexte.do?cidTexte=JORFTEXT000038175494&amp;categorieLien=id\" target=\"_blank\" rel=\"noopener\"><strong>Art\u00edculo 241-15-III del Decreto 2019-140 de 27 de febrero de 2019<\/strong><\/a> relativa al tratamiento de datos personales de las c\u00e1maras personales de los polic\u00edas municipales.<\/li>\n<\/ul>","protected":false},"excerpt":{"rendered":"<p>Les agents de police municipale sont autoris\u00e9s \u00e0 porter les cam\u00e9ras individuelles en vue de proc\u00e9der aux enregistrements audiovisuels de leurs interventions. Leur usage est encadr\u00e9 par le d\u00e9cret 2019-140 du 27 f\u00e9vrier 2019, l\u2019arr\u00eat\u00e9 pr\u00e9fectoral n\u00b02019-01-359 du 15 avril 2019\u200b, et l\u2019arr\u00eat\u00e9 municipal n\u00b02019-098-PM du 23 avril 2019 La loi encadre strictement l\u2019utilisation de [&hellip;]<\/p>\n","protected":false},"author":1,"featured_media":2030,"parent":12169,"menu_order":0,"comment_status":"closed","ping_status":"closed","template":"","meta":{"footnotes":""},"class_list":["post-2045","page","type-page","status-publish","has-post-thumbnail","hentry"],"_links":{"self":[{"href":"https:\/\/www.villeneuve-les-beziers.fr\/es\/wp-json\/wp\/v2\/pages\/2045","targetHints":{"allow":["GET"]}}],"collection":[{"href":"https:\/\/www.villeneuve-les-beziers.fr\/es\/wp-json\/wp\/v2\/pages"}],"about":[{"href":"https:\/\/www.villeneuve-les-beziers.fr\/es\/wp-json\/wp\/v2\/types\/page"}],"author":[{"embeddable":true,"href":"https:\/\/www.villeneuve-les-beziers.fr\/es\/wp-json\/wp\/v2\/users\/1"}],"replies":[{"embeddable":true,"href":"https:\/\/www.villeneuve-les-beziers.fr\/es\/wp-json\/wp\/v2\/comments?post=2045"}],"version-history":[{"count":0,"href":"https:\/\/www.villeneuve-les-beziers.fr\/es\/wp-json\/wp\/v2\/pages\/2045\/revisions"}],"up":[{"embeddable":true,"href":"https:\/\/www.villeneuve-les-beziers.fr\/es\/wp-json\/wp\/v2\/pages\/12169"}],"wp:featuredmedia":[{"embeddable":true,"href":"https:\/\/www.villeneuve-les-beziers.fr\/es\/wp-json\/wp\/v2\/media\/2030"}],"wp:attachment":[{"href":"https:\/\/www.villeneuve-les-beziers.fr\/es\/wp-json\/wp\/v2\/media?parent=2045"}],"curies":[{"name":"wp","href":"https:\/\/api.w.org\/{rel}","templated":true}]}}

Cámaras para peatones

<p>Los policías municipales están autorizados a llevar cámaras individuales para realizar grabaciones audiovisuales de sus actuaciones. Su uso está regulado por el decreto 2019-140 de 27 de febrero de 2019, <strong><a href="http://www.villeneuve-les-beziers.fr/wp-content/uploads/2019/04/Arrete_Prefectoral_camera_pietons_vlb_15_04_19.pdf" target="_blank" rel="noopener">Decreto prefectoral nº 2019-01-359 de 15 de abril de 2019</a></strong>y <strong><a href="http://www.villeneuve-les-beziers.fr/wp-content/uploads/2019/05/2019-098-PM_Port_camera_individuelle.pdf" target="_blank" rel="noopener" data-darkreader-inline-color="">ordenanza municipal nº 2019-098-PM de 23 de abril de 2019</a></strong></p>



<h2 class="wp-block-heading">La ley regula estrictamente el uso de las "cámaras para peatones" y ofrece las siguientes garantías a los ciudadanos y usuarios.</h2>



<ul class="wp-block-list">
<li>El puerto de la cámara es visible </li>



<li>Se recomienda la información oral de las personas afectadas, salvo en circunstancias especiales</li>



<li>Una "señal visual específica" es visible cuando se activa la grabación;</li>



<li>El personal al que se suministran cámaras individuales no puede tener acceso directo a las grabaciones que realizan.</li>



<li>Las imágenes y sonidos captados se almacenan en zonas seguras</li>



<li>El acceso a las grabaciones está estrictamente controlado y limitado</li>



<li>Las imágenes y sonidos grabados se conservan durante 6 meses y se destruyen al final de este periodo.</li>



<li>El derecho de acceso a los ficheros se ejerce indirectamente solicitando a la CNIL que examine la conformidad de las imágenes y sonidos almacenados (artículo 41 de la ley nº 78-17 de 6 de enero de 1978 relativa a la informática, a los ficheros y a las libertades y artículo 41 de la ley nº 78-17 de 6 de enero de 1978 relativa a la informática, a los ficheros y a las libertades y artículo 41 de la ley nº 78-17 de 6 de enero de 1978 relativa a la informática, a los ficheros y a las libertades). <a href="https://www.legifrance.gouv.fr/affichTexte.do?cidTexte=JORFTEXT000038175494&amp;categorieLien=id" target="_blank" rel="noopener"><strong>Artículo 241-15-III del Decreto 2019-140 de 27 de febrero de 2019</strong></a> relativa al tratamiento de datos personales de las cámaras personales de los policías municipales.</li>
</ul>

<p>Les agents de police municipale sont autorisés à porter les caméras individuelles en vue de procéder aux enregistrements audiovisuels de leurs interventions. Leur usage est encadré par le décret 2019-140 du 27 février 2019, l’arrêté préfectoral n°2019-01-359 du 15 avril 2019​, et l’arrêté municipal n°2019-098-PM du 23 avril 2019 La loi encadre strictement l’utilisation de [&hellip;]</p>
