{"id":227,"date":"2019-04-10T11:51:14","date_gmt":"2019-04-10T09:51:14","guid":{"rendered":"http:\/\/localhost\/?page_id=227"},"modified":"2024-11-26T00:59:06","modified_gmt":"2024-11-25T23:59:06","slug":"patrimonio","status":"publish","type":"page","link":"https:\/\/www.villeneuve-les-beziers.fr\/es\/decouvrir\/patrimoine\/","title":{"rendered":"Patrimonio"},"content":{"rendered":"<h2 class=\"wp-block-heading\">La historia de Villeneuve-l\u00e8s-B\u00e9ziers<\/h2>\n\n\n\n<p>De cara al futuro, Villeneuve-L\u00e8s-B\u00e9ziers evoluciona y se moderniza, pero tambi\u00e9n sabe preservar su patrimonio y conservar el encanto de anta\u00f1o... El desarrollo de los parques empresariales P\u00f4le M\u00e9diterran\u00e9e, M\u00e9ridienne y Pech Auriol, las obras de la plaza del centro y de la traves\u00eda de la ciudad, por citar s\u00f3lo algunos de los cambios que se est\u00e1n produciendo, demuestran hasta qu\u00e9 punto est\u00e1 cambiando nuestro pueblo. Estos cambios, que no tienen otro objetivo que proporcionar a Villeneuvois una mejor calidad de vida, van acompa\u00f1ados de una preocupaci\u00f3n constante por parte del municipio por preservar los tesoros de nuestro pasado, como demuestran las fotos antiguas. Villeneuve vive con los tiempos y, al tiempo que se moderniza, preserva sus tesoros.<\/p>\n\n\n\n<h2 class=\"wp-block-heading\">La Cr\u00e9made o la etimolog\u00eda de Villeneuve-L\u00e8s-B\u00e9ziers<\/h2>\n\n\n\n<p>Villeneuve proviene de: \"ciudad nueva\" (el nombre latino \"Villa\", que originalmente significaba \"casa de campo\" o \"granja\" deriv\u00f3 en \"aldea\" o \"pueblo\"). Villeneuve se construy\u00f3 en el a\u00f1o 778 en un terreno bald\u00edo que formaba parte de la propiedad regalada por el emperador Carlomagno a un tal Valchaire. Antiguamente se llamaba \"Villeneuve la Cr\u00e9made\" porque fue incendiada por las tropas de Sim\u00f3n de Montfort, y conserv\u00f3 este nombre hasta 1631. Fue a partir de esta fecha cuando el municipio tom\u00f3 el nombre de Villeneuve-L\u00e8s-B\u00e9ziers en los registros civiles. La palabra \"l\u00e8s\" no es un art\u00edculo sino una preposici\u00f3n que significa \"junto a, cerca de\", derivada de la ra\u00edz latina \"latus\".<\/p>\n\n\n\n<div class=\"wp-block-group is-style-section-1 has-global-padding is-layout-constrained wp-container-core-group-is-layout-7ececc86 wp-block-group-is-layout-constrained is-style-section-1--1\" style=\"margin-top:var(--wp--preset--spacing--50);margin-bottom:var(--wp--preset--spacing--50);padding-top:var(--wp--preset--spacing--30);padding-right:var(--wp--preset--spacing--30);padding-bottom:var(--wp--preset--spacing--30);padding-left:var(--wp--preset--spacing--30)\">\n<h2 class=\"wp-block-heading has-text-align-center\">Descubra<\/h2>\n\n\n\n<div class=\"wp-block-query is-layout-flow wp-block-query-is-layout-flow\"><ul class=\"columns-3 wp-block-post-template is-layout-grid wp-container-core-post-template-is-layout-572542b5 wp-block-post-template-is-layout-grid\"><li class=\"wp-block-post post-2513 page type-page status-publish has-post-thumbnail hentry\">\n\n<div class=\"wp-block-group is-vertical is-content-justification-center is-layout-flex wp-container-core-group-is-layout-29607247 wp-block-group-is-layout-flex\" style=\"padding-top:var(--wp--preset--spacing--20);padding-right:var(--wp--preset--spacing--20);padding-bottom:var(--wp--preset--spacing--20);padding-left:var(--wp--preset--spacing--20)\"><figure style=\"aspect-ratio:16\/9;\" class=\"wp-block-post-featured-image\"><a href=\"https:\/\/www.villeneuve-les-beziers.fr\/es\/decouvrir\/patrimoine\/leglise-saint-etienne\/\" target=\"_self\"  ><img loading=\"lazy\" decoding=\"async\" width=\"1440\" height=\"960\" src=\"https:\/\/www.villeneuve-les-beziers.fr\/wp-content\/uploads\/2019\/05\/eglise2.jpg\" class=\"attachment-post-thumbnail size-post-thumbnail wp-post-image\" alt=\"La iglesia de Saint-Etienne\" style=\"width:100%;height:100%;object-fit:cover;\" srcset=\"https:\/\/www.villeneuve-les-beziers.fr\/wp-content\/uploads\/2019\/05\/eglise2.jpg 1440w, https:\/\/www.villeneuve-les-beziers.fr\/wp-content\/uploads\/2019\/05\/eglise2-150x100.jpg 150w, https:\/\/www.villeneuve-les-beziers.fr\/wp-content\/uploads\/2019\/05\/eglise2-300x200.jpg 300w, https:\/\/www.villeneuve-les-beziers.fr\/wp-content\/uploads\/2019\/05\/eglise2-768x512.jpg 768w, https:\/\/www.villeneuve-les-beziers.fr\/wp-content\/uploads\/2019\/05\/eglise2-1024x683.jpg 1024w\" sizes=\"auto, (max-width: 1440px) 100vw, 1440px\" \/><\/a><\/figure>\n\n<h3 class=\"has-text-align-center wp-block-post-title has-large-font-size\"><a href=\"https:\/\/www.villeneuve-les-beziers.fr\/es\/decouvrir\/patrimoine\/leglise-saint-etienne\/\" target=\"_self\" >Iglesia de Saint-Etienne<\/a><\/h3><\/div>\n\n<\/li><li class=\"wp-block-post post-2570 page type-page status-publish has-post-thumbnail hentry\">\n\n<div class=\"wp-block-group is-vertical is-content-justification-center is-layout-flex wp-container-core-group-is-layout-29607247 wp-block-group-is-layout-flex\" style=\"padding-top:var(--wp--preset--spacing--20);padding-right:var(--wp--preset--spacing--20);padding-bottom:var(--wp--preset--spacing--20);padding-left:var(--wp--preset--spacing--20)\"><figure style=\"aspect-ratio:16\/9;\" class=\"wp-block-post-featured-image\"><a href=\"https:\/\/www.villeneuve-les-beziers.fr\/es\/decouvrir\/patrimoine\/la-tour-du-chateau\/\" target=\"_self\"  ><img loading=\"lazy\" decoding=\"async\" width=\"791\" height=\"505\" src=\"https:\/\/www.villeneuve-les-beziers.fr\/wp-content\/uploads\/2019\/05\/chanteauancien.jpg\" class=\"attachment-post-thumbnail size-post-thumbnail wp-post-image\" alt=\"La Torre del Castillo\" style=\"width:100%;height:100%;object-fit:cover;\" srcset=\"https:\/\/www.villeneuve-les-beziers.fr\/wp-content\/uploads\/2019\/05\/chanteauancien.jpg 791w, https:\/\/www.villeneuve-les-beziers.fr\/wp-content\/uploads\/2019\/05\/chanteauancien-150x96.jpg 150w, https:\/\/www.villeneuve-les-beziers.fr\/wp-content\/uploads\/2019\/05\/chanteauancien-300x192.jpg 300w, https:\/\/www.villeneuve-les-beziers.fr\/wp-content\/uploads\/2019\/05\/chanteauancien-768x490.jpg 768w\" sizes=\"auto, (max-width: 791px) 100vw, 791px\" \/><\/a><\/figure>\n\n<h3 class=\"has-text-align-center wp-block-post-title has-large-font-size\"><a href=\"https:\/\/www.villeneuve-les-beziers.fr\/es\/decouvrir\/patrimoine\/la-tour-du-chateau\/\" target=\"_self\" >La Torre del Castillo<\/a><\/h3><\/div>\n\n<\/li><li class=\"wp-block-post post-2532 page type-page status-publish has-post-thumbnail hentry\">\n\n<div class=\"wp-block-group is-vertical is-content-justification-center is-layout-flex wp-container-core-group-is-layout-29607247 wp-block-group-is-layout-flex\" style=\"padding-top:var(--wp--preset--spacing--20);padding-right:var(--wp--preset--spacing--20);padding-bottom:var(--wp--preset--spacing--20);padding-left:var(--wp--preset--spacing--20)\"><figure style=\"aspect-ratio:16\/9;\" class=\"wp-block-post-featured-image\"><a href=\"https:\/\/www.villeneuve-les-beziers.fr\/es\/decouvrir\/patrimoine\/le-canal-du-midi\/\" target=\"_self\"  ><img loading=\"lazy\" decoding=\"async\" width=\"2560\" height=\"1440\" src=\"https:\/\/www.villeneuve-les-beziers.fr\/wp-content\/uploads\/2024\/11\/slider_003-crop.jpg\" class=\"attachment-post-thumbnail size-post-thumbnail wp-post-image\" alt=\"El Canal du Midi\" style=\"width:100%;height:100%;object-fit:cover;\" srcset=\"https:\/\/www.villeneuve-les-beziers.fr\/wp-content\/uploads\/2024\/11\/slider_003-crop.jpg 2560w, https:\/\/www.villeneuve-les-beziers.fr\/wp-content\/uploads\/2024\/11\/slider_003-crop-150x84.jpg 150w, https:\/\/www.villeneuve-les-beziers.fr\/wp-content\/uploads\/2024\/11\/slider_003-crop-300x169.jpg 300w, https:\/\/www.villeneuve-les-beziers.fr\/wp-content\/uploads\/2024\/11\/slider_003-crop-768x432.jpg 768w, https:\/\/www.villeneuve-les-beziers.fr\/wp-content\/uploads\/2024\/11\/slider_003-crop-1024x576.jpg 1024w, https:\/\/www.villeneuve-les-beziers.fr\/wp-content\/uploads\/2024\/11\/slider_003-crop-1536x864.jpg 1536w, https:\/\/www.villeneuve-les-beziers.fr\/wp-content\/uploads\/2024\/11\/slider_003-crop-2048x1152.jpg 2048w\" sizes=\"auto, (max-width: 2560px) 100vw, 2560px\" \/><\/a><\/figure>\n\n<h3 class=\"has-text-align-center wp-block-post-title has-large-font-size\"><a href=\"https:\/\/www.villeneuve-les-beziers.fr\/es\/decouvrir\/patrimoine\/le-canal-du-midi\/\" target=\"_self\" >El Canal du Midi<\/a><\/h3><\/div>\n\n<\/li><\/ul><\/div>\n<\/div>\n\n\n\n<h2 class=\"wp-block-heading has-text-align-center\">Ver tambi\u00e9n<\/h2>\n\n\n\n<div class=\"wp-block-group is-content-justification-center is-nowrap is-layout-flex wp-container-core-group-is-layout-923b238b wp-block-group-is-layout-flex\">\n<div class=\"wp-block-group is-vertical is-content-justification-center is-layout-flex wp-container-core-group-is-layout-ce155fab wp-block-group-is-layout-flex\">\n<h3 class=\"wp-block-heading\"><a href=\"https:\/\/www.grands-sites-occitanie.fr\/grand-site\/canal-du-midi\/\" target=\"_blank\" rel=\"noreferrer noopener\">Grands Sites Occitanie<\/a><\/h3>\n\n\n\n<figure class=\"wp-block-image\"><a href=\"https:\/\/www.grands-sites-occitanie.fr\/grand-site\/canal-du-midi\/\" target=\"_blank\" rel=\" noreferrer noopener\"><img decoding=\"async\" src=\"https:\/\/www.villeneuve-les-beziers.fr\/wp-content\/uploads\/elementor\/thumbs\/GSO-ppyqqw64o0xbmw2o1xawdl4ediit2jjyferu23tngk.jpg\" alt=\"OSG\" title=\"OSG\"\/><\/a><\/figure>\n<\/div>\n\n\n\n<div class=\"wp-block-group is-vertical is-content-justification-center is-layout-flex wp-container-core-group-is-layout-ce155fab wp-block-group-is-layout-flex\">\n<h3 class=\"wp-block-heading\"><a href=\"https:\/\/www.oc-cultura.eu\/\" target=\"_blank\" rel=\"noreferrer noopener\">CIRDOC<\/a><\/h3>\n\n\n\n<figure class=\"wp-block-image\"><a href=\"https:\/\/www.oc-cultura.eu\/\" target=\"_blank\" rel=\" noreferrer noopener\"><img decoding=\"async\" src=\"https:\/\/www.villeneuve-les-beziers.fr\/wp-content\/uploads\/2019\/05\/Logo_cirdoc-1-150x150.png\" alt=\"\"\/><\/a><\/figure>\n<\/div>\n<\/div>","protected":false},"excerpt":{"rendered":"<p>L&rsquo;histoire de Villeneuve-l\u00e8s-B\u00e9ziers Tourn\u00e9e vers l&rsquo;avenir, Villeneuve-L\u00e8s-B\u00e9ziers \u00e9volue, se modernise, mais sait aussi pr\u00e9server son patrimoine et garder le charme d&rsquo;autrefois&#8230; Le d\u00e9veloppement des Parcs d&rsquo;Activit\u00e9s du P\u00f4le M\u00e9diterran\u00e9e, de la M\u00e9ridienne, du Pech Auriol, les travaux d&rsquo;am\u00e9nagement de la place du centre-ville, de la travers\u00e9e de la commune, pour ne citer que quelques-uns des [&hellip;]<\/p>\n","protected":false},"author":1,"featured_media":9486,"parent":8353,"menu_order":0,"comment_status":"closed","ping_status":"closed","template":"","meta":{"footnotes":""},"class_list":["post-227","page","type-page","status-publish","has-post-thumbnail","hentry"],"_links":{"self":[{"href":"https:\/\/www.villeneuve-les-beziers.fr\/es\/wp-json\/wp\/v2\/pages\/227","targetHints":{"allow":["GET"]}}],"collection":[{"href":"https:\/\/www.villeneuve-les-beziers.fr\/es\/wp-json\/wp\/v2\/pages"}],"about":[{"href":"https:\/\/www.villeneuve-les-beziers.fr\/es\/wp-json\/wp\/v2\/types\/page"}],"author":[{"embeddable":true,"href":"https:\/\/www.villeneuve-les-beziers.fr\/es\/wp-json\/wp\/v2\/users\/1"}],"replies":[{"embeddable":true,"href":"https:\/\/www.villeneuve-les-beziers.fr\/es\/wp-json\/wp\/v2\/comments?post=227"}],"version-history":[{"count":5,"href":"https:\/\/www.villeneuve-les-beziers.fr\/es\/wp-json\/wp\/v2\/pages\/227\/revisions"}],"predecessor-version":[{"id":19516,"href":"https:\/\/www.villeneuve-les-beziers.fr\/es\/wp-json\/wp\/v2\/pages\/227\/revisions\/19516"}],"up":[{"embeddable":true,"href":"https:\/\/www.villeneuve-les-beziers.fr\/es\/wp-json\/wp\/v2\/pages\/8353"}],"wp:featuredmedia":[{"embeddable":true,"href":"https:\/\/www.villeneuve-les-beziers.fr\/es\/wp-json\/wp\/v2\/media\/9486"}],"wp:attachment":[{"href":"https:\/\/www.villeneuve-les-beziers.fr\/es\/wp-json\/wp\/v2\/media?parent=227"}],"curies":[{"name":"wp","href":"https:\/\/api.w.org\/{rel}","templated":true}]}}

<h2 class="wp-block-heading">La historia de Villeneuve-lès-Béziers</h2>



<p>De cara al futuro, Villeneuve-Lès-Béziers evoluciona y se moderniza, pero también sabe preservar su patrimonio y conservar el encanto de antaño... El desarrollo de los parques empresariales Pôle Méditerranée, Méridienne y Pech Auriol, las obras de la plaza del centro y de la travesía de la ciudad, por citar sólo algunos de los cambios que se están produciendo, demuestran hasta qué punto está cambiando nuestro pueblo. Estos cambios, que no tienen otro objetivo que proporcionar a Villeneuvois una mejor calidad de vida, van acompañados de una preocupación constante por parte del municipio por preservar los tesoros de nuestro pasado, como demuestran las fotos antiguas. Villeneuve vive con los tiempos y, al tiempo que se moderniza, preserva sus tesoros.</p>



<h2 class="wp-block-heading">La Crémade o la etimología de Villeneuve-Lès-Béziers</h2>



<p>Villeneuve proviene de: "ciudad nueva" (el nombre latino "Villa", que originalmente significaba "casa de campo" o "granja" derivó en "aldea" o "pueblo"). Villeneuve se construyó en el año 778 en un terreno baldío que formaba parte de la propiedad regalada por el emperador Carlomagno a un tal Valchaire. Antiguamente se llamaba "Villeneuve la Crémade" porque fue incendiada por las tropas de Simón de Montfort, y conservó este nombre hasta 1631. Fue a partir de esta fecha cuando el municipio tomó el nombre de Villeneuve-Lès-Béziers en los registros civiles. La palabra "lès" no es un artículo sino una preposición que significa "junto a, cerca de", derivada de la raíz latina "latus".</p>



<div class="wp-block-group is-style-section-1 has-global-padding is-layout-constrained wp-container-core-group-is-layout-7ececc86 wp-block-group-is-layout-constrained is-style-section-1--1" style="margin-top:var(--wp--preset--spacing--50);margin-bottom:var(--wp--preset--spacing--50);padding-top:var(--wp--preset--spacing--30);padding-right:var(--wp--preset--spacing--30);padding-bottom:var(--wp--preset--spacing--30);padding-left:var(--wp--preset--spacing--30)">
<h2 class="wp-block-heading has-text-align-center">Descubra</h2>



<div class="wp-block-query is-layout-flow wp-block-query-is-layout-flow"><ul class="columns-3 wp-block-post-template is-layout-grid wp-container-core-post-template-is-layout-572542b5 wp-block-post-template-is-layout-grid"><li class="wp-block-post post-2513 page type-page status-publish has-post-thumbnail hentry">

<div class="wp-block-group is-vertical is-content-justification-center is-layout-flex wp-container-core-group-is-layout-29607247 wp-block-group-is-layout-flex" style="padding-top:var(--wp--preset--spacing--20);padding-right:var(--wp--preset--spacing--20);padding-bottom:var(--wp--preset--spacing--20);padding-left:var(--wp--preset--spacing--20)"><figure style="aspect-ratio:16/9;" class="wp-block-post-featured-image"><a href="https://www.villeneuve-les-beziers.fr/es/decouvrir/patrimoine/leglise-saint-etienne/" target="_self"  ><img loading="lazy" decoding="async" width="1440" height="960" src="https://www.villeneuve-les-beziers.fr/wp-content/uploads/2019/05/eglise2.jpg" class="attachment-post-thumbnail size-post-thumbnail wp-post-image" alt="La iglesia de Saint-Etienne" style="width:100%;height:100%;object-fit:cover;" srcset="https://www.villeneuve-les-beziers.fr/wp-content/uploads/2019/05/eglise2.jpg 1440w, https://www.villeneuve-les-beziers.fr/wp-content/uploads/2019/05/eglise2-150x100.jpg 150w, https://www.villeneuve-les-beziers.fr/wp-content/uploads/2019/05/eglise2-300x200.jpg 300w, https://www.villeneuve-les-beziers.fr/wp-content/uploads/2019/05/eglise2-768x512.jpg 768w, https://www.villeneuve-les-beziers.fr/wp-content/uploads/2019/05/eglise2-1024x683.jpg 1024w" sizes="auto, (max-width: 1440px) 100vw, 1440px" /></a></figure>

<h3 class="has-text-align-center wp-block-post-title has-large-font-size"><a href="https://www.villeneuve-les-beziers.fr/es/decouvrir/patrimoine/leglise-saint-etienne/" target="_self" >Iglesia de Saint-Etienne</a></h3></div>

</li><li class="wp-block-post post-2570 page type-page status-publish has-post-thumbnail hentry">

<div class="wp-block-group is-vertical is-content-justification-center is-layout-flex wp-container-core-group-is-layout-29607247 wp-block-group-is-layout-flex" style="padding-top:var(--wp--preset--spacing--20);padding-right:var(--wp--preset--spacing--20);padding-bottom:var(--wp--preset--spacing--20);padding-left:var(--wp--preset--spacing--20)"><figure style="aspect-ratio:16/9;" class="wp-block-post-featured-image"><a href="https://www.villeneuve-les-beziers.fr/es/decouvrir/patrimoine/la-tour-du-chateau/" target="_self"  ><img loading="lazy" decoding="async" width="791" height="505" src="https://www.villeneuve-les-beziers.fr/wp-content/uploads/2019/05/chanteauancien.jpg" class="attachment-post-thumbnail size-post-thumbnail wp-post-image" alt="La Torre del Castillo" style="width:100%;height:100%;object-fit:cover;" srcset="https://www.villeneuve-les-beziers.fr/wp-content/uploads/2019/05/chanteauancien.jpg 791w, https://www.villeneuve-les-beziers.fr/wp-content/uploads/2019/05/chanteauancien-150x96.jpg 150w, https://www.villeneuve-les-beziers.fr/wp-content/uploads/2019/05/chanteauancien-300x192.jpg 300w, https://www.villeneuve-les-beziers.fr/wp-content/uploads/2019/05/chanteauancien-768x490.jpg 768w" sizes="auto, (max-width: 791px) 100vw, 791px" /></a></figure>

<h3 class="has-text-align-center wp-block-post-title has-large-font-size"><a href="https://www.villeneuve-les-beziers.fr/es/decouvrir/patrimoine/la-tour-du-chateau/" target="_self" >La Torre del Castillo</a></h3></div>

</li><li class="wp-block-post post-2532 page type-page status-publish has-post-thumbnail hentry">

<div class="wp-block-group is-vertical is-content-justification-center is-layout-flex wp-container-core-group-is-layout-29607247 wp-block-group-is-layout-flex" style="padding-top:var(--wp--preset--spacing--20);padding-right:var(--wp--preset--spacing--20);padding-bottom:var(--wp--preset--spacing--20);padding-left:var(--wp--preset--spacing--20)"><figure style="aspect-ratio:16/9;" class="wp-block-post-featured-image"><a href="https://www.villeneuve-les-beziers.fr/es/decouvrir/patrimoine/le-canal-du-midi/" target="_self"  ><img loading="lazy" decoding="async" width="2560" height="1440" src="https://www.villeneuve-les-beziers.fr/wp-content/uploads/2024/11/slider_003-crop.jpg" class="attachment-post-thumbnail size-post-thumbnail wp-post-image" alt="El Canal du Midi" style="width:100%;height:100%;object-fit:cover;" srcset="https://www.villeneuve-les-beziers.fr/wp-content/uploads/2024/11/slider_003-crop.jpg 2560w, https://www.villeneuve-les-beziers.fr/wp-content/uploads/2024/11/slider_003-crop-150x84.jpg 150w, https://www.villeneuve-les-beziers.fr/wp-content/uploads/2024/11/slider_003-crop-300x169.jpg 300w, https://www.villeneuve-les-beziers.fr/wp-content/uploads/2024/11/slider_003-crop-768x432.jpg 768w, https://www.villeneuve-les-beziers.fr/wp-content/uploads/2024/11/slider_003-crop-1024x576.jpg 1024w, https://www.villeneuve-les-beziers.fr/wp-content/uploads/2024/11/slider_003-crop-1536x864.jpg 1536w, https://www.villeneuve-les-beziers.fr/wp-content/uploads/2024/11/slider_003-crop-2048x1152.jpg 2048w" sizes="auto, (max-width: 2560px) 100vw, 2560px" /></a></figure>

<h3 class="has-text-align-center wp-block-post-title has-large-font-size"><a href="https://www.villeneuve-les-beziers.fr/es/decouvrir/patrimoine/le-canal-du-midi/" target="_self" >El Canal du Midi</a></h3></div>

</li></ul></div>
</div>



<h2 class="wp-block-heading has-text-align-center">Ver también</h2>



<div class="wp-block-group is-content-justification-center is-nowrap is-layout-flex wp-container-core-group-is-layout-923b238b wp-block-group-is-layout-flex">
<div class="wp-block-group is-vertical is-content-justification-center is-layout-flex wp-container-core-group-is-layout-ce155fab wp-block-group-is-layout-flex">
<h3 class="wp-block-heading"><a href="https://www.grands-sites-occitanie.fr/grand-site/canal-du-midi/" target="_blank" rel="noreferrer noopener">Grands Sites Occitanie</a></h3>



<figure class="wp-block-image"><a href="https://www.grands-sites-occitanie.fr/grand-site/canal-du-midi/" target="_blank" rel=" noreferrer noopener"><img decoding="async" src="https://www.villeneuve-les-beziers.fr/wp-content/uploads/elementor/thumbs/GSO-ppyqqw64o0xbmw2o1xawdl4ediit2jjyferu23tngk.jpg" alt="OSG" title="OSG"/></a></figure>
</div>



<div class="wp-block-group is-vertical is-content-justification-center is-layout-flex wp-container-core-group-is-layout-ce155fab wp-block-group-is-layout-flex">
<h3 class="wp-block-heading"><a href="https://www.oc-cultura.eu/" target="_blank" rel="noreferrer noopener">CIRDOC</a></h3>



<figure class="wp-block-image"><a href="https://www.oc-cultura.eu/" target="_blank" rel=" noreferrer noopener"><img decoding="async" src="https://www.villeneuve-les-beziers.fr/wp-content/uploads/2019/05/Logo_cirdoc-1-150x150.png" alt=""/></a></figure>
</div>
</div>

<p>L&rsquo;histoire de Villeneuve-lès-Béziers Tournée vers l&rsquo;avenir, Villeneuve-Lès-Béziers évolue, se modernise, mais sait aussi préserver son patrimoine et garder le charme d&rsquo;autrefois&#8230; Le développement des Parcs d&rsquo;Activités du Pôle Méditerranée, de la Méridienne, du Pech Auriol, les travaux d&rsquo;aménagement de la place du centre-ville, de la traversée de la commune, pour ne citer que quelques-uns des [&hellip;]</p>
