{"id":209,"date":"2019-04-10T11:50:19","date_gmt":"2019-04-10T09:50:19","guid":{"rendered":"http:\/\/localhost\/?page_id=209"},"modified":"2024-11-25T17:22:29","modified_gmt":"2024-11-25T16:22:29","slug":"ehpad","status":"publish","type":"page","link":"https:\/\/www.villeneuve-les-beziers.fr\/it\/mon-quotidien\/ehpad\/","title":{"rendered":"EHPAD - I giardini del Canalet"},"content":{"rendered":"<h2 class=\"wp-block-heading\">Presentazione di EHPAD<\/h2>\n\n\n\n<p>L'EHPAD \"Les Jardins du Canalet\" \u00e8 un'istituzione pubblica locale, con 46 residenti non autosufficienti di et\u00e0 superiore ai 60 anni, gestita da un consiglio di amministrazione, presieduto dal sindaco, e da un direttore. L'istituto \u00e8 disciplinato dalla legge n. 2002-2 del 2 gennaio 2002 che riforma l'azione sociale e medico-sociale e dall'articolo L312-1 al.6 del Codice dell'azione sociale e della famiglia. \u00c8 stata autorizzata con decreto del 04\/01\/2017 e ha firmato la sua prima convenzione tripartita nel 2010. La struttura \u00e8 autorizzata ad accogliere persone che ricevono assistenza sociale.<\/p>\n\n\n\n<p>La struttura si impegna a preservare il pi\u00f9 possibile la continuit\u00e0 del suo stile di vita e a sviluppare i suoi valori fondanti:<br>- <strong>La dignit\u00e0 dell'individuo<\/strong> - Esistere come essere umano ed essere considerato come un individuo a pieno titolo;<br>- <strong>Rispetto<\/strong> - Riconoscere e rispettare gli altri, i residenti, le famiglie e gli assistenti;<br>- <strong>Cittadinanza<\/strong> - Salvaguardare i diritti umani fondamentali: equit\u00e0, solidariet\u00e0 e fraternit\u00e0;<br>- <strong>Responsabilit\u00e0<\/strong> - Preservare il diritto di scelta, consentendo di mantenere le prerogative pur assumendo i propri doveri.<\/p>\n\n\n\n<h2 class=\"wp-block-heading\">Le nostre missioni<\/h2>\n\n\n\n<p>- <strong>Prendersi cura<\/strong>Garantire il benessere fisico della persona, essere attenti e assicurare la sua protezione e sicurezza;<br>- <strong>Mantenere la capacit\u00e0 fisica e intellettuale<\/strong>L'obiettivo \u00e8 preservare l'indipendenza il pi\u00f9 a lungo possibile e compensare la dipendenza;<br>- <strong>Assistenza e informazioni<\/strong>adattando l'assistenza personalizzata alle esigenze del cliente.<br>persona ;<br>- <strong>Benvenuti<\/strong>Un'accoglienza amichevole e rispettosa per tutti;<br>- <strong>Vivere<\/strong>L'obiettivo \u00e8 quello di creare un luogo piacevole in cui vivere, in cui vengano rispettati i suoi gusti, i suoi desideri e le sue esigenze.<\/p>\n\n\n\n<h2 class=\"wp-block-heading\">Servizi<\/h2>\n\n\n\n<p>I servizi variano notevolmente da una struttura all'altra. Tuttavia, gli EHPAD devono fornire ai loro residenti i servizi minimi definiti dalla legge:<\/p>\n\n\n\n<ul class=\"wp-block-list\">\n<li>Servizi amministrativi<\/li>\n\n\n\n<li>Servizi alberghieri: Fornitura di una camera con accesso al bagno e alla toilette; manutenzione e pulizia delle camere, durante e alla fine del soggiorno; manutenzione e pulizia delle aree comuni e dei locali comuni; manutenzione degli edifici, degli impianti tecnici e degli spazi verdi; fornitura di collegamenti per l'accesso alla televisione e al telefono; accesso a Internet all'interno della struttura.<\/li>\n\n\n\n<li>Servizi di catering: accesso a un servizio di catering; fornitura di tre pasti, una merenda e uno spuntino serale.<\/li>\n\n\n\n<li>Servizi di lavanderia: Fornitura, allestimento, rinnovo e manutenzione di biancheria da letto e da bagno.<\/li>\n\n\n\n<li>Attivit\u00e0 sociali: accesso a eventi e attivit\u00e0 di gruppo organizzati all'interno della struttura Organizzazione di attivit\u00e0 esterne<\/li>\n<\/ul>\n\n\n\n<p>La struttura pu\u00f2 offrire anche altri servizi: cura della biancheria personale del residente, servizi di parrucchiere, ecc.<\/p>\n\n\n\n<h2 class=\"wp-block-heading\">Contatti<\/h2>\n\n\n\n<div class=\"wp-block-group is-nowrap is-layout-flex wp-container-core-group-is-layout-6c531013 wp-block-group-is-layout-flex\">\n<p><a href=\"callto:04 67 11 19 00\">04 67 11 19 00<\/a><\/p>\n\n\n\n<p><a href=\"mailto:ehpad@villeneuve-les-beziers.fr\">ehpad@villeneuve-les-beziers.fr<\/a><\/p>\n<\/div>\n\n\n\n<h2 class=\"wp-block-heading\">Indirizzo<\/h2>\n\n\n\n<p>1 Rue Louis Dard\u00e9<br>34420 Villeneuve-l\u00e8s-B\u00e9ziers<\/p>\n\n\n\n<center><iframe src=\"https:\/\/www.google.com\/maps\/embed?pb=!1m14!1m8!1m3!1d7749.736234525511!2d3.273014693485566!3d43.31695727486491!3m2!1i1024!2i768!4f13.1!3m3!1m2!1s0x12b1104a002ddb21%3A0x390359c96f73f2b7!2sFoyer%20R%C3%A9sidence%20Les%20Jardins%20du%20Canalet!5e0!3m2!1sfr!2sus!4v1732363717995!5m2!1sfr!2sus\" width=\"100%\" height=\"450\" style=\"border:0;\" allowfullscreen=\"\" loading=\"lazy\" referrerpolicy=\"no-referrer-when-downgrade\"><\/iframe><\/center>","protected":false},"excerpt":{"rendered":"<p>Pr\u00e9sentation de L&rsquo;EHPAD L\u2019EHPAD \u00ab Les Jardins du Canalet \u00bb est un \u00e9tablissement public territorial, accueillant 46 r\u00e9sidents \u00e2g\u00e9s d\u00e9pendants de plus de 60ans, g\u00e9r\u00e9 par un conseil d\u2019administration, dont le maire est pr\u00e9sident, et un directeur. L\u2019\u00e9tablissement rel\u00e8ve de la loi n\u00b0 2002-2 du 2 janvier 2002 r\u00e9novant l\u2019action sociale et m\u00e9dico-sociale et de [&hellip;]<\/p>\n","protected":false},"author":1,"featured_media":2213,"parent":501,"menu_order":0,"comment_status":"closed","ping_status":"closed","template":"","meta":{"footnotes":""},"class_list":["post-209","page","type-page","status-publish","has-post-thumbnail","hentry"],"_links":{"self":[{"href":"https:\/\/www.villeneuve-les-beziers.fr\/it\/wp-json\/wp\/v2\/pages\/209","targetHints":{"allow":["GET"]}}],"collection":[{"href":"https:\/\/www.villeneuve-les-beziers.fr\/it\/wp-json\/wp\/v2\/pages"}],"about":[{"href":"https:\/\/www.villeneuve-les-beziers.fr\/it\/wp-json\/wp\/v2\/types\/page"}],"author":[{"embeddable":true,"href":"https:\/\/www.villeneuve-les-beziers.fr\/it\/wp-json\/wp\/v2\/users\/1"}],"replies":[{"embeddable":true,"href":"https:\/\/www.villeneuve-les-beziers.fr\/it\/wp-json\/wp\/v2\/comments?post=209"}],"version-history":[{"count":1,"href":"https:\/\/www.villeneuve-les-beziers.fr\/it\/wp-json\/wp\/v2\/pages\/209\/revisions"}],"predecessor-version":[{"id":19424,"href":"https:\/\/www.villeneuve-les-beziers.fr\/it\/wp-json\/wp\/v2\/pages\/209\/revisions\/19424"}],"up":[{"embeddable":true,"href":"https:\/\/www.villeneuve-les-beziers.fr\/it\/wp-json\/wp\/v2\/pages\/501"}],"wp:featuredmedia":[{"embeddable":true,"href":"https:\/\/www.villeneuve-les-beziers.fr\/it\/wp-json\/wp\/v2\/media\/2213"}],"wp:attachment":[{"href":"https:\/\/www.villeneuve-les-beziers.fr\/it\/wp-json\/wp\/v2\/media?parent=209"}],"curies":[{"name":"wp","href":"https:\/\/api.w.org\/{rel}","templated":true}]}}

<h2 class="wp-block-heading">Presentazione di EHPAD</h2>



<p>L'EHPAD "Les Jardins du Canalet" è un'istituzione pubblica locale, con 46 residenti non autosufficienti di età superiore ai 60 anni, gestita da un consiglio di amministrazione, presieduto dal sindaco, e da un direttore. L'istituto è disciplinato dalla legge n. 2002-2 del 2 gennaio 2002 che riforma l'azione sociale e medico-sociale e dall'articolo L312-1 al.6 del Codice dell'azione sociale e della famiglia. È stata autorizzata con decreto del 04/01/2017 e ha firmato la sua prima convenzione tripartita nel 2010. La struttura è autorizzata ad accogliere persone che ricevono assistenza sociale.</p>



<p>La struttura si impegna a preservare il più possibile la continuità del suo stile di vita e a sviluppare i suoi valori fondanti:<br>- <strong>La dignità dell'individuo</strong> - Esistere come essere umano ed essere considerato come un individuo a pieno titolo;<br>- <strong>Rispetto</strong> - Riconoscere e rispettare gli altri, i residenti, le famiglie e gli assistenti;<br>- <strong>Cittadinanza</strong> - Salvaguardare i diritti umani fondamentali: equità, solidarietà e fraternità;<br>- <strong>Responsabilità</strong> - Preservare il diritto di scelta, consentendo di mantenere le prerogative pur assumendo i propri doveri.</p>



<h2 class="wp-block-heading">Le nostre missioni</h2>



<p>- <strong>Prendersi cura</strong>Garantire il benessere fisico della persona, essere attenti e assicurare la sua protezione e sicurezza;<br>- <strong>Mantenere la capacità fisica e intellettuale</strong>L'obiettivo è preservare l'indipendenza il più a lungo possibile e compensare la dipendenza;<br>- <strong>Assistenza e informazioni</strong>adattando l'assistenza personalizzata alle esigenze del cliente.<br>persona ;<br>- <strong>Benvenuti</strong>Un'accoglienza amichevole e rispettosa per tutti;<br>- <strong>Vivere</strong>L'obiettivo è quello di creare un luogo piacevole in cui vivere, in cui vengano rispettati i suoi gusti, i suoi desideri e le sue esigenze.</p>



<h2 class="wp-block-heading">Servizi</h2>



<p>I servizi variano notevolmente da una struttura all'altra. Tuttavia, gli EHPAD devono fornire ai loro residenti i servizi minimi definiti dalla legge:</p>



<ul class="wp-block-list">
<li>Servizi amministrativi</li>



<li>Servizi alberghieri: Fornitura di una camera con accesso al bagno e alla toilette; manutenzione e pulizia delle camere, durante e alla fine del soggiorno; manutenzione e pulizia delle aree comuni e dei locali comuni; manutenzione degli edifici, degli impianti tecnici e degli spazi verdi; fornitura di collegamenti per l'accesso alla televisione e al telefono; accesso a Internet all'interno della struttura.</li>



<li>Servizi di catering: accesso a un servizio di catering; fornitura di tre pasti, una merenda e uno spuntino serale.</li>



<li>Servizi di lavanderia: Fornitura, allestimento, rinnovo e manutenzione di biancheria da letto e da bagno.</li>



<li>Attività sociali: accesso a eventi e attività di gruppo organizzati all'interno della struttura Organizzazione di attività esterne</li>
</ul>



<p>La struttura può offrire anche altri servizi: cura della biancheria personale del residente, servizi di parrucchiere, ecc.</p>



<h2 class="wp-block-heading">Contatti</h2>



<div class="wp-block-group is-nowrap is-layout-flex wp-container-core-group-is-layout-6c531013 wp-block-group-is-layout-flex">
<p><a href="callto:04 67 11 19 00">04 67 11 19 00</a></p>



<p><a href="mailto:ehpad@villeneuve-les-beziers.fr">ehpad@villeneuve-les-beziers.fr</a></p>
</div>



<h2 class="wp-block-heading">Indirizzo</h2>



<p>1 Rue Louis Dardé<br>34420 Villeneuve-lès-Béziers</p>



<center><iframe src="https://www.google.com/maps/embed?pb=!1m14!1m8!1m3!1d7749.736234525511!2d3.273014693485566!3d43.31695727486491!3m2!1i1024!2i768!4f13.1!3m3!1m2!1s0x12b1104a002ddb21%3A0x390359c96f73f2b7!2sFoyer%20R%C3%A9sidence%20Les%20Jardins%20du%20Canalet!5e0!3m2!1sfr!2sus!4v1732363717995!5m2!1sfr!2sus" width="100%" height="450" style="border:0;" allowfullscreen="" loading="lazy" referrerpolicy="no-referrer-when-downgrade"></iframe></center>

<p>Présentation de L&rsquo;EHPAD L’EHPAD « Les Jardins du Canalet » est un établissement public territorial, accueillant 46 résidents âgés dépendants de plus de 60ans, géré par un conseil d’administration, dont le maire est président, et un directeur. L’établissement relève de la loi n° 2002-2 du 2 janvier 2002 rénovant l’action sociale et médico-sociale et de [&hellip;]</p>
