{"id":12444,"date":"2022-05-13T16:41:20","date_gmt":"2022-05-13T14:41:20","guid":{"rendered":"https:\/\/www.villeneuve-les-beziers.fr\/?page_id=12444"},"modified":"2024-11-25T17:49:29","modified_gmt":"2024-11-25T16:49:29","slug":"milieubrigade","status":"publish","type":"page","link":"https:\/\/www.villeneuve-les-beziers.fr\/nl\/vie-pratique\/securite\/brigade-environnementale\/","title":{"rendered":"Milieu Brigade"},"content":{"rendered":"<h2 class=\"wp-block-heading\">Presentatie van de milieubrigade<\/h2>\n\n\n\n<p class=\"has-text-align-left\">De algemene opdracht van de milieubrigade is het voorkomen en bestrijden van incivisme, dat de vorm aanneemt van aanvallen op de volksgezondheid en de levenskwaliteit. De brigade patrouilleert meerdere keren per dag.\u00a0<\/p>\n\n\n\n<div style=\"height:4em\" aria-hidden=\"true\" class=\"wp-block-spacer\"><\/div>\n\n\n\n<h2 class=\"wp-block-heading\">De missies van de brigade<\/h2>\n\n\n\n<div class=\"wp-block-columns are-vertically-aligned-top is-layout-flex wp-container-core-columns-is-layout-28f84493 wp-block-columns-is-layout-flex\">\n<div class=\"wp-block-column is-vertically-aligned-top is-layout-flow wp-block-column-is-layout-flow\">\n<p>De verschillende missies en actiegebieden van de milieubrigade zijn:<\/p>\n\n\n\n<ul class=\"wp-block-list\">\n<li>Geluidsoverlast<\/li>\n\n\n\n<li>Illegaal storten<\/li>\n\n\n\n<li>Cabanisatie<\/li>\n\n\n\n<li>Hondenpoep 135 euro<\/li>\n\n\n\n<li>Vervuiling<\/li>\n\n\n\n<li>Heggen trimmen<\/li>\n<\/ul>\n\n\n\n<p>De gemeentepolitie en de milieubrigade willen u eraan herinneren dat het verbranden van afval verboden is.<\/p>\n<\/div>\n\n\n\n<div class=\"wp-block-column is-vertically-aligned-top is-layout-flow wp-block-column-is-layout-flow\">\n<figure class=\"wp-block-image size-full\"><img loading=\"lazy\" decoding=\"async\" width=\"600\" height=\"400\" src=\"https:\/\/www.villeneuve-les-beziers.fr\/wp-content\/uploads\/2022\/05\/Brigade-environnement.jpg\" alt=\"\" class=\"wp-image-11892\" srcset=\"https:\/\/www.villeneuve-les-beziers.fr\/wp-content\/uploads\/2022\/05\/Brigade-environnement.jpg 600w, https:\/\/www.villeneuve-les-beziers.fr\/wp-content\/uploads\/2022\/05\/Brigade-environnement-150x100.jpg 150w, https:\/\/www.villeneuve-les-beziers.fr\/wp-content\/uploads\/2022\/05\/Brigade-environnement-300x200.jpg 300w, https:\/\/www.villeneuve-les-beziers.fr\/wp-content\/uploads\/2022\/05\/Brigade-environnement-391x260.jpg 391w, https:\/\/www.villeneuve-les-beziers.fr\/wp-content\/uploads\/2022\/05\/Brigade-environnement-24x16.jpg 24w, https:\/\/www.villeneuve-les-beziers.fr\/wp-content\/uploads\/2022\/05\/Brigade-environnement-36x24.jpg 36w, https:\/\/www.villeneuve-les-beziers.fr\/wp-content\/uploads\/2022\/05\/Brigade-environnement-48x32.jpg 48w\" sizes=\"auto, (max-width: 600px) 100vw, 600px\" \/><\/figure>\n<\/div>\n<\/div>\n\n\n\n<div style=\"height:4em\" aria-hidden=\"true\" class=\"wp-block-spacer\"><\/div>\n\n\n\n<h2 class=\"wp-block-heading\">Cabanisatie<\/h2>\n\n\n\n<div class=\"wp-block-columns are-vertically-aligned-center is-layout-flex wp-container-core-columns-is-layout-28f84493 wp-block-columns-is-layout-flex\">\n<div class=\"wp-block-column is-vertically-aligned-center is-layout-flow wp-block-column-is-layout-flow\">\n<p>Cabanisatie is het bouwen, zonder bouwvergunning, van een permanente of tijdelijke woning in onbebouwbare landbouw- of natuurgebieden, meestal in overstromingsrisicogebieden.<\/p>\n\n\n\n<p>Het departement H\u00e9rault wordt zwaar getroffen door dit fenomeen, dat vele gevolgen heeft:<\/p>\n\n\n\n<ul class=\"wp-block-list\">\n<li>sociale problemen en problemen met hygi\u00ebne en sanitaire voorzieningen, wanneer krotwoningen het gevolg zijn van een gebrek aan betaalbare huisvesting<\/li>\n\n\n\n<li>veiligheidskwesties in verband met de frequentere blootstelling van sloppenwijken aan natuurgevaren (overstromingen\/bosbranden) en de afgelegen ligging van hulpdiensten<br>&nbsp;Dit is niet alleen een milieuprobleem, maar ook een economisch probleem, met de lozing van onbehandeld afvalwater in de natuurlijke omgeving, schade aan het landschap en de verslechtering van het imago van het departement.<\/li>\n<\/ul>\n<\/div>\n\n\n\n<div class=\"wp-block-column is-vertically-aligned-center is-layout-flow wp-block-column-is-layout-flow\">\n<figure data-wp-context=\"{&quot;imageId&quot;:&quot;69f30f1bc0eea&quot;}\" data-wp-interactive=\"core\/image\" data-wp-key=\"69f30f1bc0eea\" class=\"wp-block-image wp-lightbox-container\"><img decoding=\"async\" data-wp-class--hide=\"state.isContentHidden\" data-wp-class--show=\"state.isContentVisible\" data-wp-init=\"callbacks.setButtonStyles\" data-wp-on--click=\"actions.showLightbox\" data-wp-on--load=\"callbacks.setButtonStyles\" data-wp-on-window--resize=\"callbacks.setButtonStyles\" src=\"https:\/\/www.villeneuve-les-beziers.fr\/wp-content\/uploads\/2019\/06\/cabanisation.jpg\" alt=\"\"\/><button\n\t\t\tclass=\"lightbox-trigger\"\n\t\t\ttype=\"button\"\n\t\t\taria-haspopup=\"dialog\"\n\t\t\taria-label=\"Vergroten\"\n\t\t\tdata-wp-init=\"callbacks.initTriggerButton\"\n\t\t\tdata-wp-on--click=\"actions.showLightbox\"\n\t\t\tdata-wp-style--right=\"state.imageButtonRight\"\n\t\t\tdata-wp-style--top=\"state.imageButtonTop\"\n\t\t>\n\t\t\t<svg xmlns=\"http:\/\/www.w3.org\/2000\/svg\" width=\"12\" height=\"12\" fill=\"none\" viewbox=\"0 0 12 12\">\n\t\t\t\t<path fill=\"#fff\" d=\"M2 0a2 2 0 0 0-2 2v2h1.5V2a.5.5 0 0 1 .5-.5h2V0H2Zm2 10.5H2a.5.5 0 0 1-.5-.5V8H0v2a2 2 0 0 0 2 2h2v-1.5ZM8 12v-1.5h2a.5.5 0 0 0 .5-.5V8H12v2a2 2 0 0 1-2 2H8Zm2-12a2 2 0 0 1 2 2v2h-1.5V2a.5.5 0 0 0-.5-.5H8V0h2Z\" \/>\n\t\t\t<\/svg>\n\t\t<\/button><\/figure>\n<\/div>\n<\/div>\n\n\n\n<p>Het anti-cabanonisatiecomit\u00e9 komt elk jaar bijeen. Het wordt gezamenlijk voorgezeten door de prefect van H\u00e9rault en de procureur-generaal.<\/p>\n\n\n\n<p>Het doel van deze jaarlijkse bijeenkomst is om de balans op te maken van de ondernomen acties en de voortgang van het geografisch handvest van lokale overheden (waaronder Villeneuve-l\u00e8s-B\u00e9ziers) die samenwerken met de staat in de strijd tegen sloppenwijken.<\/p>\n\n\n\n<p>Meer informatie op de website van de prefectuur van H\u00e9rault -&gt;&nbsp;<a href=\"http:\/\/www.herault.gouv.fr\/Actualites\/L-Etat-acteur-dans-le-departement\/comite-de-lutte-contre-la-cabanisation\" target=\"_blank\" rel=\"noopener noreferrer\"><strong>herault.gouv.fr<\/strong><\/a><\/p>\n\n\n\n<div style=\"height:4em\" aria-hidden=\"true\" class=\"wp-block-spacer\"><\/div>\n\n\n\n<h2 class=\"wp-block-heading\">Ongeoorloofd storten<\/h2>\n\n\n\n<div class=\"wp-block-columns are-vertically-aligned-top is-layout-flex wp-container-core-columns-is-layout-28f84493 wp-block-columns-is-layout-flex\">\n<div class=\"wp-block-column is-vertically-aligned-top is-layout-flow wp-block-column-is-layout-flow\">\n<p>Dit is een eenmalige stortplaats, meestal het resultaat van illegaal storten door particulieren, handelaars en bedrijven, om tegen lagere kosten van afval af te komen.&nbsp;<\/p>\n<\/div>\n\n\n\n<div class=\"wp-block-column is-vertically-aligned-top is-layout-flow wp-block-column-is-layout-flow\">\n<figure class=\"wp-block-image size-medium\"><img loading=\"lazy\" decoding=\"async\" width=\"206\" height=\"300\" src=\"https:\/\/www.villeneuve-les-beziers.fr\/wp-content\/uploads\/2022\/06\/Capture-deecran-2022-06-15-aE-15.50.19-1-206x300.png\" alt=\"\" class=\"wp-image-15760\" srcset=\"https:\/\/www.villeneuve-les-beziers.fr\/wp-content\/uploads\/2022\/06\/Capture-deecran-2022-06-15-aE-15.50.19-1-206x300.png 206w, https:\/\/www.villeneuve-les-beziers.fr\/wp-content\/uploads\/2022\/06\/Capture-deecran-2022-06-15-aE-15.50.19-1-704x1024.png 704w, https:\/\/www.villeneuve-les-beziers.fr\/wp-content\/uploads\/2022\/06\/Capture-deecran-2022-06-15-aE-15.50.19-1-768x1118.png 768w, https:\/\/www.villeneuve-les-beziers.fr\/wp-content\/uploads\/2022\/06\/Capture-deecran-2022-06-15-aE-15.50.19-1.png 780w\" sizes=\"auto, (max-width: 206px) 100vw, 206px\" \/><\/figure>\n<\/div>\n<\/div>","protected":false},"excerpt":{"rendered":"<p>Pr\u00e9sentation de la brigade environnement La brigade environnement a pour mission g\u00e9n\u00e9rale la pr\u00e9vention et la lutte contre l\u2019incivisme se manifestant par des atteintes \u00e0 la salubrit\u00e9 publique et au cadre de vie. La brigade patrouille plusieurs fois par jour.\u00a0 Les missions de la brigade Les diff\u00e9rentes missions&nbsp; et domaine d\u2019action de la brigade environnement [&hellip;]<\/p>\n","protected":false},"author":1,"featured_media":11892,"parent":12169,"menu_order":0,"comment_status":"closed","ping_status":"closed","template":"","meta":{"footnotes":""},"class_list":["post-12444","page","type-page","status-publish","has-post-thumbnail","hentry"],"_links":{"self":[{"href":"https:\/\/www.villeneuve-les-beziers.fr\/nl\/wp-json\/wp\/v2\/pages\/12444","targetHints":{"allow":["GET"]}}],"collection":[{"href":"https:\/\/www.villeneuve-les-beziers.fr\/nl\/wp-json\/wp\/v2\/pages"}],"about":[{"href":"https:\/\/www.villeneuve-les-beziers.fr\/nl\/wp-json\/wp\/v2\/types\/page"}],"author":[{"embeddable":true,"href":"https:\/\/www.villeneuve-les-beziers.fr\/nl\/wp-json\/wp\/v2\/users\/1"}],"replies":[{"embeddable":true,"href":"https:\/\/www.villeneuve-les-beziers.fr\/nl\/wp-json\/wp\/v2\/comments?post=12444"}],"version-history":[{"count":1,"href":"https:\/\/www.villeneuve-les-beziers.fr\/nl\/wp-json\/wp\/v2\/pages\/12444\/revisions"}],"predecessor-version":[{"id":19450,"href":"https:\/\/www.villeneuve-les-beziers.fr\/nl\/wp-json\/wp\/v2\/pages\/12444\/revisions\/19450"}],"up":[{"embeddable":true,"href":"https:\/\/www.villeneuve-les-beziers.fr\/nl\/wp-json\/wp\/v2\/pages\/12169"}],"wp:featuredmedia":[{"embeddable":true,"href":"https:\/\/www.villeneuve-les-beziers.fr\/nl\/wp-json\/wp\/v2\/media\/11892"}],"wp:attachment":[{"href":"https:\/\/www.villeneuve-les-beziers.fr\/nl\/wp-json\/wp\/v2\/media?parent=12444"}],"curies":[{"name":"wp","href":"https:\/\/api.w.org\/{rel}","templated":true}]}}

<h2 class="wp-block-heading">Presentatie van de milieubrigade</h2>



<p class="has-text-align-left">De algemene opdracht van de milieubrigade is het voorkomen en bestrijden van incivisme, dat de vorm aanneemt van aanvallen op de volksgezondheid en de levenskwaliteit. De brigade patrouilleert meerdere keren per dag. </p>



<div style="height:4em" aria-hidden="true" class="wp-block-spacer"></div>



<h2 class="wp-block-heading">De missies van de brigade</h2>



<div class="wp-block-columns are-vertically-aligned-top is-layout-flex wp-container-core-columns-is-layout-28f84493 wp-block-columns-is-layout-flex">
<div class="wp-block-column is-vertically-aligned-top is-layout-flow wp-block-column-is-layout-flow">
<p>De verschillende missies en actiegebieden van de milieubrigade zijn:</p>



<ul class="wp-block-list">
<li>Geluidsoverlast</li>



<li>Illegaal storten</li>



<li>Cabanisatie</li>



<li>Hondenpoep 135 euro</li>



<li>Vervuiling</li>



<li>Heggen trimmen</li>
</ul>



<p>De gemeentepolitie en de milieubrigade willen u eraan herinneren dat het verbranden van afval verboden is.</p>
</div>



<div class="wp-block-column is-vertically-aligned-top is-layout-flow wp-block-column-is-layout-flow">
<figure class="wp-block-image size-full"><img loading="lazy" decoding="async" width="600" height="400" src="https://www.villeneuve-les-beziers.fr/wp-content/uploads/2022/05/Brigade-environnement.jpg" alt="" class="wp-image-11892" srcset="https://www.villeneuve-les-beziers.fr/wp-content/uploads/2022/05/Brigade-environnement.jpg 600w, https://www.villeneuve-les-beziers.fr/wp-content/uploads/2022/05/Brigade-environnement-150x100.jpg 150w, https://www.villeneuve-les-beziers.fr/wp-content/uploads/2022/05/Brigade-environnement-300x200.jpg 300w, https://www.villeneuve-les-beziers.fr/wp-content/uploads/2022/05/Brigade-environnement-391x260.jpg 391w, https://www.villeneuve-les-beziers.fr/wp-content/uploads/2022/05/Brigade-environnement-24x16.jpg 24w, https://www.villeneuve-les-beziers.fr/wp-content/uploads/2022/05/Brigade-environnement-36x24.jpg 36w, https://www.villeneuve-les-beziers.fr/wp-content/uploads/2022/05/Brigade-environnement-48x32.jpg 48w" sizes="auto, (max-width: 600px) 100vw, 600px" /></figure>
</div>
</div>



<div style="height:4em" aria-hidden="true" class="wp-block-spacer"></div>



<h2 class="wp-block-heading">Cabanisatie</h2>



<div class="wp-block-columns are-vertically-aligned-center is-layout-flex wp-container-core-columns-is-layout-28f84493 wp-block-columns-is-layout-flex">
<div class="wp-block-column is-vertically-aligned-center is-layout-flow wp-block-column-is-layout-flow">
<p>Cabanisatie is het bouwen, zonder bouwvergunning, van een permanente of tijdelijke woning in onbebouwbare landbouw- of natuurgebieden, meestal in overstromingsrisicogebieden.</p>



<p>Het departement Hérault wordt zwaar getroffen door dit fenomeen, dat vele gevolgen heeft:</p>



<ul class="wp-block-list">
<li>sociale problemen en problemen met hygiëne en sanitaire voorzieningen, wanneer krotwoningen het gevolg zijn van een gebrek aan betaalbare huisvesting</li>



<li>veiligheidskwesties in verband met de frequentere blootstelling van sloppenwijken aan natuurgevaren (overstromingen/bosbranden) en de afgelegen ligging van hulpdiensten<br>&nbsp;Dit is niet alleen een milieuprobleem, maar ook een economisch probleem, met de lozing van onbehandeld afvalwater in de natuurlijke omgeving, schade aan het landschap en de verslechtering van het imago van het departement.</li>
</ul>
</div>



<div class="wp-block-column is-vertically-aligned-center is-layout-flow wp-block-column-is-layout-flow">
<figure data-wp-context="{&quot;imageId&quot;:&quot;69f30f1bc0eea&quot;}" data-wp-interactive="core/image" data-wp-key="69f30f1bc0eea" class="wp-block-image wp-lightbox-container"><img decoding="async" data-wp-class--hide="state.isContentHidden" data-wp-class--show="state.isContentVisible" data-wp-init="callbacks.setButtonStyles" data-wp-on--click="actions.showLightbox" data-wp-on--load="callbacks.setButtonStyles" data-wp-on-window--resize="callbacks.setButtonStyles" src="https://www.villeneuve-les-beziers.fr/wp-content/uploads/2019/06/cabanisation.jpg" alt=""/><button
			class="lightbox-trigger"
			type="button"
			aria-haspopup="dialog"
			aria-label="Vergroten"
			data-wp-init="callbacks.initTriggerButton"
			data-wp-on--click="actions.showLightbox"
			data-wp-style--right="state.imageButtonRight"
			data-wp-style--top="state.imageButtonTop"
		>
			<svg xmlns="http://www.w3.org/2000/svg" width="12" height="12" fill="none" viewbox="0 0 12 12">
				<path fill="#fff" d="M2 0a2 2 0 0 0-2 2v2h1.5V2a.5.5 0 0 1 .5-.5h2V0H2Zm2 10.5H2a.5.5 0 0 1-.5-.5V8H0v2a2 2 0 0 0 2 2h2v-1.5ZM8 12v-1.5h2a.5.5 0 0 0 .5-.5V8H12v2a2 2 0 0 1-2 2H8Zm2-12a2 2 0 0 1 2 2v2h-1.5V2a.5.5 0 0 0-.5-.5H8V0h2Z" />
			</svg>
		</button></figure>
</div>
</div>



<p>Het anti-cabanonisatiecomité komt elk jaar bijeen. Het wordt gezamenlijk voorgezeten door de prefect van Hérault en de procureur-generaal.</p>



<p>Het doel van deze jaarlijkse bijeenkomst is om de balans op te maken van de ondernomen acties en de voortgang van het geografisch handvest van lokale overheden (waaronder Villeneuve-lès-Béziers) die samenwerken met de staat in de strijd tegen sloppenwijken.</p>



<p>Meer informatie op de website van de prefectuur van Hérault -&gt;&nbsp;<a href="http://www.herault.gouv.fr/Actualites/L-Etat-acteur-dans-le-departement/comite-de-lutte-contre-la-cabanisation" target="_blank" rel="noopener noreferrer"><strong>herault.gouv.fr</strong></a></p>



<div style="height:4em" aria-hidden="true" class="wp-block-spacer"></div>



<h2 class="wp-block-heading">Ongeoorloofd storten</h2>



<div class="wp-block-columns are-vertically-aligned-top is-layout-flex wp-container-core-columns-is-layout-28f84493 wp-block-columns-is-layout-flex">
<div class="wp-block-column is-vertically-aligned-top is-layout-flow wp-block-column-is-layout-flow">
<p>Dit is een eenmalige stortplaats, meestal het resultaat van illegaal storten door particulieren, handelaars en bedrijven, om tegen lagere kosten van afval af te komen.&nbsp;</p>
</div>



<div class="wp-block-column is-vertically-aligned-top is-layout-flow wp-block-column-is-layout-flow">
<figure class="wp-block-image size-medium"><img loading="lazy" decoding="async" width="206" height="300" src="https://www.villeneuve-les-beziers.fr/wp-content/uploads/2022/06/Capture-deecran-2022-06-15-aE-15.50.19-1-206x300.png" alt="" class="wp-image-15760" srcset="https://www.villeneuve-les-beziers.fr/wp-content/uploads/2022/06/Capture-deecran-2022-06-15-aE-15.50.19-1-206x300.png 206w, https://www.villeneuve-les-beziers.fr/wp-content/uploads/2022/06/Capture-deecran-2022-06-15-aE-15.50.19-1-704x1024.png 704w, https://www.villeneuve-les-beziers.fr/wp-content/uploads/2022/06/Capture-deecran-2022-06-15-aE-15.50.19-1-768x1118.png 768w, https://www.villeneuve-les-beziers.fr/wp-content/uploads/2022/06/Capture-deecran-2022-06-15-aE-15.50.19-1.png 780w" sizes="auto, (max-width: 206px) 100vw, 206px" /></figure>
</div>
</div>

<p>Présentation de la brigade environnement La brigade environnement a pour mission générale la prévention et la lutte contre l’incivisme se manifestant par des atteintes à la salubrité publique et au cadre de vie. La brigade patrouille plusieurs fois par jour.  Les missions de la brigade Les différentes missions&nbsp; et domaine d’action de la brigade environnement [&hellip;]</p>
