{"id":1461,"date":"2019-04-19T14:05:48","date_gmt":"2019-04-19T12:05:48","guid":{"rendered":"http:\/\/localhost\/?page_id=1461"},"modified":"2026-02-12T18:58:51","modified_gmt":"2026-02-12T17:58:51","slug":"juridische-informatie","status":"publish","type":"page","link":"https:\/\/www.villeneuve-les-beziers.fr\/nl\/mentions-legales\/","title":{"rendered":"Wettelijke informatie"},"content":{"rendered":"<h1 class=\"wp-block-heading\">Wettelijke informatie<\/h1>\n\n\n\n<h2 class=\"wp-block-heading\">Uitgever<\/h2>\n\n\n\n<p>Dit is de offici\u00eble website van de stad Villeneuve-l\u00e8s-B\u00e9ziers.<\/p>\n\n\n\n<p>Stad Villeneuve-l\u00e8s-B\u00e9ziers<br>Stadhuis<br>1 Mariannestraat<br>34420 Villeneuve-l\u00e8s-B\u00e9ziers<br>Tel.: 04 67 39 47 80<br>E-mail : <a href=\"mailto:mairie@villeneuve-les-beziers.fr\">mairie@villeneuve-les-beziers.fr<\/a><br>Site : <a href=\"http:\/\/www.villeneuve-les-beziers.fr\/nl\/\" target=\"_blank\" rel=\"noopener noreferrer nofollow\">www.villeneuve-les-beziers.fr<\/a><\/p>\n\n\n\n<hr class=\"wp-block-separator has-alpha-channel-opacity\"\/>\n\n\n\n<h2 class=\"wp-block-heading\">Directeur van publicatie<\/h2>\n\n\n\n<p>Fabrice SOLANS<br>Burgemeester van Villeneuve-l\u00e8s-B\u00e9ziers<\/p>\n\n\n\n<hr class=\"wp-block-separator has-alpha-channel-opacity\"\/>\n\n\n\n<h2 class=\"wp-block-heading\">Ontwerp en productie<\/h2>\n\n\n\n<p><a href=\"https:\/\/www.lrob.fr\/\" target=\"_blank\" rel=\"noopener noreferrer nofollow\">Robin LABADIE - LRob.fr<br><\/a>Met medewerking van de departementen van de stad Villeneuve-l\u00e8s-B\u00e9ziers en de heer Delpy, MMI-stagiair van het IUT in B\u00e9ziers.<\/p>\n\n\n\n<hr class=\"wp-block-separator has-alpha-channel-opacity\"\/>\n\n\n\n<h2 class=\"wp-block-heading\">Hosting<\/h2>\n\n\n\n<p>LRob - Webhostingspecialist in WordPress<br>Eenmanszaak - RCS 528 479 736<br>1 rue Pierre Chevaldonn\u00e9<br>45000 Orl\u00e9ans<br>Tel: 02 21 82 78 27<br>Contact: <a href=\"mailto:abuse@lrob.net\">abuse@lrob.net<\/a><br>Site : <a href=\"https:\/\/www.lrob.fr\/contact\/\" target=\"_blank\" rel=\"noopener noreferrer nofollow\">https:\/\/www.lrob.fr\/contact\/<\/a><\/p>\n\n\n\n<hr class=\"wp-block-separator has-alpha-channel-opacity\"\/>\n\n\n\n<h2 class=\"wp-block-heading\">Persoonlijke gegevens<\/h2>\n\n\n\n<p>De stad Villeneuve-l\u00e8s-B\u00e9ziers verbindt zich ertoe ervoor te zorgen dat het verzamelen en verwerken van uw gegevens vanaf deze site in overeenstemming is met de Algemene Verordening Gegevensbescherming (AVG) en de Franse wet op de gegevensbescherming.<\/p>\n\n\n\n<p>Voor alle informatie over hoe wij uw persoonlijke gegevens beheren, kunt u de betreffende pagina raadplegen:<\/p>\n\n\n\n<p>Privacybeleid.<\/p>\n\n\n\n<hr class=\"wp-block-separator has-alpha-channel-opacity\"\/>\n\n\n\n<h2 class=\"wp-block-heading\">Cookies<\/h2>\n\n\n\n<p>De site kan cookies gebruiken voor een soepele werking van de aangeboden diensten, de weergave van externe inhoud en de productie van anonieme bezoekersstatistieken.<\/p>\n\n\n\n<p>Ga voor meer informatie of om uw voorkeuren te beheren naar :<\/p>\n\n\n\n<p>Cookiebeleid.<\/p>\n\n\n\n<hr class=\"wp-block-separator has-alpha-channel-opacity\"\/>\n\n\n\n<h2 class=\"wp-block-heading\">Intellectueel eigendom<\/h2>\n\n\n\n<p>Alle inhoud op de site <a href=\"http:\/\/www.villeneuve-les-beziers.fr\/nl\/\" target=\"_blank\" rel=\"noopener noreferrer nofollow\">www.villeneuve-les-beziers.fr<\/a> (tekst, foto's, video's, afbeeldingen, logo's, illustraties, enz.) wordt beschermd door auteursrecht en intellectueel eigendomsrecht.<\/p>\n\n\n\n<p>Tenzij anders vermeld, is deze inhoud eigendom van de stad Villeneuve-l\u00e8s-B\u00e9ziers.<\/p>\n\n\n\n<p>Elke gehele of gedeeltelijke reproductie, weergave, wijziging, publicatie of aanpassing van deze elementen, op welke manier of met welk proced\u00e9 dan ook, is verboden zonder voorafgaande toestemming.<\/p>\n\n\n\n<p>Verzoeken voor gebruik moeten worden gericht aan het gemeentehuis.<\/p>\n\n\n\n<hr class=\"wp-block-separator has-alpha-channel-opacity\"\/>\n\n\n\n<h2 class=\"wp-block-heading\">Credits<\/h2>\n\n\n\n<p>Bronnen: Gemeente Villeneuve-l\u00e8s-B\u00e9ziers<br>Fotografische kredieten: Dienst Stadscommunicatie<\/p>\n\n\n\n<hr class=\"wp-block-separator has-alpha-channel-opacity\"\/>\n\n\n\n<h2 class=\"wp-block-heading\">Aansprakelijkheid<\/h2>\n\n\n\n<p>De stad Villeneuve-l\u00e8s-B\u00e9ziers doet er alles aan om ervoor te zorgen dat de op deze site gepubliceerde informatie accuraat en up-to-date is.<\/p>\n\n\n\n<p>Er kunnen echter fouten of omissies voorkomen. De gebruiker wordt verzocht de juistheid van de informatie te controleren bij de gemeentelijke diensten.<\/p>\n\n\n\n<p>De gemeente kan niet aansprakelijk worden gesteld voor het gebruik van de op deze site gepubliceerde informatie.<\/p>\n\n\n\n<hr class=\"wp-block-separator has-alpha-channel-opacity\"\/>\n\n\n\n<h2 class=\"wp-block-heading\">Hypertext koppelingen<\/h2>\n\n\n\n<p>De site kan koppelingen naar andere openbare of particuliere sites bevatten.<\/p>\n\n\n\n<p>De stad Villeneuve-l\u00e8s-B\u00e9ziers kan niet verantwoordelijk worden gehouden voor de inhoud van deze sites van derden of voor het gebruik dat ervan kan worden gemaakt.<\/p>\n\n\n\n<p>Links naar de site instellen <a href=\"http:\/\/www.villeneuve-les-beziers.fr\/nl\/\" target=\"_blank\" rel=\"noopener noreferrer nofollow\">www.villeneuve-les-beziers.fr<\/a> is toegestaan zonder voorafgaand verzoek, op voorwaarde dat dit het imago van de gemeenschap niet schaadt.<\/p>\n\n\n\n<hr class=\"wp-block-separator has-alpha-channel-opacity\"\/>\n\n\n\n<h2 class=\"wp-block-heading\">Toegankelijkheid<\/h2>\n\n\n\n<p>De stad Villeneuve-l\u00e8s-B\u00e9ziers verbindt zich ertoe haar website toegankelijk te maken in overeenstemming met het R\u00e9f\u00e9rentiel G\u00e9n\u00e9ral d'Am\u00e9lioration de l'Accessibilit\u00e9 (RGAA).<\/p>\n\n\n\n<p>De toegankelijkheidsverklaring en het meerjarenplan voor toegankelijkheid kunnen op de website geraadpleegd worden.<\/p>\n\n\n\n<hr class=\"wp-block-separator has-alpha-channel-opacity\"\/>\n\n\n\n<h2 class=\"wp-block-heading\">Toepasselijk recht<\/h2>\n\n\n\n<p>Deze site valt onder het Franse en internationale auteursrecht en intellectuele eigendomsrecht.<\/p>\n\n\n\n<p>Elk geschil met betrekking tot het gebruik van de site is onderworpen aan de Franse wet.<\/p>","protected":false},"excerpt":{"rendered":"<p>Mentions l\u00e9gales \u00c9diteur du site Le pr\u00e9sent site est le site officiel de la Ville de Villeneuve-l\u00e8s-B\u00e9ziers. Ville de Villeneuve-l\u00e8s-B\u00e9ziersH\u00f4tel de Ville1 rue de la Marianne34420 Villeneuve-l\u00e8s-B\u00e9ziersT\u00e9l : 04 67 39 47 80Email : mairie@villeneuve-les-beziers.frSite : www.villeneuve-les-beziers.fr Directeur de publication Fabrice SOLANSMaire de Villeneuve-l\u00e8s-B\u00e9ziers Conception et r\u00e9alisation Robin LABADIE \u2013 LRob.frAvec la participation des services [&hellip;]<\/p>\n","protected":false},"author":1,"featured_media":19689,"parent":0,"menu_order":0,"comment_status":"closed","ping_status":"closed","template":"","meta":{"footnotes":""},"class_list":["post-1461","page","type-page","status-publish","has-post-thumbnail","hentry"],"_links":{"self":[{"href":"https:\/\/www.villeneuve-les-beziers.fr\/nl\/wp-json\/wp\/v2\/pages\/1461","targetHints":{"allow":["GET"]}}],"collection":[{"href":"https:\/\/www.villeneuve-les-beziers.fr\/nl\/wp-json\/wp\/v2\/pages"}],"about":[{"href":"https:\/\/www.villeneuve-les-beziers.fr\/nl\/wp-json\/wp\/v2\/types\/page"}],"author":[{"embeddable":true,"href":"https:\/\/www.villeneuve-les-beziers.fr\/nl\/wp-json\/wp\/v2\/users\/1"}],"replies":[{"embeddable":true,"href":"https:\/\/www.villeneuve-les-beziers.fr\/nl\/wp-json\/wp\/v2\/comments?post=1461"}],"version-history":[{"count":8,"href":"https:\/\/www.villeneuve-les-beziers.fr\/nl\/wp-json\/wp\/v2\/pages\/1461\/revisions"}],"predecessor-version":[{"id":20610,"href":"https:\/\/www.villeneuve-les-beziers.fr\/nl\/wp-json\/wp\/v2\/pages\/1461\/revisions\/20610"}],"wp:featuredmedia":[{"embeddable":true,"href":"https:\/\/www.villeneuve-les-beziers.fr\/nl\/wp-json\/wp\/v2\/media\/19689"}],"wp:attachment":[{"href":"https:\/\/www.villeneuve-les-beziers.fr\/nl\/wp-json\/wp\/v2\/media?parent=1461"}],"curies":[{"name":"wp","href":"https:\/\/api.w.org\/{rel}","templated":true}]}}

<h1 class="wp-block-heading">Wettelijke informatie</h1>



<h2 class="wp-block-heading">Uitgever</h2>



<p>Dit is de officiële website van de stad Villeneuve-lès-Béziers.</p>



<p>Stad Villeneuve-lès-Béziers<br>Stadhuis<br>1 Mariannestraat<br>34420 Villeneuve-lès-Béziers<br>Tel.: 04 67 39 47 80<br>E-mail : <a href="mailto:mairie@villeneuve-les-beziers.fr">mairie@villeneuve-les-beziers.fr</a><br>Site : <a href="http://www.villeneuve-les-beziers.fr/nl/" target="_blank" rel="noopener noreferrer nofollow">www.villeneuve-les-beziers.fr</a></p>



<hr class="wp-block-separator has-alpha-channel-opacity"/>



<h2 class="wp-block-heading">Directeur van publicatie</h2>



<p>Fabrice SOLANS<br>Burgemeester van Villeneuve-lès-Béziers</p>



<hr class="wp-block-separator has-alpha-channel-opacity"/>



<h2 class="wp-block-heading">Ontwerp en productie</h2>



<p><a href="https://www.lrob.fr/" target="_blank" rel="noopener noreferrer nofollow">Robin LABADIE - LRob.fr<br></a>Met medewerking van de departementen van de stad Villeneuve-lès-Béziers en de heer Delpy, MMI-stagiair van het IUT in Béziers.</p>



<hr class="wp-block-separator has-alpha-channel-opacity"/>



<h2 class="wp-block-heading">Hosting</h2>



<p>LRob - Webhostingspecialist in WordPress<br>Eenmanszaak - RCS 528 479 736<br>1 rue Pierre Chevaldonné<br>45000 Orléans<br>Tel: 02 21 82 78 27<br>Contact: <a href="mailto:abuse@lrob.net">abuse@lrob.net</a><br>Site : <a href="https://www.lrob.fr/contact/" target="_blank" rel="noopener noreferrer nofollow">https://www.lrob.fr/contact/</a></p>



<hr class="wp-block-separator has-alpha-channel-opacity"/>



<h2 class="wp-block-heading">Persoonlijke gegevens</h2>



<p>De stad Villeneuve-lès-Béziers verbindt zich ertoe ervoor te zorgen dat het verzamelen en verwerken van uw gegevens vanaf deze site in overeenstemming is met de Algemene Verordening Gegevensbescherming (AVG) en de Franse wet op de gegevensbescherming.</p>



<p>Voor alle informatie over hoe wij uw persoonlijke gegevens beheren, kunt u de betreffende pagina raadplegen:</p>



<p>Privacybeleid.</p>



<hr class="wp-block-separator has-alpha-channel-opacity"/>



<h2 class="wp-block-heading">Cookies</h2>



<p>De site kan cookies gebruiken voor een soepele werking van de aangeboden diensten, de weergave van externe inhoud en de productie van anonieme bezoekersstatistieken.</p>



<p>Ga voor meer informatie of om uw voorkeuren te beheren naar :</p>



<p>Cookiebeleid.</p>



<hr class="wp-block-separator has-alpha-channel-opacity"/>



<h2 class="wp-block-heading">Intellectueel eigendom</h2>



<p>Alle inhoud op de site <a href="http://www.villeneuve-les-beziers.fr/nl/" target="_blank" rel="noopener noreferrer nofollow">www.villeneuve-les-beziers.fr</a> (tekst, foto's, video's, afbeeldingen, logo's, illustraties, enz.) wordt beschermd door auteursrecht en intellectueel eigendomsrecht.</p>



<p>Tenzij anders vermeld, is deze inhoud eigendom van de stad Villeneuve-lès-Béziers.</p>



<p>Elke gehele of gedeeltelijke reproductie, weergave, wijziging, publicatie of aanpassing van deze elementen, op welke manier of met welk procedé dan ook, is verboden zonder voorafgaande toestemming.</p>



<p>Verzoeken voor gebruik moeten worden gericht aan het gemeentehuis.</p>



<hr class="wp-block-separator has-alpha-channel-opacity"/>



<h2 class="wp-block-heading">Credits</h2>



<p>Bronnen: Gemeente Villeneuve-lès-Béziers<br>Fotografische kredieten: Dienst Stadscommunicatie</p>



<hr class="wp-block-separator has-alpha-channel-opacity"/>



<h2 class="wp-block-heading">Aansprakelijkheid</h2>



<p>De stad Villeneuve-lès-Béziers doet er alles aan om ervoor te zorgen dat de op deze site gepubliceerde informatie accuraat en up-to-date is.</p>



<p>Er kunnen echter fouten of omissies voorkomen. De gebruiker wordt verzocht de juistheid van de informatie te controleren bij de gemeentelijke diensten.</p>



<p>De gemeente kan niet aansprakelijk worden gesteld voor het gebruik van de op deze site gepubliceerde informatie.</p>



<hr class="wp-block-separator has-alpha-channel-opacity"/>



<h2 class="wp-block-heading">Hypertext koppelingen</h2>



<p>De site kan koppelingen naar andere openbare of particuliere sites bevatten.</p>



<p>De stad Villeneuve-lès-Béziers kan niet verantwoordelijk worden gehouden voor de inhoud van deze sites van derden of voor het gebruik dat ervan kan worden gemaakt.</p>



<p>Links naar de site instellen <a href="http://www.villeneuve-les-beziers.fr/nl/" target="_blank" rel="noopener noreferrer nofollow">www.villeneuve-les-beziers.fr</a> is toegestaan zonder voorafgaand verzoek, op voorwaarde dat dit het imago van de gemeenschap niet schaadt.</p>



<hr class="wp-block-separator has-alpha-channel-opacity"/>



<h2 class="wp-block-heading">Toegankelijkheid</h2>



<p>De stad Villeneuve-lès-Béziers verbindt zich ertoe haar website toegankelijk te maken in overeenstemming met het Référentiel Général d'Amélioration de l'Accessibilité (RGAA).</p>



<p>De toegankelijkheidsverklaring en het meerjarenplan voor toegankelijkheid kunnen op de website geraadpleegd worden.</p>



<hr class="wp-block-separator has-alpha-channel-opacity"/>



<h2 class="wp-block-heading">Toepasselijk recht</h2>



<p>Deze site valt onder het Franse en internationale auteursrecht en intellectuele eigendomsrecht.</p>



<p>Elk geschil met betrekking tot het gebruik van de site is onderworpen aan de Franse wet.</p>

<p>Mentions légales Éditeur du site Le présent site est le site officiel de la Ville de Villeneuve-lès-Béziers. Ville de Villeneuve-lès-BéziersHôtel de Ville1 rue de la Marianne34420 Villeneuve-lès-BéziersTél : 04 67 39 47 80Email : mairie@villeneuve-les-beziers.frSite : www.villeneuve-les-beziers.fr Directeur de publication Fabrice SOLANSMaire de Villeneuve-lès-Béziers Conception et réalisation Robin LABADIE – LRob.frAvec la participation des services [&hellip;]</p>
