{"id":19947,"date":"2025-05-02T17:45:05","date_gmt":"2025-05-02T15:45:05","guid":{"rendered":"https:\/\/www.villeneuve-les-beziers.fr\/?page_id=19947"},"modified":"2025-05-02T17:45:58","modified_gmt":"2025-05-02T15:45:58","slug":"de-mediatheek","status":"publish","type":"page","link":"https:\/\/www.villeneuve-les-beziers.fr\/nl\/ma-mairie\/les-services\/la-mediatheque\/","title":{"rendered":"De mediabibliotheek"},"content":{"rendered":"<div class=\"wp-block-group is-style-section-1 has-global-padding is-layout-constrained wp-container-core-group-is-layout-39088d70 wp-block-group-is-layout-constrained is-style-section-1--1\" style=\"border-radius:32px;margin-top:var(--wp--preset--spacing--50);margin-bottom:var(--wp--preset--spacing--50);padding-top:var(--wp--preset--spacing--50);padding-right:var(--wp--preset--spacing--40);padding-bottom:var(--wp--preset--spacing--50);padding-left:var(--wp--preset--spacing--40);box-shadow:var(--wp--preset--shadow--deep)\">\n<h2 class=\"wp-block-heading has-text-align-center\">Praktische informatie<\/h2>\n\n\n\n<div class=\"wp-block-columns is-layout-flex wp-container-core-columns-is-layout-0884d4d2 wp-block-columns-is-layout-flex\" style=\"margin-top:var(--wp--preset--spacing--50);margin-bottom:var(--wp--preset--spacing--50)\">\n<div class=\"wp-block-column is-layout-flow wp-block-column-is-layout-flow\">\n<h3 class=\"wp-block-heading has-text-align-center\">Contactgegevens<\/h3>\n\n\n\n<p class=\"has-text-align-center\">Jean Laur\u00e8s mediatheek<br>1 Mariannestraat<br>34420 Villeneuve-l\u00e8s-B\u00e9ziers<\/p>\n\n\n\n<div class=\"wp-block-group is-content-justification-center is-nowrap is-layout-flex wp-container-core-group-is-layout-23441af8 wp-block-group-is-layout-flex\">\n<figure class=\"wp-block-image is-resized\"><a href=\"mailto:mediatheque@villeneuve-les-beziers.fr\"><img loading=\"lazy\" decoding=\"async\" width=\"300\" height=\"300\" src=\"https:\/\/www.villeneuve-les-beziers.fr\/wp-content\/uploads\/2019\/04\/close-envelope-300x300.png\" alt=\"\" class=\"wp-image-600\" style=\"object-fit:cover;width:32px;height:auto\"\/><\/a><\/figure>\n\n\n\n<p class=\"has-text-align-center\">Tel.: 04 67 39 47 51<\/p>\n<\/div>\n<\/div>\n\n\n\n<div class=\"wp-block-column is-layout-flow wp-block-column-is-layout-flow\">\n<h3 class=\"wp-block-heading has-text-align-center\">Openingstijden<\/h3>\n\n\n\n<ul class=\"wp-block-list is-style-checkmark-list\">\n<li>Dinsdag: 9.00 - 12.00<\/li>\n\n\n\n<li>Woensdag: 9u-12u \/ 15u-18u<\/li>\n\n\n\n<li>Donderdag: 9.00 - 12.00 \/ 15.00 - 18.00<\/li>\n\n\n\n<li>Vrijdag: 15.00 - 18.00<\/li>\n\n\n\n<li>Zaterdag: 9.30 - 12.30 uur<\/li>\n<\/ul>\n<\/div>\n\n\n\n<div class=\"wp-block-column is-layout-flow wp-block-column-is-layout-flow\">\n<h3 class=\"wp-block-heading has-text-align-center\">Online digitale bronnen<\/h3>\n\n\n\n<figure class=\"wp-block-image size-large\"><a href=\"https:\/\/mediatheque.beziers-mediterranee.fr\/\" target=\"_blank\" rel=\" noreferrer noopener\"><img loading=\"lazy\" decoding=\"async\" width=\"1024\" height=\"462\" src=\"https:\/\/www.villeneuve-les-beziers.fr\/wp-content\/uploads\/2019\/05\/logo-MAM-1024x462.png\" alt=\"\" class=\"wp-image-3208\" srcset=\"https:\/\/www.villeneuve-les-beziers.fr\/wp-content\/uploads\/2019\/05\/logo-MAM-1024x462.png 1024w, https:\/\/www.villeneuve-les-beziers.fr\/wp-content\/uploads\/2019\/05\/logo-MAM-300x135.png 300w, https:\/\/www.villeneuve-les-beziers.fr\/wp-content\/uploads\/2019\/05\/logo-MAM-768x346.png 768w\" sizes=\"auto, (max-width: 1024px) 100vw, 1024px\" \/><\/a><\/figure>\n<\/div>\n<\/div>\n\n\n\n<h3 class=\"wp-block-heading\">Registratievoorwaarden<\/h3>\n\n\n\n<ul class=\"wp-block-list\">\n<li>Een identiteitsbewijs<\/li>\n\n\n\n<li>Bewijs van adres minder dan 3 maanden oud<\/li>\n\n\n\n<li>Ouderlijke toestemming voor jongeren onder de 18 (verkrijgbaar in de mediatheek)<\/li>\n\n\n\n<li>Inschrijven is gratis voor alle inwoners van de agglomeratie en voor jongeren onder de 25 jaar. U kunt tot 10 items van elke mediatheek lenen.<\/li>\n<\/ul>\n\n\n\n<h3 class=\"wp-block-heading has-text-align-center\">Volg ons<\/h3>\n\n\n\n<ul class=\"wp-block-social-links has-large-icon-size is-content-justification-center is-layout-flex wp-container-core-social-links-is-layout-a89b3969 wp-block-social-links-is-layout-flex\"><li class=\"wp-social-link wp-social-link-facebook  wp-block-social-link\"><a href=\"https:\/\/www.facebook.com\/MediathequeJeanLaures\" class=\"wp-block-social-link-anchor\" target=\"_blank\" rel=\"noopener noreferrer nofollow\"><svg width=\"24\" height=\"24\" viewbox=\"0 0 24 24\" version=\"1.1\" xmlns=\"http:\/\/www.w3.org\/2000\/svg\" aria-hidden=\"true\" focusable=\"false\"><path d=\"M12 2C6.5 2 2 6.5 2 12c0 5 3.7 9.1 8.4 9.9v-7H7.9V12h2.5V9.8c0-2.5 1.5-3.9 3.8-3.9 1.1 0 2.2.2 2.2.2v2.5h-1.3c-1.2 0-1.6.8-1.6 1.6V12h2.8l-.4 2.9h-2.3v7C18.3 21.1 22 17 22 12c0-5.5-4.5-10-10-10z\"><\/path><\/svg><span class=\"wp-block-social-link-label screen-reader-text\">Facebook<\/span><\/a><\/li><\/ul>\n<\/div>\n\n\n\n<p class=\"has-text-align-center\">Ga voor meer informatie naar de mediabibliotheekpagina:<\/p>\n\n\n\n<div class=\"wp-block-buttons is-content-justification-center is-layout-flex wp-container-core-buttons-is-layout-a89b3969 wp-block-buttons-is-layout-flex\">\n<div class=\"wp-block-button\"><a class=\"wp-block-button__link wp-element-button\" href=\"https:\/\/www.villeneuve-les-beziers.fr\/nl\/mijn-dagelijks-leven\/mediatheek\/\">Pagina gewijd aan de mediabibliotheek<\/a><\/div>\n<\/div>","protected":false},"excerpt":{"rendered":"<p>Praktische informatie Contactgegevens M\u00e9diath\u00e8que Jean Laur\u00e8s1 rue de la Marianne34420 Villeneuve-l\u00e8s-B\u00e9ziers Tel: 04 67 39 47 51 Openingstijden Ressources Num\u00e9riques En Ligne Conditions d'inscription Volg ons Voor meer informatie, bezoek de pagina gewijd aan de mediatheek :<\/p>","protected":false},"author":1,"featured_media":5582,"parent":7284,"menu_order":0,"comment_status":"closed","ping_status":"closed","template":"","meta":{"footnotes":""},"class_list":["post-19947","page","type-page","status-publish","has-post-thumbnail","hentry"],"_links":{"self":[{"href":"https:\/\/www.villeneuve-les-beziers.fr\/nl\/wp-json\/wp\/v2\/pages\/19947","targetHints":{"allow":["GET"]}}],"collection":[{"href":"https:\/\/www.villeneuve-les-beziers.fr\/nl\/wp-json\/wp\/v2\/pages"}],"about":[{"href":"https:\/\/www.villeneuve-les-beziers.fr\/nl\/wp-json\/wp\/v2\/types\/page"}],"author":[{"embeddable":true,"href":"https:\/\/www.villeneuve-les-beziers.fr\/nl\/wp-json\/wp\/v2\/users\/1"}],"replies":[{"embeddable":true,"href":"https:\/\/www.villeneuve-les-beziers.fr\/nl\/wp-json\/wp\/v2\/comments?post=19947"}],"version-history":[{"count":1,"href":"https:\/\/www.villeneuve-les-beziers.fr\/nl\/wp-json\/wp\/v2\/pages\/19947\/revisions"}],"predecessor-version":[{"id":19948,"href":"https:\/\/www.villeneuve-les-beziers.fr\/nl\/wp-json\/wp\/v2\/pages\/19947\/revisions\/19948"}],"up":[{"embeddable":true,"href":"https:\/\/www.villeneuve-les-beziers.fr\/nl\/wp-json\/wp\/v2\/pages\/7284"}],"wp:featuredmedia":[{"embeddable":true,"href":"https:\/\/www.villeneuve-les-beziers.fr\/nl\/wp-json\/wp\/v2\/media\/5582"}],"wp:attachment":[{"href":"https:\/\/www.villeneuve-les-beziers.fr\/nl\/wp-json\/wp\/v2\/media?parent=19947"}],"curies":[{"name":"wp","href":"https:\/\/api.w.org\/{rel}","templated":true}]}}

<div class="wp-block-group is-style-section-1 has-global-padding is-layout-constrained wp-container-core-group-is-layout-39088d70 wp-block-group-is-layout-constrained is-style-section-1--1" style="border-radius:32px;margin-top:var(--wp--preset--spacing--50);margin-bottom:var(--wp--preset--spacing--50);padding-top:var(--wp--preset--spacing--50);padding-right:var(--wp--preset--spacing--40);padding-bottom:var(--wp--preset--spacing--50);padding-left:var(--wp--preset--spacing--40);box-shadow:var(--wp--preset--shadow--deep)">
<h2 class="wp-block-heading has-text-align-center">Praktische informatie</h2>



<div class="wp-block-columns is-layout-flex wp-container-core-columns-is-layout-0884d4d2 wp-block-columns-is-layout-flex" style="margin-top:var(--wp--preset--spacing--50);margin-bottom:var(--wp--preset--spacing--50)">
<div class="wp-block-column is-layout-flow wp-block-column-is-layout-flow">
<h3 class="wp-block-heading has-text-align-center">Contactgegevens</h3>



<p class="has-text-align-center">Jean Laurès mediatheek<br>1 Mariannestraat<br>34420 Villeneuve-lès-Béziers</p>



<div class="wp-block-group is-content-justification-center is-nowrap is-layout-flex wp-container-core-group-is-layout-23441af8 wp-block-group-is-layout-flex">
<figure class="wp-block-image is-resized"><a href="mailto:mediatheque@villeneuve-les-beziers.fr"><img loading="lazy" decoding="async" width="300" height="300" src="https://www.villeneuve-les-beziers.fr/wp-content/uploads/2019/04/close-envelope-300x300.png" alt="" class="wp-image-600" style="object-fit:cover;width:32px;height:auto"/></a></figure>



<p class="has-text-align-center">Tel.: 04 67 39 47 51</p>
</div>
</div>



<div class="wp-block-column is-layout-flow wp-block-column-is-layout-flow">
<h3 class="wp-block-heading has-text-align-center">Openingstijden</h3>



<ul class="wp-block-list is-style-checkmark-list">
<li>Dinsdag: 9.00 - 12.00</li>



<li>Woensdag: 9u-12u / 15u-18u</li>



<li>Donderdag: 9.00 - 12.00 / 15.00 - 18.00</li>



<li>Vrijdag: 15.00 - 18.00</li>



<li>Zaterdag: 9.30 - 12.30 uur</li>
</ul>
</div>



<div class="wp-block-column is-layout-flow wp-block-column-is-layout-flow">
<h3 class="wp-block-heading has-text-align-center">Online digitale bronnen</h3>



<figure class="wp-block-image size-large"><a href="https://mediatheque.beziers-mediterranee.fr/" target="_blank" rel=" noreferrer noopener"><img loading="lazy" decoding="async" width="1024" height="462" src="https://www.villeneuve-les-beziers.fr/wp-content/uploads/2019/05/logo-MAM-1024x462.png" alt="" class="wp-image-3208" srcset="https://www.villeneuve-les-beziers.fr/wp-content/uploads/2019/05/logo-MAM-1024x462.png 1024w, https://www.villeneuve-les-beziers.fr/wp-content/uploads/2019/05/logo-MAM-300x135.png 300w, https://www.villeneuve-les-beziers.fr/wp-content/uploads/2019/05/logo-MAM-768x346.png 768w" sizes="auto, (max-width: 1024px) 100vw, 1024px" /></a></figure>
</div>
</div>



<h3 class="wp-block-heading">Registratievoorwaarden</h3>



<ul class="wp-block-list">
<li>Een identiteitsbewijs</li>



<li>Bewijs van adres minder dan 3 maanden oud</li>



<li>Ouderlijke toestemming voor jongeren onder de 18 (verkrijgbaar in de mediatheek)</li>



<li>Inschrijven is gratis voor alle inwoners van de agglomeratie en voor jongeren onder de 25 jaar. U kunt tot 10 items van elke mediatheek lenen.</li>
</ul>



<h3 class="wp-block-heading has-text-align-center">Volg ons</h3>



<ul class="wp-block-social-links has-large-icon-size is-content-justification-center is-layout-flex wp-container-core-social-links-is-layout-a89b3969 wp-block-social-links-is-layout-flex"><li class="wp-social-link wp-social-link-facebook  wp-block-social-link"><a href="https://www.facebook.com/MediathequeJeanLaures" class="wp-block-social-link-anchor" target="_blank" rel="noopener noreferrer nofollow"><svg width="24" height="24" viewbox="0 0 24 24" version="1.1" xmlns="http://www.w3.org/2000/svg" aria-hidden="true" focusable="false"><path d="M12 2C6.5 2 2 6.5 2 12c0 5 3.7 9.1 8.4 9.9v-7H7.9V12h2.5V9.8c0-2.5 1.5-3.9 3.8-3.9 1.1 0 2.2.2 2.2.2v2.5h-1.3c-1.2 0-1.6.8-1.6 1.6V12h2.8l-.4 2.9h-2.3v7C18.3 21.1 22 17 22 12c0-5.5-4.5-10-10-10z"></path></svg><span class="wp-block-social-link-label screen-reader-text">Facebook</span></a></li></ul>
</div>



<p class="has-text-align-center">Ga voor meer informatie naar de mediabibliotheekpagina:</p>



<div class="wp-block-buttons is-content-justification-center is-layout-flex wp-container-core-buttons-is-layout-a89b3969 wp-block-buttons-is-layout-flex">
<div class="wp-block-button"><a class="wp-block-button__link wp-element-button" href="https://www.villeneuve-les-beziers.fr/nl/mijn-dagelijks-leven/mediatheek/">Pagina gewijd aan de mediabibliotheek</a></div>
</div>

<p>Praktische informatie Contactgegevens Médiathèque Jean Laurès1 rue de la Marianne34420 Villeneuve-lès-Béziers Tel: 04 67 39 47 51 Openingstijden Ressources Numériques En Ligne Conditions d'inscription Volg ons Voor meer informatie, bezoek de pagina gewijd aan de mediatheek :</p>
