{"id":2045,"date":"2019-04-30T10:45:27","date_gmt":"2019-04-30T08:45:27","guid":{"rendered":"http:\/\/localhost\/?page_id=2045"},"modified":"2024-11-22T22:02:11","modified_gmt":"2024-11-22T21:02:11","slug":"voetgangerscameras","status":"publish","type":"page","link":"https:\/\/www.villeneuve-les-beziers.fr\/nl\/vie-pratique\/securite\/cameras-pietons\/","title":{"rendered":"Voetgangerscamera's"},"content":{"rendered":"<p>Agenten van de gemeentepolitie mogen individuele camera's dragen om audiovisuele opnames van hun handelingen te maken. Het gebruik ervan wordt geregeld door decreet 2019-140 van 27 februari 2019, <strong><a href=\"http:\/\/www.villeneuve-les-beziers.fr\/wp-content\/uploads\/2019\/04\/Arrete_Prefectoral_camera_pietons_vlb_15_04_19.pdf\" target=\"_blank\" rel=\"noopener\">Prefectoraal besluit nr. 2019-01-359 van 15 april 2019<\/a><\/strong>en <strong><a href=\"http:\/\/www.villeneuve-les-beziers.fr\/wp-content\/uploads\/2019\/05\/2019-098-PM_Port_camera_individuelle.pdf\" target=\"_blank\" rel=\"noopener\" data-darkreader-inline-color=\"\">gemeentelijke verordening nr. 2019-098-PM van 23 april 2019<\/a><\/strong><\/p>\n\n\n\n<h2 class=\"wp-block-heading\">De wet regelt het gebruik van \"voetgangerscamera's\" strikt en biedt de volgende garanties voor burgers en gebruikers.<\/h2>\n\n\n\n<ul class=\"wp-block-list\">\n<li>De camerapoort is zichtbaar <\/li>\n\n\n\n<li>Mondelinge informatie van de betrokken personen wordt aanbevolen, behalve in speciale omstandigheden<\/li>\n\n\n\n<li>Er is een \"specifiek visueel signaal\" zichtbaar wanneer de opname wordt geactiveerd;<\/li>\n\n\n\n<li>Personeel met individuele camera's heeft geen directe toegang tot de opnames die ze maken.<\/li>\n\n\n\n<li>De vastgelegde beelden en geluiden worden opgeslagen in beveiligde ruimtes<\/li>\n\n\n\n<li>Toegang tot opnames is strikt gecontroleerd en beperkt<\/li>\n\n\n\n<li>De opgenomen beelden en geluiden worden 6 maanden bewaard en aan het einde van deze periode vernietigd.<\/li>\n\n\n\n<li>Het recht op toegang tot bestanden wordt indirect uitgeoefend door de CNIL te verzoeken de conformiteit van de opgeslagen beelden en geluiden te onderzoeken (artikel 41 van wet nr. 78-17 van 6 januari 1978 betreffende informatietechnologie, bestanden en vrijheden en artikel 41 van wet nr. 78-17 van 6 januari 1978 betreffende informatietechnologie, bestanden en vrijheden en artikel 41 van wet nr. 78-17 van 6 januari 1978 betreffende informatietechnologie, bestanden en vrijheden). <a href=\"https:\/\/www.legifrance.gouv.fr\/affichTexte.do?cidTexte=JORFTEXT000038175494&amp;categorieLien=id\" target=\"_blank\" rel=\"noopener\"><strong>Artikel 241-15-III van Decreet 2019-140 van 27 februari 2019<\/strong><\/a> met betrekking tot de verwerking van persoonsgegevens uit de persoonlijke camera's van gemeentelijke politieagenten.<\/li>\n<\/ul>","protected":false},"excerpt":{"rendered":"<p>Les agents de police municipale sont autoris\u00e9s \u00e0 porter les cam\u00e9ras individuelles en vue de proc\u00e9der aux enregistrements audiovisuels de leurs interventions. Leur usage est encadr\u00e9 par le d\u00e9cret 2019-140 du 27 f\u00e9vrier 2019, l\u2019arr\u00eat\u00e9 pr\u00e9fectoral n\u00b02019-01-359 du 15 avril 2019\u200b, et l\u2019arr\u00eat\u00e9 municipal n\u00b02019-098-PM du 23 avril 2019 La loi encadre strictement l\u2019utilisation de [&hellip;]<\/p>\n","protected":false},"author":1,"featured_media":2030,"parent":12169,"menu_order":0,"comment_status":"closed","ping_status":"closed","template":"","meta":{"footnotes":""},"class_list":["post-2045","page","type-page","status-publish","has-post-thumbnail","hentry"],"_links":{"self":[{"href":"https:\/\/www.villeneuve-les-beziers.fr\/nl\/wp-json\/wp\/v2\/pages\/2045","targetHints":{"allow":["GET"]}}],"collection":[{"href":"https:\/\/www.villeneuve-les-beziers.fr\/nl\/wp-json\/wp\/v2\/pages"}],"about":[{"href":"https:\/\/www.villeneuve-les-beziers.fr\/nl\/wp-json\/wp\/v2\/types\/page"}],"author":[{"embeddable":true,"href":"https:\/\/www.villeneuve-les-beziers.fr\/nl\/wp-json\/wp\/v2\/users\/1"}],"replies":[{"embeddable":true,"href":"https:\/\/www.villeneuve-les-beziers.fr\/nl\/wp-json\/wp\/v2\/comments?post=2045"}],"version-history":[{"count":0,"href":"https:\/\/www.villeneuve-les-beziers.fr\/nl\/wp-json\/wp\/v2\/pages\/2045\/revisions"}],"up":[{"embeddable":true,"href":"https:\/\/www.villeneuve-les-beziers.fr\/nl\/wp-json\/wp\/v2\/pages\/12169"}],"wp:featuredmedia":[{"embeddable":true,"href":"https:\/\/www.villeneuve-les-beziers.fr\/nl\/wp-json\/wp\/v2\/media\/2030"}],"wp:attachment":[{"href":"https:\/\/www.villeneuve-les-beziers.fr\/nl\/wp-json\/wp\/v2\/media?parent=2045"}],"curies":[{"name":"wp","href":"https:\/\/api.w.org\/{rel}","templated":true}]}}

<p>Les agents de police municipale sont autorisés à porter les caméras individuelles en vue de procéder aux enregistrements audiovisuels de leurs interventions. Leur usage est encadré par le décret 2019-140 du 27 février 2019, l’arrêté préfectoral n°2019-01-359 du 15 avril 2019​, et l’arrêté municipal n°2019-098-PM du 23 avril 2019 La loi encadre strictement l’utilisation de [&hellip;]</p>
