{"id":209,"date":"2019-04-10T11:50:19","date_gmt":"2019-04-10T09:50:19","guid":{"rendered":"http:\/\/localhost\/?page_id=209"},"modified":"2024-11-25T17:22:29","modified_gmt":"2024-11-25T16:22:29","slug":"ehpad","status":"publish","type":"page","link":"https:\/\/www.villeneuve-les-beziers.fr\/nl\/mon-quotidien\/ehpad\/","title":{"rendered":"EHPAD - Tuinen van Canalet"},"content":{"rendered":"<h2 class=\"wp-block-heading\">Presentatie van EHPAD<\/h2>\n\n\n\n<p>EHPAD \"Les Jardins du Canalet\" is een lokale openbare instelling, met 46 afhankelijke bewoners ouder dan 60 jaar, bestuurd door een raad van bestuur, voorgezeten door de burgemeester, en een directeur. De instelling valt onder de wet nr. 2002-2 van 2 januari 2002 tot hervorming van de sociale en medisch-sociale actie en artikel L312-1 al.6 van het wetboek sociale actie en gezin. De instelling werd goedgekeurd bij decreet op 04\/01\/2017, en ondertekende haar eerste tripartiete overeenkomst in 2010. De instelling mag mensen opvangen die sociale bijstand ontvangen.<\/p>\n\n\n\n<p>Het etablissement streeft ernaar om de continu\u00efteit van uw levensstijl zoveel mogelijk te behouden en de waarden die aan de basis liggen verder te ontwikkelen:<br>- <strong>De waardigheid van het individu<\/strong> - Om als mens te bestaan en als een individu in zijn of haar eigen recht beschouwd te worden;<br>- <strong>Respect<\/strong> - Elkaar, bewoners, familie en verzorgers erkennen en respecteren;<br>- <strong>Burgerschap<\/strong> - Bescherming van de fundamentele mensenrechten: eerlijkheid, solidariteit en broederschap ;<br>- <strong>Verantwoordelijkheid<\/strong> - Het recht om te kiezen behouden, waardoor voorrechten behouden kunnen blijven terwijl men zijn plichten op zich neemt.<\/p>\n\n\n\n<h2 class=\"wp-block-heading\">Onze missies<\/h2>\n\n\n\n<p>- <strong>Zorgen voor<\/strong>Om het fysieke welzijn van de persoon te garanderen, oplettend te zijn en hun bescherming en veiligheid te garanderen;<br>- <strong>Behoud van fysieke en intellectuele capaciteit<\/strong>Het doel is om de onafhankelijkheid zo lang mogelijk te behouden en de afhankelijkheid in te halen;<br>- <strong>Ondersteuning en informatie<\/strong>persoonlijke ondersteuning aan te passen aan de behoeften van de<br>persoon ;<br>- <strong>Welkom<\/strong>Een vriendelijk en respectvol welkom voor iedereen;<br>- <strong>Wonen<\/strong>Het doel is om een aangename plek te cre\u00ebren om te wonen, waar de smaak, wensen en verlangens van mensen worden gerespecteerd.<\/p>\n\n\n\n<h2 class=\"wp-block-heading\">Diensten<\/h2>\n\n\n\n<p>Diensten verschillen aanzienlijk per instelling. EHPAD's moeten hun bewoners echter voorzien van de minimale diensten die door de wet gedefinieerd zijn:<\/p>\n\n\n\n<ul class=\"wp-block-list\">\n<li>Administratieve diensten<\/li>\n\n\n\n<li>Hoteldiensten: terbeschikkingstelling van een kamer met toegang tot badkamer en toilet; onderhoud en schoonmaak van kamers, tijdens en aan het einde van het verblijf; onderhoud en schoonmaak van gemeenschappelijke ruimten en lokalen; onderhoud van gebouwen, technische installaties en groene ruimten; terbeschikkingstelling van aansluitingen voor televisie en telefoon; internettoegang binnen het etablissement.<\/li>\n\n\n\n<li>Cateringdiensten: Toegang tot een cateringservice; verzorging van drie maaltijden, een snack en een avondsnack.<\/li>\n\n\n\n<li>Wasserijdiensten: Levering, installatie, vernieuwing en onderhoud van flat- en badlinnen<\/li>\n\n\n\n<li>Sociale activiteiten: Toegang tot groepsevenementen en activiteiten die binnen de vestiging worden georganiseerd Organisatie van externe activiteiten<\/li>\n<\/ul>\n\n\n\n<p>Het etablissement kan ook andere diensten aanbieden: verzorging van het persoonlijke linnengoed van de bewoner, kappersdiensten, enz.<\/p>\n\n\n\n<h2 class=\"wp-block-heading\">Contacten<\/h2>\n\n\n\n<div class=\"wp-block-group is-nowrap is-layout-flex wp-container-core-group-is-layout-6c531013 wp-block-group-is-layout-flex\">\n<p><a href=\"callto:04 67 11 19 00\">04 67 11 19 00<\/a><\/p>\n\n\n\n<p><a href=\"mailto:ehpad@villeneuve-les-beziers.fr\">ehpad@villeneuve-les-beziers.fr<\/a><\/p>\n<\/div>\n\n\n\n<h2 class=\"wp-block-heading\">Adres<\/h2>\n\n\n\n<p>1 Rue Louis Dard\u00e9<br>34420 Villeneuve-l\u00e8s-B\u00e9ziers<\/p>\n\n\n\n<center><iframe src=\"https:\/\/www.google.com\/maps\/embed?pb=!1m14!1m8!1m3!1d7749.736234525511!2d3.273014693485566!3d43.31695727486491!3m2!1i1024!2i768!4f13.1!3m3!1m2!1s0x12b1104a002ddb21%3A0x390359c96f73f2b7!2sFoyer%20R%C3%A9sidence%20Les%20Jardins%20du%20Canalet!5e0!3m2!1sfr!2sus!4v1732363717995!5m2!1sfr!2sus\" width=\"100%\" height=\"450\" style=\"border:0;\" allowfullscreen=\"\" loading=\"lazy\" referrerpolicy=\"no-referrer-when-downgrade\"><\/iframe><\/center>","protected":false},"excerpt":{"rendered":"<p>Pr\u00e9sentation de L&rsquo;EHPAD L\u2019EHPAD \u00ab Les Jardins du Canalet \u00bb est un \u00e9tablissement public territorial, accueillant 46 r\u00e9sidents \u00e2g\u00e9s d\u00e9pendants de plus de 60ans, g\u00e9r\u00e9 par un conseil d\u2019administration, dont le maire est pr\u00e9sident, et un directeur. L\u2019\u00e9tablissement rel\u00e8ve de la loi n\u00b0 2002-2 du 2 janvier 2002 r\u00e9novant l\u2019action sociale et m\u00e9dico-sociale et de [&hellip;]<\/p>\n","protected":false},"author":1,"featured_media":2213,"parent":501,"menu_order":0,"comment_status":"closed","ping_status":"closed","template":"","meta":{"footnotes":""},"class_list":["post-209","page","type-page","status-publish","has-post-thumbnail","hentry"],"_links":{"self":[{"href":"https:\/\/www.villeneuve-les-beziers.fr\/nl\/wp-json\/wp\/v2\/pages\/209","targetHints":{"allow":["GET"]}}],"collection":[{"href":"https:\/\/www.villeneuve-les-beziers.fr\/nl\/wp-json\/wp\/v2\/pages"}],"about":[{"href":"https:\/\/www.villeneuve-les-beziers.fr\/nl\/wp-json\/wp\/v2\/types\/page"}],"author":[{"embeddable":true,"href":"https:\/\/www.villeneuve-les-beziers.fr\/nl\/wp-json\/wp\/v2\/users\/1"}],"replies":[{"embeddable":true,"href":"https:\/\/www.villeneuve-les-beziers.fr\/nl\/wp-json\/wp\/v2\/comments?post=209"}],"version-history":[{"count":1,"href":"https:\/\/www.villeneuve-les-beziers.fr\/nl\/wp-json\/wp\/v2\/pages\/209\/revisions"}],"predecessor-version":[{"id":19424,"href":"https:\/\/www.villeneuve-les-beziers.fr\/nl\/wp-json\/wp\/v2\/pages\/209\/revisions\/19424"}],"up":[{"embeddable":true,"href":"https:\/\/www.villeneuve-les-beziers.fr\/nl\/wp-json\/wp\/v2\/pages\/501"}],"wp:featuredmedia":[{"embeddable":true,"href":"https:\/\/www.villeneuve-les-beziers.fr\/nl\/wp-json\/wp\/v2\/media\/2213"}],"wp:attachment":[{"href":"https:\/\/www.villeneuve-les-beziers.fr\/nl\/wp-json\/wp\/v2\/media?parent=209"}],"curies":[{"name":"wp","href":"https:\/\/api.w.org\/{rel}","templated":true}]}}

<h2 class="wp-block-heading">Presentatie van EHPAD</h2>



<p>EHPAD "Les Jardins du Canalet" is een lokale openbare instelling, met 46 afhankelijke bewoners ouder dan 60 jaar, bestuurd door een raad van bestuur, voorgezeten door de burgemeester, en een directeur. De instelling valt onder de wet nr. 2002-2 van 2 januari 2002 tot hervorming van de sociale en medisch-sociale actie en artikel L312-1 al.6 van het wetboek sociale actie en gezin. De instelling werd goedgekeurd bij decreet op 04/01/2017, en ondertekende haar eerste tripartiete overeenkomst in 2010. De instelling mag mensen opvangen die sociale bijstand ontvangen.</p>



<p>Het etablissement streeft ernaar om de continuïteit van uw levensstijl zoveel mogelijk te behouden en de waarden die aan de basis liggen verder te ontwikkelen:<br>- <strong>De waardigheid van het individu</strong> - Om als mens te bestaan en als een individu in zijn of haar eigen recht beschouwd te worden;<br>- <strong>Respect</strong> - Elkaar, bewoners, familie en verzorgers erkennen en respecteren;<br>- <strong>Burgerschap</strong> - Bescherming van de fundamentele mensenrechten: eerlijkheid, solidariteit en broederschap ;<br>- <strong>Verantwoordelijkheid</strong> - Het recht om te kiezen behouden, waardoor voorrechten behouden kunnen blijven terwijl men zijn plichten op zich neemt.</p>



<h2 class="wp-block-heading">Onze missies</h2>



<p>- <strong>Zorgen voor</strong>Om het fysieke welzijn van de persoon te garanderen, oplettend te zijn en hun bescherming en veiligheid te garanderen;<br>- <strong>Behoud van fysieke en intellectuele capaciteit</strong>Het doel is om de onafhankelijkheid zo lang mogelijk te behouden en de afhankelijkheid in te halen;<br>- <strong>Ondersteuning en informatie</strong>persoonlijke ondersteuning aan te passen aan de behoeften van de<br>persoon ;<br>- <strong>Welkom</strong>Een vriendelijk en respectvol welkom voor iedereen;<br>- <strong>Wonen</strong>Het doel is om een aangename plek te creëren om te wonen, waar de smaak, wensen en verlangens van mensen worden gerespecteerd.</p>



<h2 class="wp-block-heading">Diensten</h2>



<p>Diensten verschillen aanzienlijk per instelling. EHPAD's moeten hun bewoners echter voorzien van de minimale diensten die door de wet gedefinieerd zijn:</p>



<ul class="wp-block-list">
<li>Administratieve diensten</li>



<li>Hoteldiensten: terbeschikkingstelling van een kamer met toegang tot badkamer en toilet; onderhoud en schoonmaak van kamers, tijdens en aan het einde van het verblijf; onderhoud en schoonmaak van gemeenschappelijke ruimten en lokalen; onderhoud van gebouwen, technische installaties en groene ruimten; terbeschikkingstelling van aansluitingen voor televisie en telefoon; internettoegang binnen het etablissement.</li>



<li>Cateringdiensten: Toegang tot een cateringservice; verzorging van drie maaltijden, een snack en een avondsnack.</li>



<li>Wasserijdiensten: Levering, installatie, vernieuwing en onderhoud van flat- en badlinnen</li>



<li>Sociale activiteiten: Toegang tot groepsevenementen en activiteiten die binnen de vestiging worden georganiseerd Organisatie van externe activiteiten</li>
</ul>



<p>Het etablissement kan ook andere diensten aanbieden: verzorging van het persoonlijke linnengoed van de bewoner, kappersdiensten, enz.</p>



<h2 class="wp-block-heading">Contacten</h2>



<div class="wp-block-group is-nowrap is-layout-flex wp-container-core-group-is-layout-6c531013 wp-block-group-is-layout-flex">
<p><a href="callto:04 67 11 19 00">04 67 11 19 00</a></p>



<p><a href="mailto:ehpad@villeneuve-les-beziers.fr">ehpad@villeneuve-les-beziers.fr</a></p>
</div>



<h2 class="wp-block-heading">Adres</h2>



<p>1 Rue Louis Dardé<br>34420 Villeneuve-lès-Béziers</p>



<center><iframe src="https://www.google.com/maps/embed?pb=!1m14!1m8!1m3!1d7749.736234525511!2d3.273014693485566!3d43.31695727486491!3m2!1i1024!2i768!4f13.1!3m3!1m2!1s0x12b1104a002ddb21%3A0x390359c96f73f2b7!2sFoyer%20R%C3%A9sidence%20Les%20Jardins%20du%20Canalet!5e0!3m2!1sfr!2sus!4v1732363717995!5m2!1sfr!2sus" width="100%" height="450" style="border:0;" allowfullscreen="" loading="lazy" referrerpolicy="no-referrer-when-downgrade"></iframe></center>

<p>Présentation de L&rsquo;EHPAD L’EHPAD « Les Jardins du Canalet » est un établissement public territorial, accueillant 46 résidents âgés dépendants de plus de 60ans, géré par un conseil d’administration, dont le maire est président, et un directeur. L’établissement relève de la loi n° 2002-2 du 2 janvier 2002 rénovant l’action sociale et médico-sociale et de [&hellip;]</p>
