{"id":6501,"date":"2022-01-31T10:45:20","date_gmt":"2022-01-31T09:45:20","guid":{"rendered":"http:\/\/www.villeneuve-les-beziers.fr\/?page_id=6501"},"modified":"2025-09-02T10:10:01","modified_gmt":"2025-09-02T08:10:01","slug":"formulier-voor-lichtreclames","status":"publish","type":"page","link":"https:\/\/www.villeneuve-les-beziers.fr\/nl\/demarches\/formulaire-pour-les-panneaux-lumineux\/","title":{"rendered":"Formulier voor lichtreclames"},"content":{"rendered":"<p>De Commune heeft 3 LED-lichtpanelen, die gebruikt kunnen worden om informatie van algemeen belang over het leven in de Commune uit te zenden of om evenementen te promoten die door de stad of door plaatselijke verenigingen worden georganiseerd.<\/p>\n\n\n\n<p>Deze panelen, geplaatst <strong>rue du 4 septembre, avenue Pierre B\u00e9r\u00e9govoy (P\u00f4le M\u00e9diterran\u00e9e) en avenue Andr\u00e9 Palmade (Taureau rotonde)<\/strong>Deze zijn eigendom van de stad, die de berichten opneemt en de weergave beheert. Er zijn geen kosten verbonden aan het plaatsen van informatie op de lichtreclames.<\/p>\n\n\n\n<p>De gemeentelijke diensten en verenigingen van Villeneuve zijn betrokken bij deze panelen en kunnen voorstellen voor berichten indienen door middel van een papieren formulier dat verkrijgbaar is bij de receptie van het gemeentehuis of op de website van de gemeente.<\/p>\n\n\n\n<p>Verzoeken voor uitzendingen moeten het gemeentehuis ten minste twee weken voor de gewenste datum bereiken. Het bericht wordt minstens 8 dagen voor het evenement geplaatst. Daarna wordt het automatisch verwijderd.<\/p>\n\n\n\n<p><strong>Het volgende is uitgesloten van het distributiekader:<\/strong><\/p>\n\n\n\n<ul class=\"wp-block-list\">\n<li>priv\u00e9berichten,<\/li>\n\n\n\n<li>berichten van puur commerci\u00eble aard,<\/li>\n\n\n\n<li>berichten die niet van duidelijk gemeenschappelijk belang zijn,<\/li>\n\n\n\n<li>informatie van politieke of religieuze aard, enz.<\/li>\n<\/ul>\n\n\n\n<div data-wp-interactive=\"core\/file\" class=\"wp-block-file\"><object data-wp-bind--hidden=\"!state.hasPdfPreview\" hidden class=\"wp-block-file__embed\" data=\"https:\/\/www.villeneuve-les-beziers.fr\/wp-content\/uploads\/2025\/01\/panneaux-lumineux-2023.pdf\" type=\"application\/pdf\" style=\"width:100%;height:600px\" aria-label=\"Insluiting van verlichte panelen 2023.\"><\/object><a id=\"wp-block-file--media-b974ea94-730d-47c8-8712-f875f42f5cef\" href=\"https:\/\/www.villeneuve-les-beziers.fr\/wp-content\/uploads\/2025\/01\/panneaux-lumineux-2023.pdf\">lichtreclames 2023<\/a><a href=\"https:\/\/www.villeneuve-les-beziers.fr\/wp-content\/uploads\/2025\/01\/panneaux-lumineux-2023.pdf\" class=\"wp-block-file__button wp-element-button\" download aria-describedby=\"wp-block-file--media-b974ea94-730d-47c8-8712-f875f42f5cef\">Downloaden<\/a><\/div>","protected":false},"excerpt":{"rendered":"<p>La Commune est dot\u00e9e de 3 &nbsp;panneaux lumineux LED, permettant de diffuser des messages d\u2019informations d\u2019int\u00e9r\u00eat g\u00e9n\u00e9ral li\u00e9es \u00e0 la vie de la commune ou de la promotion de manifestations organis\u00e9es par la ville ou par les associations de la commune. Ces panneaux, situ\u00e9s rue du 4 septembre, avenue Pierre B\u00e9r\u00e9govoy (P\u00f4le M\u00e9diterran\u00e9e) et avenue [&hellip;]<\/p>\n","protected":false},"author":1,"featured_media":16901,"parent":853,"menu_order":0,"comment_status":"closed","ping_status":"closed","template":"","meta":{"footnotes":""},"class_list":["post-6501","page","type-page","status-publish","has-post-thumbnail","hentry"],"_links":{"self":[{"href":"https:\/\/www.villeneuve-les-beziers.fr\/nl\/wp-json\/wp\/v2\/pages\/6501","targetHints":{"allow":["GET"]}}],"collection":[{"href":"https:\/\/www.villeneuve-les-beziers.fr\/nl\/wp-json\/wp\/v2\/pages"}],"about":[{"href":"https:\/\/www.villeneuve-les-beziers.fr\/nl\/wp-json\/wp\/v2\/types\/page"}],"author":[{"embeddable":true,"href":"https:\/\/www.villeneuve-les-beziers.fr\/nl\/wp-json\/wp\/v2\/users\/1"}],"replies":[{"embeddable":true,"href":"https:\/\/www.villeneuve-les-beziers.fr\/nl\/wp-json\/wp\/v2\/comments?post=6501"}],"version-history":[{"count":3,"href":"https:\/\/www.villeneuve-les-beziers.fr\/nl\/wp-json\/wp\/v2\/pages\/6501\/revisions"}],"predecessor-version":[{"id":20337,"href":"https:\/\/www.villeneuve-les-beziers.fr\/nl\/wp-json\/wp\/v2\/pages\/6501\/revisions\/20337"}],"up":[{"embeddable":true,"href":"https:\/\/www.villeneuve-les-beziers.fr\/nl\/wp-json\/wp\/v2\/pages\/853"}],"wp:featuredmedia":[{"embeddable":true,"href":"https:\/\/www.villeneuve-les-beziers.fr\/nl\/wp-json\/wp\/v2\/media\/16901"}],"wp:attachment":[{"href":"https:\/\/www.villeneuve-les-beziers.fr\/nl\/wp-json\/wp\/v2\/media?parent=6501"}],"curies":[{"name":"wp","href":"https:\/\/api.w.org\/{rel}","templated":true}]}}

<p>De Commune heeft 3 LED-lichtpanelen, die gebruikt kunnen worden om informatie van algemeen belang over het leven in de Commune uit te zenden of om evenementen te promoten die door de stad of door plaatselijke verenigingen worden georganiseerd.</p>



<p>Deze panelen, geplaatst <strong>rue du 4 septembre, avenue Pierre Bérégovoy (Pôle Méditerranée) en avenue André Palmade (Taureau rotonde)</strong>Deze zijn eigendom van de stad, die de berichten opneemt en de weergave beheert. Er zijn geen kosten verbonden aan het plaatsen van informatie op de lichtreclames.</p>



<p>De gemeentelijke diensten en verenigingen van Villeneuve zijn betrokken bij deze panelen en kunnen voorstellen voor berichten indienen door middel van een papieren formulier dat verkrijgbaar is bij de receptie van het gemeentehuis of op de website van de gemeente.</p>



<p>Verzoeken voor uitzendingen moeten het gemeentehuis ten minste twee weken voor de gewenste datum bereiken. Het bericht wordt minstens 8 dagen voor het evenement geplaatst. Daarna wordt het automatisch verwijderd.</p>



<p><strong>Het volgende is uitgesloten van het distributiekader:</strong></p>



<ul class="wp-block-list">
<li>privéberichten,</li>



<li>berichten van puur commerciële aard,</li>



<li>berichten die niet van duidelijk gemeenschappelijk belang zijn,</li>



<li>informatie van politieke of religieuze aard, enz.</li>
</ul>



<div data-wp-interactive="core/file" class="wp-block-file"><object data-wp-bind--hidden="!state.hasPdfPreview" hidden class="wp-block-file__embed" data="https://www.villeneuve-les-beziers.fr/wp-content/uploads/2025/01/panneaux-lumineux-2023.pdf" type="application/pdf" style="width:100%;height:600px" aria-label="Insluiting van verlichte panelen 2023."></object><a id="wp-block-file--media-b974ea94-730d-47c8-8712-f875f42f5cef" href="https://www.villeneuve-les-beziers.fr/wp-content/uploads/2025/01/panneaux-lumineux-2023.pdf">lichtreclames 2023</a><a href="https://www.villeneuve-les-beziers.fr/wp-content/uploads/2025/01/panneaux-lumineux-2023.pdf" class="wp-block-file__button wp-element-button" download aria-describedby="wp-block-file--media-b974ea94-730d-47c8-8712-f875f42f5cef">Downloaden</a></div>

<p>La Commune est dotée de 3 &nbsp;panneaux lumineux LED, permettant de diffuser des messages d’informations d’intérêt général liées à la vie de la commune ou de la promotion de manifestations organisées par la ville ou par les associations de la commune. Ces panneaux, situés rue du 4 septembre, avenue Pierre Bérégovoy (Pôle Méditerranée) et avenue [&hellip;]</p>
